-- https://www.phpmyadmin.net/
--
-- Versão do servidor: 5.7.26
-- versão do PHP: 5.6.40

START TRANSACTION;



--
-- Database: `est`
--

-- --------------------------------------------------------

--
-- Estrutura da tabela `acesso`
--

CREATE TABLE IF NOT EXISTS `acesso` (
  `id` int(11) NOT NULL AUTO_INCREMENT,
  `prof_id` int(11) NOT NULL,
  `menu_id` int(11) NOT NULL,
  `data_inicio` int(11) NOT NULL,
  `data_fim` int(11) NOT NULL,
  `obs` int(11) NOT NULL,
  PRIMARY KEY (`id`)
) ENGINE=MyISAM AUTO_INCREMENT=1785 DEFAULT CHARSET=latin1;

--
-- Extraindo dados da tabela `acesso`
--

INSERT INTO `acesso` (`id`, `prof_id`, `menu_id`, `data_inicio`, `data_fim`, `obs`) VALUES
(1762, 1, 24, 0, 0, 0),
(1761, 1, 23, 0, 0, 0),
(1760, 1, 9, 0, 0, 0),
(1759, 1, 26, 0, 0, 0),
(1758, 1, 21, 0, 0, 0),
(1757, 1, 20, 0, 0, 0),
(1756, 1, 14, 0, 0, 0),
(1755, 1, 22, 0, 0, 0),
(1754, 1, 15, 0, 0, 0),
(1753, 1, 12, 0, 0, 0),
(1752, 1, 11, 0, 0, 0),
(1751, 1, 13, 0, 0, 0),
(1750, 1, 25, 0, 0, 0),
(1749, 1, 27, 0, 0, 0),
(1748, 1, 5, 0, 0, 0),
(1747, 1, 1, 0, 0, 0),
(1746, 1, 28, 0, 0, 0),
(1745, 1, 10, 0, 0, 0),
(1744, 1, 4, 0, 0, 0),
(1743, 1, 2, 0, 0, 0),
(1742, 1, 6, 0, 0, 0),
(1741, 1, 18, 0, 0, 0),
(1740, 1, 17, 0, 0, 0),
(1739, 1, 16, 0, 0, 0),
(1113, 101, 9, 0, 0, 0),
(1112, 101, 26, 0, 0, 0),
(1111, 101, 21, 0, 0, 0),
(1110, 101, 20, 0, 0, 0),
(1109, 101, 14, 0, 0, 0),
(1108, 101, 22, 0, 0, 0),
(1107, 101, 15, 0, 0, 0),
(1106, 101, 12, 0, 0, 0),
(1105, 101, 11, 0, 0, 0),
(1104, 101, 13, 0, 0, 0),
(1103, 101, 27, 0, 0, 0),
(1102, 101, 25, 0, 0, 0),
(1101, 101, 5, 0, 0, 0),
(1100, 101, 1, 0, 0, 0),
(1099, 101, 10, 0, 0, 0),
(1098, 101, 4, 0, 0, 0),
(1097, 101, 2, 0, 0, 0),
(1096, 101, 6, 0, 0, 0),
(1095, 101, 18, 0, 0, 0),
(1094, 101, 17, 0, 0, 0),
(1093, 101, 16, 0, 0, 0),
(1092, 101, 7, 0, 0, 0),
(1091, 101, 3, 0, 0, 0),
(1090, 101, 19, 0, 0, 0),
(1599, 89, 23, 0, 0, 0),
(1782, 69, 14, 0, 0, 0),
(1781, 69, 22, 0, 0, 0),
(1780, 69, 12, 0, 0, 0),
(1779, 69, 11, 0, 0, 0),
(1778, 69, 13, 0, 0, 0),
(1777, 69, 25, 0, 0, 0),
(1776, 69, 28, 0, 0, 0),
(1775, 69, 2, 0, 0, 0),
(1598, 89, 9, 0, 0, 0),
(1597, 89, 26, 0, 0, 0),
(1596, 89, 21, 0, 0, 0),
(1595, 89, 20, 0, 0, 0),
(1594, 89, 14, 0, 0, 0),
(1593, 89, 22, 0, 0, 0),
(1592, 89, 15, 0, 0, 0),
(1591, 89, 12, 0, 0, 0),
(1590, 89, 11, 0, 0, 0),
(1589, 89, 13, 0, 0, 0),
(188, 70, 25, 0, 0, 0),
(189, 70, 13, 0, 0, 0),
(190, 70, 11, 0, 0, 0),
(191, 70, 12, 0, 0, 0),
(192, 70, 22, 0, 0, 0),
(193, 70, 14, 0, 0, 0),
(194, 70, 20, 0, 0, 0),
(195, 70, 21, 0, 0, 0),
(1651, 16, 24, 0, 0, 0),
(1650, 16, 23, 0, 0, 0),
(1649, 16, 9, 0, 0, 0),
(1648, 16, 26, 0, 0, 0),
(1647, 16, 12, 0, 0, 0),
(1646, 16, 11, 0, 0, 0),
(1645, 16, 13, 0, 0, 0),
(1644, 16, 25, 0, 0, 0),
(1643, 16, 27, 0, 0, 0),
(1642, 16, 5, 0, 0, 0),
(1641, 16, 1, 0, 0, 0),
(1640, 16, 28, 0, 0, 0),
(1639, 16, 10, 0, 0, 0),
(1638, 16, 4, 0, 0, 0),
(1547, 2, 24, 0, 0, 0),
(1546, 2, 23, 0, 0, 0),
(1545, 2, 9, 0, 0, 0),
(1544, 2, 26, 0, 0, 0),
(1543, 2, 21, 0, 0, 0),
(1542, 2, 20, 0, 0, 0),
(1541, 2, 14, 0, 0, 0),
(1540, 2, 22, 0, 0, 0),
(1539, 2, 15, 0, 0, 0),
(1738, 1, 7, 0, 0, 0),
(1451, 118, 13, 0, 0, 0),
(1450, 118, 25, 0, 0, 0),
(1449, 118, 10, 0, 0, 0),
(1448, 118, 2, 0, 0, 0),
(1447, 118, 6, 0, 0, 0),
(1446, 118, 7, 0, 0, 0),
(1089, 101, 8, 0, 0, 0),
(1445, 63, 23, 0, 0, 0),
(1637, 16, 2, 0, 0, 0),
(1733, 34, 20, 0, 0, 0),
(1732, 34, 14, 0, 0, 0),
(1731, 34, 22, 0, 0, 0),
(1730, 34, 15, 0, 0, 0),
(1566, 23, 12, 0, 0, 0),
(1565, 23, 11, 0, 0, 0),
(1564, 23, 13, 0, 0, 0),
(1563, 23, 25, 0, 0, 0),
(1562, 23, 27, 0, 0, 0),
(1561, 23, 5, 0, 0, 0),
(1560, 23, 1, 0, 0, 0),
(1559, 23, 28, 0, 0, 0),
(1558, 23, 10, 0, 0, 0),
(1557, 23, 4, 0, 0, 0),
(1556, 23, 2, 0, 0, 0),
(1555, 23, 6, 0, 0, 0),
(1554, 23, 18, 0, 0, 0),
(1553, 23, 17, 0, 0, 0),
(1552, 23, 16, 0, 0, 0),
(1551, 23, 7, 0, 0, 0),
(1550, 23, 3, 0, 0, 0),
(1774, 69, 6, 0, 0, 0),
(1588, 89, 25, 0, 0, 0),
(1587, 89, 1, 0, 0, 0),
(1586, 89, 28, 0, 0, 0),
(1585, 89, 10, 0, 0, 0),
(1584, 89, 4, 0, 0, 0),
(1583, 89, 2, 0, 0, 0),
(1582, 89, 6, 0, 0, 0),
(1581, 89, 18, 0, 0, 0),
(1580, 89, 17, 0, 0, 0),
(1579, 89, 16, 0, 0, 0),
(1578, 89, 7, 0, 0, 0),
(1577, 89, 3, 0, 0, 0),
(1576, 89, 19, 0, 0, 0),
(1636, 16, 6, 0, 0, 0),
(1635, 16, 18, 0, 0, 0),
(1538, 2, 12, 0, 0, 0),
(1737, 1, 3, 0, 0, 0),
(1736, 1, 19, 0, 0, 0),
(1537, 2, 11, 0, 0, 0),
(1115, 101, 24, 0, 0, 0),
(1114, 101, 23, 0, 0, 0),
(1574, 23, 23, 0, 0, 0),
(1573, 23, 9, 0, 0, 0),
(1549, 23, 19, 0, 0, 0),
(1735, 1, 8, 0, 0, 0),
(1536, 2, 13, 0, 0, 0),
(1535, 2, 25, 0, 0, 0),
(1534, 2, 27, 0, 0, 0),
(1533, 2, 5, 0, 0, 0),
(1532, 2, 1, 0, 0, 0),
(1455, 118, 14, 0, 0, 0),
(1454, 118, 22, 0, 0, 0),
(1453, 118, 12, 0, 0, 0),
(1402, 101, 28, 0, 0, 0),
(1575, 89, 8, 0, 0, 0),
(1400, 70, 28, 0, 0, 0),
(1572, 23, 26, 0, 0, 0),
(1571, 23, 21, 0, 0, 0),
(1570, 23, 20, 0, 0, 0),
(1569, 23, 14, 0, 0, 0),
(1568, 23, 22, 0, 0, 0),
(1444, 63, 9, 0, 0, 0),
(1443, 63, 26, 0, 0, 0),
(1442, 63, 21, 0, 0, 0),
(1441, 63, 20, 0, 0, 0),
(1440, 63, 14, 0, 0, 0),
(1439, 63, 22, 0, 0, 0),
(1438, 63, 12, 0, 0, 0),
(1437, 63, 11, 0, 0, 0),
(1436, 63, 13, 0, 0, 0),
(1435, 63, 25, 0, 0, 0),
(1434, 63, 27, 0, 0, 0),
(1433, 63, 5, 0, 0, 0),
(1432, 63, 1, 0, 0, 0),
(1431, 63, 28, 0, 0, 0),
(1430, 63, 2, 0, 0, 0),
(1429, 63, 6, 0, 0, 0),
(1428, 63, 17, 0, 0, 0),
(1427, 63, 7, 0, 0, 0),
(1426, 63, 3, 0, 0, 0),
(1773, 69, 7, 0, 0, 0),
(1425, 63, 8, 0, 0, 0),
(1567, 23, 15, 0, 0, 0),
(1548, 23, 8, 0, 0, 0),
(1531, 2, 28, 0, 0, 0),
(1530, 2, 10, 0, 0, 0),
(1529, 2, 4, 0, 0, 0),
(1634, 16, 17, 0, 0, 0),
(1452, 118, 11, 0, 0, 0),
(1528, 2, 2, 0, 0, 0),
(1527, 2, 6, 0, 0, 0),
(1526, 2, 18, 0, 0, 0),
(1525, 2, 17, 0, 0, 0),
(1524, 2, 16, 0, 0, 0),
(1523, 2, 7, 0, 0, 0),
(1522, 2, 3, 0, 0, 0),
(1521, 2, 19, 0, 0, 0),
(1520, 2, 8, 0, 0, 0),
(1729, 34, 12, 0, 0, 0),
(1728, 34, 11, 0, 0, 0),
(1727, 34, 13, 0, 0, 0),
(1726, 34, 25, 0, 0, 0),
(1633, 16, 16, 0, 0, 0),
(1632, 16, 7, 0, 0, 0),
(1631, 16, 3, 0, 0, 0),
(1630, 16, 19, 0, 0, 0),
(1629, 16, 8, 0, 0, 0),
(1725, 34, 27, 0, 0, 0),
(1724, 34, 1, 0, 0, 0),
(1723, 34, 28, 0, 0, 0),
(1722, 34, 10, 0, 0, 0),
(1721, 34, 4, 0, 0, 0),
(1720, 34, 2, 0, 0, 0),
(1719, 34, 6, 0, 0, 0),
(1718, 34, 18, 0, 0, 0),
(1717, 34, 17, 0, 0, 0),
(1716, 34, 16, 0, 0, 0),
(1715, 34, 7, 0, 0, 0),
(1714, 34, 3, 0, 0, 0),
(1713, 34, 19, 0, 0, 0),
(1712, 34, 8, 0, 0, 0),
(1734, 34, 21, 0, 0, 0),
(1783, 69, 20, 0, 0, 0),
(1784, 69, 21, 0, 0, 0);

-- --------------------------------------------------------

--
-- Estrutura da tabela `ano_lectivo`
--

CREATE TABLE IF NOT EXISTS `ano_lectivo` (
  `id` int(11) NOT NULL AUTO_INCREMENT,
  `descricao` varchar(100) NOT NULL,
  `estado_p` int(1) NOT NULL,
  `estado_a` int(11) NOT NULL,
  PRIMARY KEY (`id`)
) ENGINE=MyISAM AUTO_INCREMENT=18 DEFAULT CHARSET=latin1;

--
-- Extraindo dados da tabela `ano_lectivo`
--

INSERT INTO `ano_lectivo` (`id`, `descricao`, `estado_p`, `estado_a`) VALUES
(1, '2010/11', 0, 0),
(2, '2011/12', 0, 0),
(3, '2012/13', 0, 0),
(4, '2013/14', 0, 0),
(5, '2014/15', 0, 1),
(6, '2015/16', 0, 0),
(7, '2016/17', 0, 0),
(8, '2017/18', 1, 0),
(9, '2018/19', 0, 0),
(10, '2019/20', 0, 0),
(11, '2020/21', 0, 0),
(0, '...', 0, 0);

-- --------------------------------------------------------

--
-- Estrutura da tabela `area`
--

CREATE TABLE IF NOT EXISTS `area` (
  `id` int(11) NOT NULL AUTO_INCREMENT,
  `descricao` varchar(100) NOT NULL,
  `abrv` varchar(10) NOT NULL,
  `tipo_id` int(11) NOT NULL,
  `duracao` int(11) NOT NULL,
  PRIMARY KEY (`id`)
) ENGINE=MyISAM AUTO_INCREMENT=9 DEFAULT CHARSET=latin1;

--
-- Extraindo dados da tabela `area`
--

INSERT INTO `area` (`id`, `descricao`, `abrv`, `tipo_id`, `duracao`) VALUES
(1, 'Científico Tecnológico', 'CT', 0, 0),
(2, 'Económico Social', 'ES', 0, 0),
(3, 'Humanística', 'H', 0, 0),
(0, '', '', 0, 0);

-- --------------------------------------------------------

--
-- Estrutura da tabela `ciclo`
--

CREATE TABLE IF NOT EXISTS `ciclo` (
  `id` int(11) NOT NULL AUTO_INCREMENT,
  `descricao` varchar(100) NOT NULL,
  PRIMARY KEY (`id`)
) ENGINE=MyISAM AUTO_INCREMENT=8 DEFAULT CHARSET=latin1;

--
-- Extraindo dados da tabela `ciclo`
--

INSERT INTO `ciclo` (`id`, `descricao`) VALUES
(0, '...'),
(1, '1º Ciclo'),
(2, '2º Ciclo'),
(3, '3º Ciclo'),
(-1, '5º e 6º');

-- --------------------------------------------------------

--
-- Estrutura da tabela `disciplina`
--

CREATE TABLE IF NOT EXISTS `disciplina` (
  `id` int(11) NOT NULL AUTO_INCREMENT,
  `descricao` varchar(100) NOT NULL,
  `abrv` varchar(20) NOT NULL,
  `quot` varchar(5) NOT NULL,
  `desc_simples` varchar(50) NOT NULL,
  PRIMARY KEY (`id`)
) ENGINE=MyISAM AUTO_INCREMENT=10003 DEFAULT CHARSET=latin1;

--
-- Extraindo dados da tabela `disciplina`
--

INSERT INTO `disciplina` (`id`, `descricao`, `abrv`, `quot`, `desc_simples`) VALUES
(0, '...', '0', '0', '0'),
(1, 'Português', 'PT', '', 'Português'),
(2, 'Inglês', 'Ing', '', 'Inglês'),
(3, 'Francês', 'Fran', '', 'Francês'),
(4, 'Desenvolvimento Económico Social', 'D.E.S.', '', 'D. E. Social'),
(5, 'Estudos Cientí­ficos', 'EC', '', 'Est. Cientí­f.'),
(6, 'Psicologia', 'PSIC', '', 'Psicologia'),
(7, 'Direito', 'DIR', '', 'Direito'),
(8, 'Geografia', 'GEO', '', 'Geografia'),
(11, 'Sociologia', 'SOC', '', 'Sociologia'),
(12, 'Educação Visual Tecnológico', 'EVT', '', 'E. V. Tecnol.'),
(13, 'Mundo Contemporâneo', 'MC', '', 'Mundo Cont.'),
(14, 'Introdução Ã  Actividade Económica', 'IAE', '', 'Intr. A. Econ.'),
(15, 'Quí­mica', 'QUI', '', 'Quí­mica'),
(16, 'Biologia', 'BIO', '', 'Biologia'),
(17, 'Geometria Descritiva', 'GEO', '', 'Geometria'),
(18, 'Utilização de Computador', 'UTC', '', 'Utiliz.Comp.'),
(19, 'Homem e Ambiente', 'HA', '', 'H. Ambiente'),
(20, 'Desenho', 'DES', '', 'Desenho'),
(21, 'História', 'HIST', '', 'História'),
(22, 'Matemática', 'MAT', '', 'Matemática'),
(23, 'Ciências. Naturais', 'CN', '', 'C. Naturais'),
(24, 'Formação Pessoal e Social', 'FPS', '', 'F. P.  Social'),
(25, 'Cultura Caboverdiana', 'CCV', '', 'C. C. Verd.'),
(26, 'Educação Física', 'ED.FIS', '', 'Ed. Fí­sica'),
(27, 'Filosofia', 'FIL', '', 'Filosofia'),
(28, 'Educação Artística', 'ED.ART', '', 'Ed. Artística'),
(29, 'Fí­sica', 'FIS', '', 'Fí­sica'),
(30, 'Música', 'MUS', '', 'Música'),
(31, 'Expressão Plástica', 'EX. PLAS', '', 'Expr. Plástica'),
(32, 'Economia', 'ECON', '', 'Economia'),
(34, 'Português', 'PT', '', 'Português'),
(35, 'Literatura', 'Lit', '', 'Literatura'),
(36, 'Comunicação e Expressão', 'C.E.', '', 'Comun.e Expr.'),
(37, 'Inglês', 'Ing', '', 'Inglês'),
(38, 'Francês', 'FRA', '', 'Francês'),
(39, 'Inglês', 'Ing', '', 'Inglês'),
(40, 'Francês', 'FRA', '', 'Francês'),
(41, 'Quí­mica', 'Qui', '', 'Quí­mica'),
(42, 'História', 'Hist', '', 'História'),
(43, 'Matemática', 'MAT', '', 'Matemática'),
(44, 'Matemática', 'MAT', '', 'Matemática'),
(45, 'Educação Física', 'Ed. Fis', '', 'Ed. Física'),
(46, 'Educação Física', 'Ed. Fis', '', 'Ed. Física'),
(47, 'Física', 'Fis', '', 'Física'),
(48, 'Física', 'Fis', '', 'Física'),
(49, 'Formação Pessoal e Social', 'F.P.S.', '', 'F. P.  Social'),
(50, 'Física', 'FIS', '', 'Física'),
(51, 'Geografia', 'GEO', '', 'Geografia'),
(52, 'Português', 'PT', '', 'Português'),
(55, 'Geologia', 'Geol', '', 'Geologia'),
(56, 'Sociologia', 'Socio I', '', 'Sociologia'),
(57, 'Direito', 'DIR', '', 'Direito'),
(10001, 'Coordenação', 'Coord', '', 'Coordenação'),
(72, 'Área de Projecto', 'AP', '', 'A Projecto'),
(71, 'Tecnologias de Informação e Comunicação.', 'TIC', '', 'T. Inf. Com.'),
(70, 'Educação para Cidadania', 'EPC', '', 'Ed. Cidadan'),
(69, 'Educação Artística', 'Ed.A', '', 'Ed. Artística'),
(68, 'Física e Química', 'FQ', '', 'Fís. e Quím.'),
(67, 'Cièncias da Terra e da Vida', 'CTV', '', 'C. T Vida'),
(66, 'História e Geografia de Cabo Verde', 'HGCV', '', 'Hist. Geo. CV'),
(65, 'Geologia', 'Geol', '', 'Geologia'),
(75, 'Empreendedorismo', 'EMPRE', '', 'Empreend.'),
(76, 'Educação Visual e Plástica', 'EVP', '', 'E.V. Plástica'),
(77, 'Educação Musical e Dramática', 'EMD', '', 'E.M. Dramática');

-- --------------------------------------------------------

--
-- Estrutura da tabela `disc_ciclo`
--

CREATE TABLE IF NOT EXISTS `disc_ciclo` (
  `id` int(11) NOT NULL AUTO_INCREMENT,
  `disc_id` int(11) NOT NULL,
  `ciclo_id` int(11) NOT NULL,
  `nivel_id` int(11) NOT NULL,
  `anual` int(11) NOT NULL,
  `area_id` int(11) NOT NULL,
  `pgn` int(11) NOT NULL,
  `desbl` int(11) NOT NULL,
  `pauta` int(11) NOT NULL,
  `horario` int(11) NOT NULL,
  `ordem_horario` int(11) NOT NULL,
  `carga` int(11) NOT NULL,
  `plo` int(11) NOT NULL,
  `modulo` int(11) NOT NULL,
  `cp` int(11) NOT NULL,
  `qualitativa` int(11) NOT NULL,
  `especifico` int(11) NOT NULL,
  `reforma` int(11) NOT NULL,
  `reprovacao` int(11) NOT NULL,
  `grupo_disciplinar` int(11) NOT NULL,
  `pii` int(11) NOT NULL,
  `empreend` int(11) NOT NULL,
  `ed_fisica` int(11) NOT NULL,
  `regra_1` int(11) NOT NULL,
  `regra_2` int(11) NOT NULL,
  `regra_3` int(11) NOT NULL,
  `regra_4` int(11) NOT NULL,
  `regra_5` int(11) NOT NULL,
  `regra_6` int(11) NOT NULL,
  `regra_7` int(11) NOT NULL,
  `regra_8` int(11) NOT NULL,
  `regra_9` int(11) NOT NULL,
  `regra_10` int(11) NOT NULL,
  `media` int(11) NOT NULL,
  `pn` int(11) NOT NULL,
  PRIMARY KEY (`id`)
) ENGINE=MyISAM AUTO_INCREMENT=158 DEFAULT CHARSET=latin1;

--
-- Extraindo dados da tabela `disc_ciclo`
--

INSERT INTO `disc_ciclo` (`id`, `disc_id`, `ciclo_id`, `nivel_id`, `anual`, `area_id`, `pgn`, `desbl`, `pauta`, `horario`, `ordem_horario`, `carga`, `plo`, `modulo`, `cp`, `qualitativa`, `especifico`, `reforma`, `reprovacao`, `grupo_disciplinar`, `pii`, `empreend`, `ed_fisica`, `regra_1`, `regra_2`, `regra_3`, `regra_4`, `regra_5`, `regra_6`, `regra_7`, `regra_8`, `regra_9`, `regra_10`, `media`, `pn`) VALUES
(1, 1, 1, 1, 0, 0, 0, 0, 1, 1, 0, 4, 0, 0, 0, 0, 0, 0, 0, 1012, 1, 0, 0, 0, 0, 1, 0, 0, 0, 0, 0, 0, 0, 1, 1),
(2, 3, 1, 1, 0, 0, 0, 0, 1, 1, 0, 3, 0, 0, 0, 0, 0, 0, 0, 1006, 1, 0, 0, 0, 0, 0, 0, 0, 0, 0, 0, 0, 0, 1, 1),
(3, 2, 1, 1, 0, 0, 0, 0, 1, 1, 0, 3, 0, 0, 0, 0, 0, 0, 0, 1010, 1, 0, 0, 0, 0, 0, 0, 0, 0, 0, 0, 0, 0, 1, 1),
(4, 22, 1, 1, 0, 0, 0, 0, 1, 1, 0, 4, 0, 0, 0, 0, 0, 0, 0, 1011, 1, 0, 0, 1, 0, 0, 1, 0, 0, 0, 0, 0, 0, 1, 1),
(5, 5, 1, 1, 0, 0, 0, 0, 1, 1, 0, 3, 0, 0, 0, 0, 0, -1, 0, 5, 1, 0, 0, 0, 0, 0, 0, 0, 0, 0, 0, 0, 0, 1, 0),
(6, 24, 1, 1, 0, 0, 0, 0, 1, 1, 0, 2, 0, 0, 0, 1, 0, -1, 0, 1005, 1, 0, 0, 0, 0, 0, 0, 0, 0, 0, 0, 0, 0, 0, 0),
(7, 12, 1, 1, 0, 0, 0, 0, 1, 1, 0, 4, 0, 0, 0, 0, 0, -1, 0, 12, 1, 0, 0, 0, 0, 0, 0, 0, 0, 0, 0, 0, 0, 1, 0),
(8, 19, 1, 1, 1, 0, 0, 0, 1, 1, 0, 4, 0, 0, 0, 0, 0, -1, 0, 19, 1, 0, 0, 0, 0, 0, 0, 0, 0, 0, 0, 0, 0, 1, 0),
(9, 13, 1, 2, 1, 0, 0, 0, 1, 1, 0, 3, 0, 0, 0, 0, 0, -1, 0, 13, 1, 0, 0, 0, 0, 0, 0, 0, 0, 0, 0, 0, 0, 1, 0),
(10, 14, 1, 2, 1, 0, 0, 0, 1, 1, 0, 3, 0, 0, 0, 0, 0, -1, 0, 14, 1, 0, 0, 0, 0, 0, 0, 0, 0, 0, 0, 0, 0, 1, 0),
(27, 20, 2, 1, 0, 0, 0, 0, 1, 1, 0, 3, 0, 0, 0, 0, 0, 0, 0, 20, 1, 0, 0, 0, 0, 0, 0, 0, 0, 0, 0, 0, 0, 1, 0),
(26, 49, 2, 1, 0, 0, 0, 0, 1, 1, 0, 2, 0, 0, 0, 1, 0, 0, 0, 1005, 1, 0, 0, 0, 0, 0, 0, 0, 0, 0, 0, 0, 0, 0, 0),
(25, 23, 2, 1, 0, 0, 0, 0, 1, 1, 0, 3, 0, 0, 0, 0, 0, 0, 0, 23, 1, 0, 0, 0, 0, 0, 0, 0, 0, 0, 0, 0, 0, 1, 0),
(24, 43, 2, 1, 0, 0, 0, 1, 1, 1, 0, 4, 0, 0, 0, 0, 0, 0, 0, 1011, 1, 0, 0, 1, 0, 0, 1, 0, 0, 0, 0, 0, 0, 1, 0),
(23, 8, 2, 1, 1, 0, 0, 0, 1, 1, 0, 3, 0, 0, 0, 0, 0, 0, 0, 1007, 1, 0, 0, 0, 0, 0, 0, 0, 0, 0, 0, 0, 0, 1, 0),
(22, 41, 2, 1, 1, 0, 0, 0, 1, 1, 0, 3, 0, 0, 0, 0, 0, 0, 0, 1013, 1, 0, 0, 0, 1, 0, 0, 0, 0, 0, 0, 0, 0, 1, 0),
(21, 21, 2, 1, 1, 0, 0, 0, 1, 1, 0, 3, 0, 0, 0, 0, 0, 0, 0, 1009, 1, 0, 0, 0, 0, 0, 0, 0, 0, 0, 0, 0, 0, 1, 0),
(20, 37, 2, 1, 0, 0, 0, 0, 1, 1, 0, 3, 0, 0, 0, 0, 0, 0, 0, 1010, 1, 0, 0, 0, 0, 0, 0, 0, 0, 0, 0, 0, 0, 1, 0),
(19, 38, 2, 1, 0, 0, 0, 0, 1, 1, 0, 3, 0, 0, 0, 0, 0, 0, 0, 1006, 1, 0, 0, 0, 0, 0, 0, 0, 0, 0, 0, 0, 0, 1, 0),
(18, 34, 2, 1, 0, 0, 0, 0, 1, 1, 0, 4, 0, 0, 0, 0, 0, 0, 0, 1012, 1, 0, 0, 0, 0, 1, 0, 0, 0, 0, 0, 0, 0, 1, 0),
(96, 25, 2, 2, 1, 0, 0, 0, 1, 1, 0, 3, 0, 0, 0, 0, 0, 0, 0, 25, 1, 0, 0, 0, 0, 0, 0, 0, 0, 0, 0, 0, 0, 1, 0),
(29, 29, 2, 2, 1, 0, 0, 0, 1, 1, 0, 3, 0, 0, 0, 0, 0, 0, 0, 1004, 1, 0, 0, 0, 0, 0, 0, 0, 0, 0, 0, 0, 0, 1, 0),
(30, 4, 2, 1, 0, 0, 0, 0, 1, 1, 0, 3, 0, 0, 0, 0, 0, 0, 0, 1004, 1, 0, 0, 0, 0, 0, 0, 0, 0, 0, 0, 0, 0, 1, 0),
(38, 52, 3, 1, 0, 3, 0, 0, 1, 1, 0, 3, 0, 0, 0, 0, 0, 0, 0, 1012, 1, 0, 0, 0, 0, 1, 0, 0, 0, 0, 0, 0, 0, 1, 0),
(39, 40, 3, 1, 0, 3, 1, 0, 1, 1, 0, 4, 0, 0, 0, 0, 1, 0, 0, 1006, 1, 0, 0, 0, 0, 0, 0, 0, 0, 0, 0, 0, 0, 1, 0),
(40, 39, 3, 1, 0, 3, 1, 0, 1, 1, 0, 4, 0, 0, 0, 0, 1, 0, 0, 1010, 1, 0, 0, 0, 0, 0, 0, 0, 0, 0, 0, 0, 0, 1, 0),
(41, 27, 3, 1, 0, 3, 0, 0, 1, 1, 0, 3, 0, 0, 0, 0, 0, 0, 0, 27, 1, 0, 0, 0, 0, 0, 0, 0, 0, 0, 0, 0, 0, 1, 0),
(42, 42, 3, 1, 0, 3, 1, 0, 1, 1, 0, 4, 0, 0, 0, 0, 1, 0, 0, 1009, 1, 0, 0, 0, 0, 0, 0, 0, 0, 0, 0, 0, 0, 1, 0),
(43, 51, 3, 1, 0, 3, 0, 0, 1, 1, 0, 3, 0, 0, 0, 0, 2, 0, 0, 1007, 1, 0, 0, 0, 0, 0, 0, 0, 0, 0, 0, 0, 0, 1, 0),
(44, 6, 3, 1, 1, 3, 0, 0, 1, 1, 0, 3, 0, 0, 0, 0, 2, 0, 0, 6, 1, 0, 0, 0, 0, 0, 0, 0, 0, 0, 0, 0, 0, 1, 0),
(46, 11, 3, 1, 1, 3, 0, 0, 1, 1, 0, 3, 0, 0, 0, 0, 2, 0, 0, 1014, 1, 0, 0, 0, 0, 0, 0, 0, 0, 0, 0, 0, 0, 1, 0),
(47, 18, 3, 1, 0, 3, 0, 0, 1, 1, 0, 3, 0, 0, 0, 0, 2, 0, 0, 18, 1, 0, 0, 0, 0, 0, 0, 0, 0, 0, 0, 0, 0, 1, 0),
(58, 52, 3, 1, 0, 1, 0, 0, 1, 1, 0, 3, 0, 0, 0, 0, 0, 0, 0, 1012, 1, 0, 0, 0, 0, 1, 0, 0, 0, 0, 0, 0, 0, 1, 0),
(59, 40, 3, 1, 0, 1, 0, 0, 1, 1, 0, 3, 0, 0, 0, 0, 2, 0, 0, 1006, 1, 0, 0, 0, 0, 0, 0, 0, 0, 0, 0, 0, 0, 1, 0),
(60, 39, 3, 1, 0, 1, 0, 0, 1, 1, 0, 3, 0, 0, 0, 0, 2, 0, 0, 1010, 1, 0, 0, 0, 0, 0, 0, 0, 0, 0, 0, 0, 0, 1, 0),
(61, 27, 3, 1, 0, 1, 0, 0, 1, 1, 0, 3, 0, 0, 0, 0, 0, 0, 0, 27, 1, 0, 0, 0, 0, 0, 0, 0, 0, 0, 0, 0, 0, 1, 0),
(62, 47, 3, 1, 0, 1, 1, 0, 1, 1, 0, 4, 0, 0, 0, 0, 1, 0, 0, 1004, 1, 0, 0, 0, 0, 0, 0, 0, 0, 0, 0, 0, 0, 1, 0),
(63, 15, 3, 1, 0, 1, 1, 0, 1, 1, 0, 4, 0, 0, 0, 0, 1, 0, 0, 1013, 1, 0, 0, 0, 1, 0, 0, 0, 0, 0, 0, 0, 0, 1, 0),
(64, 16, 3, 1, 0, 1, 1, 0, 1, 1, 0, 3, 0, 0, 0, 0, 2, 0, 0, 16, 1, 0, 0, 0, 0, 0, 0, 0, 0, 0, 0, 0, 0, 1, 0),
(66, 18, 3, 1, 0, 1, 0, 0, 1, 1, 0, 3, 0, 0, 0, 0, 2, 0, 0, 18, 1, 0, 0, 0, 0, 0, 0, 0, 0, 0, 0, 0, 0, 1, 0),
(70, 44, 3, 1, 0, 1, 1, 0, 1, 1, 0, 4, 0, 0, 0, 0, 1, 0, 0, 1011, 1, 0, 0, 1, 0, 0, 1, 0, 0, 0, 0, 0, 0, 1, 0),
(68, 6, 3, 2, 1, 1, 0, 0, 1, 1, 10, 3, 0, 0, 0, 0, 2, 0, 0, 6, 1, 0, 0, 0, 0, 0, 0, 0, 0, 0, 0, 0, 0, 1, 0),
(71, 17, 3, 1, 0, 1, 0, 0, 1, 1, 0, 4, 0, 0, 0, 0, 2, 0, 0, 17, 1, 0, 0, 0, 0, 0, 0, 0, 0, 0, 0, 0, 0, 1, 0),
(85, 26, 1, 1, 0, 0, 0, 0, 1, 0, 0, 2, 0, 0, 1, 1, 0, 0, 0, 1003, 1, 0, 1, 0, 0, 0, 0, 1, 1, 0, 0, 0, 1, 0, 0),
(86, 46, 2, 1, 0, 0, 0, 0, 1, 0, 0, 2, 0, 0, 1, 0, 0, 0, 0, 1003, 1, 0, 0, 0, 0, 0, 0, 1, 1, 0, 0, 0, 1, 1, 0),
(87, 46, 3, 1, 0, 1, 0, 0, 1, 0, 0, 2, 0, 0, 1, 0, 0, 0, 0, 1003, 1, 0, 0, 0, 0, 0, 0, 1, 1, 0, 0, 0, 1, 1, 0),
(88, 46, 3, 1, 0, 3, 0, 0, 1, 0, 0, 2, 0, 0, 1, 0, 0, 0, 0, 1003, 1, 0, 0, 0, 0, 0, 0, 1, 1, 0, 0, 0, 1, 1, 0),
(90, 25, 3, 1, 0, 3, 0, 0, 1, 1, 0, 3, 0, 0, 0, 0, 2, 0, 0, 25, 1, 0, 0, 0, 0, 0, 0, 0, 0, 0, 0, 0, 0, 1, 0),
(95, 55, 3, 1, 0, 1, 0, 0, 1, 1, 0, 3, 0, 0, 0, 0, 2, 0, 0, 1008, 1, 0, 0, 0, 0, 0, 0, 0, 0, 0, 0, 0, 0, 1, 0),
(92, 25, 3, 2, 0, 3, 0, 0, 1, 1, 0, 3, 0, 0, 0, 0, 2, 0, 0, 25, 1, 0, 0, 0, 0, 0, 0, 0, 0, 0, 0, 0, 0, 1, 0),
(93, 18, 2, 1, 0, 0, 0, 0, 1, 1, 0, 2, 0, 0, 0, 0, 0, 0, 0, 18, 1, 0, 0, 0, 0, 0, 0, 0, 0, 0, 0, 0, 0, 1, 0),
(94, 18, 2, 2, 0, 0, 0, 0, 1, 1, 0, 3, 0, 0, 0, 0, 0, 0, 0, 18, 1, 0, 0, 0, 0, 0, 0, 0, 0, 0, 0, 0, 0, 1, 0),
(120, 7, 3, 1, 1, 3, 0, 0, 1, 1, 0, 3, 0, 0, 0, 0, 2, 0, 0, 1001, 1, 0, 0, 0, 0, 0, 0, 0, 0, 0, 0, 0, 0, 1, 0),
(99, 56, 3, 1, 1, 1, 0, 0, 1, 1, 0, 3, 0, 0, 0, 0, 2, 0, 0, 1014, 1, 0, 0, 0, 0, 0, 0, 0, 0, 0, 0, 0, 0, 1, 0),
(100, 52, 3, 1, 0, 2, 0, 0, 1, 1, 0, 3, 0, 0, 0, 0, 0, 0, 0, 1012, 1, 0, 0, 0, 0, 1, 0, 0, 0, 0, 0, 0, 0, 1, 0),
(101, 40, 3, 1, 0, 2, 0, 0, 1, 1, 0, 3, 0, 0, 0, 0, 2, 0, 0, 1006, 1, 0, 0, 0, 0, 0, 0, 0, 0, 0, 0, 0, 0, 1, 0),
(102, 39, 3, 1, 0, 2, 0, 0, 1, 1, 0, 3, 0, 0, 0, 0, 2, 0, 0, 1010, 1, 0, 0, 0, 0, 0, 0, 0, 0, 0, 0, 0, 0, 1, 0),
(103, 27, 3, 1, 0, 2, 0, 0, 1, 1, 0, 3, 0, 0, 0, 0, 0, 0, 0, 27, 1, 0, 0, 0, 0, 0, 0, 0, 0, 0, 0, 0, 0, 1, 0),
(107, 51, 3, 1, 0, 2, 0, 0, 1, 1, 0, 3, 0, 0, 0, 0, 2, 0, 0, 1007, 1, 0, 0, 0, 0, 0, 0, 0, 0, 0, 0, 0, 0, 1, 0),
(108, 18, 3, 1, 0, 2, 0, 0, 1, 1, 0, 3, 0, 0, 0, 0, 2, 0, 0, 18, 1, 0, 0, 0, 0, 0, 0, 0, 0, 0, 0, 0, 0, 1, 0),
(109, 44, 3, 1, 0, 2, 1, 0, 1, 1, 0, 4, 0, 0, 0, 0, 1, 0, 0, 1011, 1, 0, 0, 1, 0, 0, 1, 0, 0, 0, 0, 0, 0, 1, 0),
(123, 6, 3, 2, 1, 2, 0, 0, 1, 1, 0, 3, 0, 0, 0, 0, 2, 0, 0, 6, 1, 0, 0, 0, 0, 0, 0, 0, 0, 0, 0, 0, 0, 1, 0),
(111, 7, 3, 1, 1, 2, 0, 0, 1, 1, 0, 3, 0, 0, 0, 0, 2, 0, 0, 1001, 1, 0, 0, 0, 0, 0, 0, 0, 0, 0, 0, 0, 0, 1, 0),
(112, 11, 3, 2, 1, 2, 0, 0, 1, 1, 0, 3, 0, 0, 0, 0, 2, 0, 0, 1014, 1, 0, 0, 0, 0, 0, 0, 0, 0, 0, 0, 0, 0, 1, 0),
(114, 32, 3, 1, 0, 2, 1, 0, 1, 1, 0, 4, 0, 0, 0, 0, 1, 0, 0, 32, 1, 0, 0, 0, 0, 0, 0, 0, 0, 0, 0, 0, 0, 1, 0),
(115, 46, 3, 1, 0, 2, 0, 0, 1, 0, 0, 2, 0, 0, 1, 0, 0, 0, 0, 1003, 1, 0, 0, 0, 0, 0, 0, 1, 1, 0, 0, 0, 1, 1, 0),
(116, 25, 3, 1, 0, 2, 0, 0, 1, 1, 0, 3, 0, 0, 0, 0, 2, 0, 0, 25, 1, 0, 0, 0, 0, 0, 0, 0, 0, 0, 0, 0, 0, 1, 0),
(118, 57, 3, 2, 1, 2, 0, 0, 1, 1, 0, 3, 0, 0, 0, 0, 2, 0, 0, 1001, 1, 0, 0, 0, 0, 0, 0, 0, 0, 0, 0, 0, 0, 1, 0),
(119, 56, 3, 1, 1, 2, 0, 0, 1, 1, 0, 3, 0, 0, 0, 0, 2, 0, 0, 1014, 1, 0, 0, 0, 0, 0, 0, 0, 0, 0, 0, 0, 0, 1, 0),
(121, 57, 3, 2, 1, 3, 0, 0, 1, 1, 0, 3, 0, 0, 0, 0, 2, 0, 0, 1001, 1, 0, 0, 0, 0, 0, 0, 0, 0, 0, 0, 0, 0, 1, 0),
(122, 6, 3, 1, 1, 2, 0, 0, 1, 1, 0, 3, 0, 0, 0, 0, 2, 0, 0, 6, 1, 0, 0, 0, 0, 0, 0, 0, 0, 0, 0, 0, 0, 1, 0),
(129, 66, 1, 1, 0, 0, 0, 0, 1, 1, 0, 3, 0, 0, 0, 0, 0, 1, 0, 66, 1, 0, 0, 0, 0, 0, 0, 0, 0, 0, 0, 0, 0, 1, 1),
(130, 67, 1, 1, 0, 0, 0, 0, 1, 1, 0, 3, 0, 0, 0, 0, 0, 1, 0, 67, 1, 0, 0, 0, 0, 0, 0, 0, 0, 0, 0, 0, 0, 1, 1),
(132, 69, 1, 1, 0, 0, 0, 0, 1, 1, 0, 3, 0, 0, 0, 1, 0, 1, 0, 1002, 1, 0, 0, 0, 0, 0, 0, 0, 0, 1, 0, 0, 0, 0, 0),
(133, 70, 1, 1, 0, 0, 0, 0, 1, 1, 0, 2, 0, 0, 0, 1, 0, 1, 0, 70, 1, 1, 0, 0, 0, 0, 0, 0, 0, 0, 0, 0, 0, 0, 0),
(131, 68, 1, 1, 0, 0, 0, 0, 1, 1, 0, 3, 0, 0, 0, 0, 0, 1, 0, 68, 1, 0, 0, 0, 1, 0, 0, 0, 0, 0, 0, 0, 0, 1, 1),
(134, 71, 1, 1, 1, 0, 0, 0, 1, 1, 0, 3, 0, 1, 0, 1, 0, 1, 1, 71, 1, 0, 0, 0, 0, 0, 0, 0, 0, 0, 0, 0, 0, 0, 0),
(135, 72, 1, 2, 1, 0, 0, 0, 1, 1, 0, 4, 0, 1, 0, 1, 0, 1, 1, 72, 1, 0, 0, 0, 0, 0, 0, 0, 0, 0, 0, 0, 0, 0, 0),
(136, 6, 3, 2, 1, 3, 0, 0, 1, 1, 0, 3, 0, 0, 0, 0, 2, 0, 0, 6, 1, 0, 0, 0, 0, 0, 0, 0, 0, 0, 0, 0, 0, 1, 0),
(137, 75, 1, 1, 0, 0, 0, 0, 1, 0, 7, 2, 0, 0, 1, 0, 0, 1, 0, 75, 1, 1, 0, 0, 0, 0, 0, 0, 0, 0, 0, 0, 0, 1, 0),
(138, 75, 2, 1, 0, 0, 0, 0, 1, 0, 7, 2, 0, 0, 1, 0, 0, 0, 0, 75, 1, 1, 0, 0, 0, 0, 0, 0, 0, 0, 0, 0, 0, 1, 0),
(139, 75, 3, 2, 1, 1, 0, 0, 1, 1, 0, 2, 0, 0, 1, 0, 2, 0, 0, 75, 1, 1, 0, 0, 0, 0, 0, 0, 0, 0, 0, 0, 0, 1, 0),
(140, 75, 3, 2, 1, 2, 0, 0, 1, 1, 0, 2, 0, 0, 1, 0, 2, 0, 0, 75, 1, 1, 0, 0, 0, 0, 0, 0, 0, 0, 0, 0, 0, 1, 0),
(141, 75, 3, 2, 1, 3, 0, 0, 1, 1, 0, 2, 0, 0, 1, 0, 2, 0, 0, 75, 1, 1, 0, 0, 0, 0, 0, 0, 0, 0, 0, 0, 0, 1, 0),
(142, 6, 3, 1, 1, 1, 0, 0, 1, 1, 0, 3, 0, 0, 0, 0, 2, 0, 0, 6, 1, 0, 0, 0, 0, 0, 0, 0, 0, 0, 0, 0, 0, 1, 0),
(144, 56, 3, 1, 1, 3, 0, 0, 1, 1, 0, 3, 0, 0, 0, 0, 2, 0, 0, 1014, 1, 0, 0, 0, 0, 0, 0, 0, 0, 0, 0, 0, 0, 1, 0),
(145, 76, 1, 1, 0, 0, 0, 0, 1, 1, 0, 3, 0, 0, 0, 0, 0, 1, 0, 1002, 1, 0, 0, 0, 0, 0, 0, 0, 0, 0, 0, 0, 0, 1, 0),
(146, 77, 1, 1, 0, 0, 0, 0, 1, 1, 0, 3, 0, 0, 0, 0, 0, 1, 0, 1002, 1, 0, 0, 0, 0, 0, 0, 0, 0, 0, 0, 0, 0, 1, 0),
(147, 11, 3, 2, 1, 3, 0, 0, 1, 1, 0, 3, 0, 0, 0, 0, 2, 0, 0, 1014, 1, 0, 0, 0, 0, 0, 0, 0, 0, 0, 0, 0, 0, 1, 0),
(148, 70, 3, 1, 0, 1, 0, 0, 1, 1, 0, 2, 0, 0, 0, 1, 0, 0, 0, 70, 0, 1, 0, 0, 0, 0, 0, 0, 0, 0, 0, 0, 0, 0, 0),
(149, 70, 3, 1, 0, 1, 0, 0, 1, 1, 0, 2, 0, 0, 0, 1, 0, 0, 0, 70, 0, 1, 0, 0, 0, 0, 0, 0, 0, 0, 0, 0, 0, 0, 0),
(150, 70, 3, 1, 0, 2, 0, 0, 1, 1, 0, 2, 0, 0, 0, 1, 0, 0, 0, 70, 0, 1, 0, 0, 0, 0, 0, 0, 0, 0, 0, 0, 0, 0, 0),
(151, 70, 3, 1, 0, 3, 0, 0, 1, 1, 0, 2, 0, 0, 0, 1, 0, 0, 0, 70, 0, 1, 0, 0, 0, 0, 0, 0, 0, 0, 0, 0, 0, 0, 0),
(152, 75, 3, 1, 0, 1, 0, 0, 1, 1, 0, 2, 0, 0, 0, 1, 0, 0, 0, 75, 0, 1, 0, 0, 0, 0, 0, 0, 0, 0, 0, 0, 0, 0, 0),
(153, 75, 3, 1, 0, 2, 0, 0, 1, 1, 0, 2, 0, 0, 0, 1, 0, 0, 0, 75, 0, 1, 0, 0, 0, 0, 0, 0, 0, 0, 0, 0, 0, 0, 0),
(154, 75, 3, 1, 0, 3, 0, 0, 1, 1, 0, 2, 0, 0, 0, 1, 0, 0, 0, 75, 0, 1, 0, 0, 0, 0, 0, 0, 0, 0, 0, 0, 0, 0, 0),
(155, 8, 1, 1, 1, 0, 0, 0, 1, 1, 0, 3, 0, 0, 0, 0, 0, 0, 0, 8, 1, 0, 0, 0, 0, 0, 0, 0, 0, 0, 0, 0, 0, 1, 0),
(156, 8, 1, 1, 1, 0, 0, 0, 1, 1, 0, 3, 0, 0, 0, 0, 0, 0, 0, 8, 1, 0, 0, 0, 0, 0, 0, 0, 0, 0, 0, 0, 0, 1, 0),
(157, 8, 1, 1, 1, 0, 0, 0, 1, 1, 0, 3, 0, 0, 0, 0, 0, 0, 0, 8, 1, 0, 0, 0, 0, 0, 0, 0, 0, 0, 0, 0, 0, 1, 0);

-- --------------------------------------------------------

--
-- Estrutura da tabela `horario`
--

CREATE TABLE IF NOT EXISTS `horario` (
  `id` int(11) NOT NULL AUTO_INCREMENT,
  `nivel_id` int(11) NOT NULL,
  `area_id` int(11) NOT NULL,
  `periodo_id` int(11) NOT NULL,
  `tipo_insc_id` int(11) NOT NULL,
  `disciplina_id` int(11) NOT NULL,
  `tempo_id` int(11) NOT NULL,
  `semana_id` int(11) NOT NULL,
  `ano_lec_id` int(11) NOT NULL,
  `posicao_id` int(11) NOT NULL,
  PRIMARY KEY (`id`)
) ENGINE=MyISAM AUTO_INCREMENT=43051 DEFAULT CHARSET=latin1;

--
-- Extraindo dados da tabela `horario`
--

INSERT INTO `horario` (`id`, `nivel_id`, `area_id`, `periodo_id`, `tipo_insc_id`, `disciplina_id`, `tempo_id`, `semana_id`, `ano_lec_id`, `posicao_id`) VALUES
(7420, 6, 1, 3, 0, 15, 5, 4, 4, 1),
(7419, 6, 1, 3, 0, 27, 5, 1, 4, 1),
(7418, 6, 1, 3, 0, 16, 4, 5, 4, 1),
(7417, 6, 1, 3, 0, 27, 4, 4, 4, 1),
(7416, 6, 1, 3, 0, 52, 4, 2, 4, 1),
(7415, 6, 1, 3, 0, 16, 4, 1, 4, 1),
(7414, 6, 1, 3, 0, 39, 3, 5, 4, 1),
(7413, 6, 1, 3, 0, 44, 3, 4, 4, 1),
(7412, 6, 1, 3, 0, 44, 3, 3, 4, 1),
(7411, 6, 1, 3, 0, 27, 3, 2, 4, 1),
(7410, 6, 1, 3, 0, 18, 2, 5, 4, 1),
(7409, 6, 1, 3, 0, 52, 2, 4, 4, 1),
(7408, 6, 1, 3, 0, 16, 2, 3, 4, 1),
(7407, 6, 1, 3, 0, 44, 2, 2, 4, 1),
(5124, 4, 0, 5, 0, 43, 5, 1, 4, 1),
(5123, 4, 0, 5, 0, 25, 4, 6, 4, 1),
(5122, 4, 0, 5, 0, 43, 4, 5, 4, 1),
(5121, 4, 0, 5, 0, 29, 4, 4, 4, 1),
(5120, 4, 0, 5, 0, 23, 4, 3, 4, 1),
(5119, 4, 0, 5, 0, 25, 4, 2, 4, 1),
(5118, 4, 0, 5, 0, 49, 4, 1, 4, 1),
(5117, 4, 0, 5, 0, 37, 3, 6, 4, 1),
(5116, 4, 0, 5, 0, 34, 3, 5, 4, 1),
(5115, 4, 0, 5, 0, 4, 3, 4, 4, 1),
(5114, 4, 0, 5, 0, 34, 3, 3, 4, 1),
(5113, 4, 0, 5, 0, 4, 3, 2, 4, 1),
(5112, 4, 0, 5, 0, 34, 3, 1, 4, 1),
(5111, 4, 0, 5, 0, 38, 2, 5, 4, 1),
(5110, 4, 0, 5, 0, 34, 2, 4, 4, 1),
(5109, 4, 0, 5, 0, 4, 2, 3, 4, 1),
(5108, 4, 0, 5, 0, 37, 2, 2, 4, 1),
(5107, 4, 0, 5, 0, 23, 2, 1, 4, 1),
(5106, 4, 0, 5, 0, 25, 1, 5, 4, 1),
(5105, 4, 0, 5, 0, 43, 1, 4, 4, 1),
(5104, 4, 0, 5, 0, 49, 1, 3, 4, 1),
(5103, 4, 0, 5, 0, 23, 1, 2, 4, 1),
(5102, 4, 0, 5, 0, 37, 1, 1, 4, 1),
(4999, 4, 0, 6, 0, 34, 5, 5, 4, 1),
(4998, 4, 0, 6, 0, 20, 5, 4, 4, 1),
(4997, 4, 0, 6, 0, 25, 5, 3, 4, 1),
(4996, 4, 0, 6, 0, 34, 5, 2, 4, 1),
(4995, 4, 0, 6, 0, 23, 5, 1, 4, 1),
(4994, 4, 0, 6, 0, 37, 4, 6, 4, 1),
(4993, 4, 0, 6, 0, 38, 4, 5, 4, 1),
(4992, 4, 0, 6, 0, 20, 4, 4, 4, 1),
(4991, 4, 0, 6, 0, 38, 4, 3, 4, 1),
(4990, 4, 0, 6, 0, 38, 4, 2, 4, 1),
(4989, 4, 0, 6, 0, 25, 4, 1, 4, 1),
(4988, 4, 0, 6, 0, 34, 3, 6, 4, 1),
(4987, 4, 0, 6, 0, 23, 3, 5, 4, 1),
(4986, 4, 0, 6, 0, 43, 3, 4, 4, 1),
(4985, 4, 0, 6, 0, 37, 3, 3, 4, 1),
(4984, 4, 0, 6, 0, 20, 3, 2, 4, 1),
(4983, 4, 0, 6, 0, 49, 3, 1, 4, 1),
(4982, 4, 0, 6, 0, 37, 2, 5, 4, 1),
(4981, 4, 0, 6, 0, 25, 2, 4, 4, 1),
(4980, 4, 0, 6, 0, 29, 2, 3, 4, 1),
(4979, 4, 0, 6, 0, 29, 2, 2, 4, 1),
(4978, 4, 0, 6, 0, 43, 2, 1, 4, 1),
(4977, 4, 0, 6, 0, 49, 1, 5, 4, 1),
(4976, 4, 0, 6, 0, 29, 1, 4, 4, 1),
(4975, 4, 0, 6, 0, 23, 1, 3, 4, 1),
(4974, 4, 0, 6, 0, 43, 1, 2, 4, 1),
(4973, 4, 0, 6, 0, 34, 1, 1, 4, 1),
(5000, 4, 0, 6, 0, 43, 5, 6, 4, 1),
(5199, 4, 0, 7, 0, 37, 5, 6, 4, 1),
(5198, 4, 0, 7, 0, 43, 5, 5, 4, 1),
(5197, 4, 0, 7, 0, 49, 5, 4, 4, 1),
(5196, 4, 0, 7, 0, 23, 5, 3, 4, 1),
(5195, 4, 0, 7, 0, 43, 5, 2, 4, 1),
(5194, 4, 0, 7, 0, 38, 5, 1, 4, 1),
(5193, 4, 0, 7, 0, 34, 4, 6, 4, 1),
(5192, 4, 0, 7, 0, 34, 4, 5, 4, 1),
(5191, 4, 0, 7, 0, 43, 4, 4, 4, 1),
(5190, 4, 0, 7, 0, 34, 4, 3, 4, 1),
(5189, 4, 0, 7, 0, 23, 4, 2, 4, 1),
(5188, 4, 0, 7, 0, 37, 4, 1, 4, 1),
(5187, 4, 0, 7, 0, 20, 3, 6, 4, 1),
(5186, 4, 0, 7, 0, 25, 3, 5, 4, 1),
(5185, 4, 0, 7, 0, 38, 3, 4, 4, 1),
(5184, 4, 0, 7, 0, 29, 3, 3, 4, 1),
(5183, 4, 0, 7, 0, 49, 3, 2, 4, 1),
(5182, 4, 0, 7, 0, 43, 3, 1, 4, 1),
(5181, 4, 0, 7, 0, 23, 2, 5, 4, 1),
(5180, 4, 0, 7, 0, 29, 2, 4, 4, 1),
(5179, 4, 0, 7, 0, 37, 2, 3, 4, 1),
(5178, 4, 0, 7, 0, 25, 2, 2, 4, 1),
(5177, 4, 0, 7, 0, 20, 2, 1, 4, 1),
(5176, 4, 0, 7, 0, 38, 1, 5, 4, 1),
(5175, 4, 0, 7, 0, 34, 1, 4, 4, 1),
(5174, 4, 0, 7, 0, 25, 1, 3, 4, 1),
(5173, 4, 0, 7, 0, 29, 1, 2, 4, 1),
(5172, 4, 0, 7, 0, 20, 1, 1, 4, 1),
(5098, 4, 0, 17, 0, 43, 5, 3, 4, 1),
(5097, 4, 0, 17, 0, 23, 5, 2, 4, 1),
(5096, 4, 0, 17, 0, 25, 5, 1, 4, 1),
(5095, 4, 0, 17, 0, 29, 4, 6, 4, 1),
(5094, 4, 0, 17, 0, 23, 4, 5, 4, 1),
(5093, 4, 0, 17, 0, 23, 4, 4, 4, 1),
(5092, 4, 0, 17, 0, 29, 4, 3, 4, 1),
(5091, 4, 0, 17, 0, 37, 4, 2, 4, 1),
(5090, 4, 0, 17, 0, 34, 4, 1, 4, 1),
(5089, 4, 0, 17, 0, 25, 3, 6, 4, 1),
(5088, 4, 0, 17, 0, 38, 3, 5, 4, 1),
(5087, 4, 0, 17, 0, 34, 3, 4, 4, 1),
(5086, 4, 0, 17, 0, 20, 3, 3, 4, 1),
(5085, 4, 0, 17, 0, 29, 3, 2, 4, 1),
(5084, 4, 0, 17, 0, 20, 3, 1, 4, 1),
(5083, 4, 0, 17, 0, 49, 2, 5, 4, 1),
(5082, 4, 0, 17, 0, 43, 2, 4, 4, 1),
(5081, 4, 0, 17, 0, 20, 2, 3, 4, 1),
(5080, 4, 0, 17, 0, 25, 2, 2, 4, 1),
(5079, 4, 0, 17, 0, 49, 2, 1, 4, 1),
(5078, 4, 0, 17, 0, 34, 1, 5, 4, 1),
(5077, 4, 0, 17, 0, 38, 1, 4, 4, 1),
(5076, 4, 0, 17, 0, 34, 1, 3, 4, 1),
(5075, 4, 0, 17, 0, 43, 1, 2, 4, 1),
(5074, 4, 0, 17, 0, 38, 1, 1, 4, 1),
(5099, 4, 0, 17, 0, 37, 5, 4, 4, 1),
(5100, 4, 0, 17, 0, 37, 5, 5, 4, 1),
(5101, 4, 0, 17, 0, 43, 5, 6, 4, 1),
(5125, 4, 0, 5, 0, 43, 5, 2, 4, 1),
(5126, 4, 0, 5, 0, 38, 5, 3, 4, 1),
(5127, 4, 0, 5, 0, 38, 5, 4, 4, 1),
(5128, 4, 0, 5, 0, 29, 5, 5, 4, 1),
(5129, 4, 0, 5, 0, 29, 5, 6, 4, 1),
(7949, 5, 1, 1, 0, 52, 5, 5, 4, 1),
(7948, 5, 1, 1, 0, 15, 5, 4, 4, 1),
(7947, 5, 1, 1, 0, 47, 5, 2, 4, 1),
(8033, 5, 1, 3, 0, 44, 5, 5, 4, 1),
(8032, 5, 1, 3, 0, 47, 5, 4, 4, 1),
(8031, 5, 1, 3, 0, 17, 5, 3, 4, 1),
(6207, 2, 0, 2, 0, 13, 1, 4, 4, 1),
(6206, 2, 0, 2, 0, 14, 1, 3, 4, 1),
(6205, 2, 0, 2, 0, 22, 1, 2, 4, 1),
(6204, 2, 0, 2, 0, 1, 1, 1, 4, 1),
(5382, 3, 0, 1, 0, 34, 5, 4, 4, 1),
(5381, 3, 0, 1, 0, 38, 5, 3, 4, 1),
(5380, 3, 0, 1, 0, 41, 5, 2, 4, 1),
(5379, 3, 0, 1, 0, 23, 5, 1, 4, 1),
(5378, 3, 0, 1, 0, 49, 4, 6, 4, 1),
(5377, 3, 0, 1, 0, 21, 4, 5, 4, 1),
(5376, 3, 0, 1, 0, 38, 4, 4, 4, 1),
(5375, 3, 0, 1, 0, 41, 4, 3, 4, 1),
(5374, 3, 0, 1, 0, 43, 4, 2, 4, 1),
(5373, 3, 0, 1, 0, 37, 4, 1, 4, 1),
(5372, 3, 0, 1, 0, 4, 3, 6, 4, 1),
(5371, 3, 0, 1, 0, 49, 3, 5, 4, 1),
(5370, 3, 0, 1, 0, 23, 3, 4, 4, 1),
(5369, 3, 0, 1, 0, 37, 3, 3, 4, 1),
(5368, 3, 0, 1, 0, 23, 3, 2, 4, 1),
(5367, 3, 0, 1, 0, 21, 3, 1, 4, 1),
(5366, 3, 0, 1, 0, 38, 2, 6, 4, 1),
(5365, 3, 0, 1, 0, 34, 2, 5, 4, 1),
(5364, 3, 0, 1, 0, 43, 2, 4, 4, 1),
(5363, 3, 0, 1, 0, 8, 2, 3, 4, 1),
(5362, 3, 0, 1, 0, 4, 2, 2, 4, 1),
(5361, 3, 0, 1, 0, 34, 2, 1, 4, 1),
(5360, 3, 0, 1, 0, 37, 1, 6, 4, 1),
(5359, 3, 0, 1, 0, 8, 1, 5, 4, 1),
(5358, 3, 0, 1, 0, 41, 1, 4, 4, 1),
(5357, 3, 0, 1, 0, 34, 1, 3, 4, 1),
(5356, 3, 0, 1, 0, 8, 1, 2, 4, 1),
(5355, 3, 0, 1, 0, 43, 1, 1, 4, 1),
(7229, 3, 0, 2, 0, 37, 5, 6, 4, 1),
(7228, 3, 0, 2, 0, 43, 5, 5, 4, 1),
(7227, 3, 0, 2, 0, 21, 5, 4, 4, 1),
(7226, 3, 0, 2, 0, 23, 5, 3, 4, 1),
(7225, 3, 0, 2, 0, 23, 5, 2, 4, 1),
(7224, 3, 0, 2, 0, 38, 5, 1, 4, 1),
(7223, 3, 0, 2, 0, 21, 4, 6, 4, 1),
(7222, 3, 0, 2, 0, 34, 4, 4, 4, 1),
(7221, 3, 0, 2, 0, 38, 4, 3, 4, 1),
(7220, 3, 0, 2, 0, 41, 4, 2, 4, 1),
(7219, 3, 0, 2, 0, 21, 4, 1, 4, 1),
(7218, 3, 0, 2, 0, 49, 3, 6, 4, 1),
(7217, 3, 0, 2, 0, 37, 3, 5, 4, 1),
(7216, 3, 0, 2, 0, 41, 3, 4, 4, 1),
(7215, 3, 0, 2, 0, 8, 3, 3, 4, 1),
(7214, 3, 0, 2, 0, 43, 3, 2, 4, 1),
(7213, 3, 0, 2, 0, 34, 3, 1, 4, 1),
(7212, 3, 0, 2, 0, 43, 2, 6, 4, 1),
(7211, 3, 0, 2, 0, 8, 2, 5, 4, 1),
(7210, 3, 0, 2, 0, 43, 2, 4, 4, 1),
(7209, 3, 0, 2, 0, 37, 2, 3, 4, 1),
(7208, 3, 0, 2, 0, 34, 2, 2, 4, 1),
(7207, 3, 0, 2, 0, 41, 2, 1, 4, 1),
(7206, 3, 0, 2, 0, 38, 1, 6, 4, 1),
(7205, 3, 0, 2, 0, 34, 1, 5, 4, 1),
(7204, 3, 0, 2, 0, 23, 1, 4, 4, 1),
(7203, 3, 0, 2, 0, 49, 1, 3, 4, 1),
(7202, 3, 0, 2, 0, 8, 1, 1, 4, 1),
(5383, 3, 0, 1, 0, 43, 5, 5, 4, 1),
(5384, 3, 0, 1, 0, 21, 5, 6, 4, 1),
(9098, 3, 0, 3, 0, 20, 10, 6, 4, 1),
(9097, 3, 0, 3, 0, 43, 10, 5, 4, 1),
(9096, 3, 0, 3, 0, 37, 10, 4, 4, 1),
(9095, 3, 0, 3, 0, 49, 10, 3, 4, 1),
(9094, 3, 0, 3, 0, 41, 10, 2, 4, 1),
(9093, 3, 0, 3, 0, 38, 10, 1, 4, 1),
(9092, 3, 0, 3, 0, 41, 9, 6, 4, 1),
(9091, 3, 0, 3, 0, 34, 9, 5, 4, 1),
(9090, 3, 0, 3, 0, 41, 9, 4, 4, 1),
(9089, 3, 0, 3, 0, 23, 9, 3, 4, 1),
(9088, 3, 0, 3, 0, 23, 9, 2, 4, 1),
(9087, 3, 0, 3, 0, 43, 9, 1, 4, 1),
(9086, 3, 0, 3, 0, 37, 8, 6, 4, 1),
(9085, 3, 0, 3, 0, 43, 8, 5, 4, 1),
(9084, 3, 0, 3, 0, 34, 8, 4, 4, 1),
(9083, 3, 0, 3, 0, 21, 8, 3, 4, 1),
(9082, 3, 0, 3, 0, 34, 8, 2, 4, 1),
(9081, 3, 0, 3, 0, 8, 8, 1, 4, 1),
(9080, 3, 0, 3, 0, 49, 7, 6, 4, 1),
(9079, 3, 0, 3, 0, 21, 7, 5, 4, 1),
(9078, 3, 0, 3, 0, 8, 7, 4, 4, 1),
(9077, 3, 0, 3, 0, 43, 7, 3, 4, 1),
(9076, 3, 0, 3, 0, 20, 7, 2, 4, 1),
(9075, 3, 0, 3, 0, 34, 7, 1, 4, 1),
(9074, 3, 0, 3, 0, 38, 6, 6, 4, 1),
(9073, 3, 0, 3, 0, 8, 6, 5, 4, 1),
(9072, 3, 0, 3, 0, 23, 6, 4, 4, 1),
(9071, 3, 0, 3, 0, 38, 6, 3, 4, 1),
(5466, 3, 0, 4, 0, 4, 5, 3, 4, 1),
(5465, 3, 0, 4, 0, 34, 5, 2, 4, 1),
(5464, 3, 0, 4, 0, 21, 5, 1, 4, 1),
(5463, 3, 0, 4, 0, 43, 4, 6, 4, 1),
(5462, 3, 0, 4, 0, 43, 4, 5, 4, 1),
(5461, 3, 0, 4, 0, 41, 4, 4, 4, 1),
(5460, 3, 0, 4, 0, 8, 4, 3, 4, 1),
(5459, 3, 0, 4, 0, 37, 4, 2, 4, 1),
(5458, 3, 0, 4, 0, 23, 4, 1, 4, 1),
(5457, 3, 0, 4, 0, 8, 3, 6, 4, 1),
(5456, 3, 0, 4, 0, 38, 3, 5, 4, 1),
(5455, 3, 0, 4, 0, 43, 3, 4, 4, 1),
(5454, 3, 0, 4, 0, 38, 3, 3, 4, 1),
(5453, 3, 0, 4, 0, 41, 3, 2, 4, 1),
(5452, 3, 0, 4, 0, 41, 3, 1, 4, 1),
(5451, 3, 0, 4, 0, 49, 2, 6, 4, 1),
(5450, 3, 0, 4, 0, 23, 2, 5, 4, 1),
(5449, 3, 0, 4, 0, 34, 2, 4, 4, 1),
(5448, 3, 0, 4, 0, 49, 2, 3, 4, 1),
(5447, 3, 0, 4, 0, 8, 2, 2, 4, 1),
(5446, 3, 0, 4, 0, 37, 2, 1, 4, 1),
(5445, 3, 0, 4, 0, 21, 1, 6, 4, 1),
(5444, 3, 0, 4, 0, 37, 1, 5, 4, 1),
(5443, 3, 0, 4, 0, 21, 1, 4, 4, 1),
(5442, 3, 0, 4, 0, 23, 1, 3, 4, 1),
(5441, 3, 0, 4, 0, 43, 1, 2, 4, 1),
(5440, 3, 0, 4, 0, 34, 1, 1, 4, 1),
(5467, 3, 0, 4, 0, 38, 5, 4, 4, 1),
(5468, 3, 0, 4, 0, 34, 5, 5, 4, 1),
(5469, 3, 0, 4, 0, 4, 5, 6, 4, 1),
(5515, 3, 0, 5, 0, 34, 4, 5, 4, 1),
(5514, 3, 0, 5, 0, 43, 4, 4, 4, 1),
(5513, 3, 0, 5, 0, 41, 4, 3, 4, 1),
(5512, 3, 0, 5, 0, 49, 4, 2, 4, 1),
(5511, 3, 0, 5, 0, 4, 4, 1, 4, 1),
(5510, 3, 0, 5, 0, 38, 3, 6, 4, 1),
(5509, 3, 0, 5, 0, 23, 3, 5, 4, 1),
(5508, 3, 0, 5, 0, 37, 3, 4, 4, 1),
(5507, 3, 0, 5, 0, 43, 3, 3, 4, 1),
(5506, 3, 0, 5, 0, 8, 3, 2, 4, 1),
(5505, 3, 0, 5, 0, 41, 3, 1, 4, 1),
(5504, 3, 0, 5, 0, 21, 2, 6, 4, 1),
(5503, 3, 0, 5, 0, 43, 2, 5, 4, 1),
(5502, 3, 0, 5, 0, 23, 2, 4, 4, 1),
(5501, 3, 0, 5, 0, 34, 2, 3, 4, 1),
(5500, 3, 0, 5, 0, 23, 2, 2, 4, 1),
(5499, 3, 0, 5, 0, 43, 2, 1, 4, 1),
(5498, 3, 0, 5, 0, 49, 1, 6, 4, 1),
(5497, 3, 0, 5, 0, 21, 1, 5, 4, 1),
(5496, 3, 0, 5, 0, 38, 1, 4, 4, 1),
(5495, 3, 0, 5, 0, 37, 1, 3, 4, 1),
(5494, 3, 0, 5, 0, 34, 1, 2, 4, 1),
(5493, 3, 0, 5, 0, 37, 1, 1, 4, 1),
(5516, 3, 0, 5, 0, 8, 4, 6, 4, 1),
(5517, 3, 0, 5, 0, 8, 5, 1, 4, 1),
(5518, 3, 0, 5, 0, 38, 5, 2, 4, 1),
(5519, 3, 0, 5, 0, 21, 5, 3, 4, 1),
(5520, 3, 0, 5, 0, 41, 5, 4, 4, 1),
(5521, 3, 0, 5, 0, 4, 5, 5, 4, 1),
(5522, 3, 0, 5, 0, 34, 5, 6, 4, 1),
(8085, 2, 0, 1, 0, 1, 5, 6, 4, 1),
(8084, 2, 0, 1, 0, 12, 5, 5, 4, 1),
(8083, 2, 0, 1, 0, 1, 5, 4, 4, 1),
(8082, 2, 0, 1, 0, 22, 5, 3, 4, 1),
(8081, 2, 0, 1, 0, 3, 5, 2, 4, 1),
(8080, 2, 0, 1, 0, 5, 5, 1, 4, 1),
(8079, 2, 0, 1, 0, 5, 4, 6, 4, 1),
(8078, 2, 0, 1, 0, 22, 4, 5, 4, 1),
(8077, 2, 0, 1, 0, 24, 4, 4, 4, 1),
(8076, 2, 0, 1, 0, 13, 4, 2, 4, 1),
(8075, 2, 0, 1, 0, 1, 4, 1, 4, 1),
(8074, 2, 0, 1, 0, 3, 3, 6, 4, 1),
(8073, 2, 0, 1, 0, 13, 3, 5, 4, 1),
(8072, 2, 0, 1, 0, 5, 3, 4, 4, 1),
(8071, 2, 0, 1, 0, 24, 3, 2, 4, 1),
(8070, 2, 0, 1, 0, 22, 3, 1, 4, 1),
(8069, 2, 0, 1, 0, 12, 2, 6, 4, 1),
(8068, 2, 0, 1, 0, 2, 2, 5, 4, 1),
(8067, 2, 0, 1, 0, 3, 2, 4, 4, 1),
(8066, 2, 0, 1, 0, 1, 2, 3, 4, 1),
(8065, 2, 0, 1, 0, 12, 2, 2, 4, 1),
(8064, 2, 0, 1, 0, 2, 2, 1, 4, 1),
(8063, 2, 0, 1, 0, 13, 1, 6, 4, 1),
(8062, 2, 0, 1, 0, 14, 1, 5, 4, 1),
(8061, 2, 0, 1, 0, 22, 1, 4, 4, 1),
(8060, 2, 0, 1, 0, 2, 1, 3, 4, 1),
(8059, 2, 0, 1, 0, 12, 1, 2, 4, 1),
(8058, 2, 0, 1, 0, 14, 1, 1, 4, 1),
(5594, 4, 0, 1, 0, 4, 2, 5, 4, 1),
(5593, 4, 0, 1, 0, 38, 2, 4, 4, 1),
(5592, 4, 0, 1, 0, 43, 2, 3, 4, 1),
(5591, 4, 0, 1, 0, 49, 2, 2, 4, 1),
(5590, 4, 0, 1, 0, 34, 2, 1, 4, 1),
(5589, 4, 0, 1, 0, 43, 1, 5, 4, 1),
(5588, 4, 0, 1, 0, 4, 1, 4, 4, 1),
(5587, 4, 0, 1, 0, 37, 1, 3, 4, 1),
(5586, 4, 0, 1, 0, 29, 1, 2, 4, 1),
(5585, 4, 0, 1, 0, 43, 1, 1, 4, 1),
(5595, 4, 0, 1, 0, 37, 3, 1, 4, 1),
(5596, 4, 0, 1, 0, 25, 3, 2, 4, 1),
(5597, 4, 0, 1, 0, 34, 3, 3, 4, 1),
(5598, 4, 0, 1, 0, 25, 3, 4, 4, 1),
(5599, 4, 0, 1, 0, 29, 3, 5, 4, 1),
(5600, 4, 0, 1, 0, 23, 3, 6, 4, 1),
(5601, 4, 0, 1, 0, 38, 4, 1, 4, 1),
(5602, 4, 0, 1, 0, 4, 4, 2, 4, 1),
(5603, 4, 0, 1, 0, 29, 4, 3, 4, 1),
(5604, 4, 0, 1, 0, 34, 4, 4, 4, 1),
(5605, 4, 0, 1, 0, 37, 4, 5, 4, 1),
(5606, 4, 0, 1, 0, 38, 4, 6, 4, 1),
(5607, 4, 0, 1, 0, 23, 5, 1, 4, 1),
(5608, 4, 0, 1, 0, 34, 5, 2, 4, 1),
(5609, 4, 0, 1, 0, 23, 5, 3, 4, 1),
(5610, 4, 0, 1, 0, 43, 5, 4, 4, 1),
(5611, 4, 0, 1, 0, 49, 5, 5, 4, 1),
(5612, 4, 0, 1, 0, 25, 5, 6, 4, 1),
(6048, 4, 0, 2, 0, 34, 5, 5, 4, 1),
(6047, 4, 0, 2, 0, 25, 5, 4, 4, 1),
(6046, 4, 0, 2, 0, 4, 5, 3, 4, 1),
(6045, 4, 0, 2, 0, 29, 5, 2, 4, 1),
(6044, 4, 0, 2, 0, 4, 5, 1, 4, 1),
(6043, 4, 0, 2, 0, 43, 4, 6, 4, 1),
(6042, 4, 0, 2, 0, 25, 4, 5, 4, 1),
(6041, 4, 0, 2, 0, 4, 4, 4, 4, 1),
(6040, 4, 0, 2, 0, 37, 4, 3, 4, 1),
(6039, 4, 0, 2, 0, 43, 4, 2, 4, 1),
(6038, 4, 0, 2, 0, 23, 4, 1, 4, 1),
(6037, 4, 0, 2, 0, 34, 3, 6, 4, 1),
(6036, 4, 0, 2, 0, 37, 3, 5, 4, 1),
(6035, 4, 0, 2, 0, 29, 3, 4, 4, 1),
(6034, 4, 0, 2, 0, 49, 3, 3, 4, 1),
(6033, 4, 0, 2, 0, 23, 3, 2, 4, 1),
(6032, 4, 0, 2, 0, 38, 3, 1, 4, 1),
(6031, 4, 0, 2, 0, 29, 2, 5, 4, 1),
(6030, 4, 0, 2, 0, 43, 2, 4, 4, 1),
(6029, 4, 0, 2, 0, 38, 2, 3, 4, 1),
(6028, 4, 0, 2, 0, 34, 2, 2, 4, 1),
(6027, 4, 0, 2, 0, 25, 2, 1, 4, 1),
(6026, 4, 0, 2, 0, 49, 1, 5, 4, 1),
(6025, 4, 0, 2, 0, 34, 1, 4, 4, 1),
(6024, 4, 0, 2, 0, 23, 1, 3, 4, 1),
(6023, 4, 0, 2, 0, 37, 1, 2, 4, 1),
(6022, 4, 0, 2, 0, 43, 1, 1, 4, 1),
(5640, 3, 0, 6, 0, 8, 1, 1, 4, 1),
(5641, 3, 0, 6, 0, 38, 1, 2, 4, 1),
(5642, 3, 0, 6, 0, 8, 1, 3, 4, 1),
(5643, 3, 0, 6, 0, 20, 1, 4, 4, 1),
(5644, 3, 0, 6, 0, 8, 1, 5, 4, 1),
(5645, 3, 0, 6, 0, 43, 1, 6, 4, 1),
(5646, 3, 0, 6, 0, 23, 2, 1, 4, 1),
(5647, 3, 0, 6, 0, 34, 2, 2, 4, 1),
(5648, 3, 0, 6, 0, 23, 2, 3, 4, 1),
(5649, 3, 0, 6, 0, 34, 2, 4, 4, 1),
(5650, 3, 0, 6, 0, 41, 2, 5, 4, 1),
(5651, 3, 0, 6, 0, 37, 2, 6, 4, 1),
(5652, 3, 0, 6, 0, 37, 3, 1, 4, 1),
(5653, 3, 0, 6, 0, 49, 3, 2, 4, 1),
(5654, 3, 0, 6, 0, 34, 3, 3, 4, 1),
(5655, 3, 0, 6, 0, 41, 3, 4, 4, 1),
(5656, 3, 0, 6, 0, 43, 3, 5, 4, 1),
(5657, 3, 0, 6, 0, 49, 3, 6, 4, 1),
(5658, 3, 0, 6, 0, 43, 4, 1, 4, 1),
(5659, 3, 0, 6, 0, 41, 4, 2, 4, 1),
(5660, 3, 0, 6, 0, 38, 4, 3, 4, 1),
(5661, 3, 0, 6, 0, 21, 4, 4, 4, 1),
(5662, 3, 0, 6, 0, 23, 4, 5, 4, 1),
(5663, 3, 0, 6, 0, 21, 4, 6, 4, 1),
(5664, 3, 0, 6, 0, 21, 5, 1, 4, 1),
(5665, 3, 0, 6, 0, 20, 5, 2, 4, 1),
(5666, 3, 0, 6, 0, 37, 5, 3, 4, 1),
(5667, 3, 0, 6, 0, 43, 5, 4, 4, 1),
(5668, 3, 0, 6, 0, 38, 5, 5, 4, 1),
(5669, 3, 0, 6, 0, 34, 5, 6, 4, 1),
(5670, 2, 0, 3, 0, 12, 1, 1, 4, 1),
(5671, 2, 0, 3, 0, 13, 1, 2, 4, 1),
(5672, 2, 0, 3, 0, 1, 1, 3, 4, 1),
(5673, 2, 0, 3, 0, 14, 1, 4, 4, 1),
(5674, 2, 0, 3, 0, 24, 1, 5, 4, 1),
(5675, 2, 0, 3, 0, 5, 1, 6, 4, 1),
(5676, 2, 0, 3, 0, 12, 2, 1, 4, 1),
(5677, 2, 0, 3, 0, 14, 2, 2, 4, 1),
(5678, 2, 0, 3, 0, 2, 2, 3, 4, 1),
(5679, 2, 0, 3, 0, 2, 2, 4, 4, 1),
(5680, 2, 0, 3, 0, 22, 2, 5, 4, 1),
(5681, 2, 0, 3, 0, 22, 2, 6, 4, 1),
(5682, 2, 0, 3, 0, 14, 3, 1, 4, 1),
(5683, 2, 0, 3, 0, 5, 3, 2, 4, 1),
(5684, 2, 0, 3, 0, 12, 3, 3, 4, 1),
(5685, 2, 0, 3, 0, 22, 3, 4, 4, 1),
(5686, 2, 0, 3, 0, 1, 3, 5, 4, 1),
(5687, 2, 0, 3, 0, 12, 3, 6, 4, 1),
(5688, 2, 0, 3, 0, 2, 4, 1, 4, 1),
(5689, 2, 0, 3, 0, 24, 4, 2, 4, 1),
(5690, 2, 0, 3, 0, 5, 4, 3, 4, 1),
(5691, 2, 0, 3, 0, 1, 4, 4, 4, 1),
(5692, 2, 0, 3, 0, 13, 4, 5, 4, 1),
(5693, 2, 0, 3, 0, 3, 4, 6, 4, 1),
(5694, 2, 0, 3, 0, 1, 5, 1, 4, 1),
(5695, 2, 0, 3, 0, 22, 5, 2, 4, 1),
(5696, 2, 0, 3, 0, 13, 5, 3, 4, 1),
(5697, 2, 0, 3, 0, 3, 5, 4, 4, 1),
(5698, 2, 0, 3, 0, 3, 5, 5, 4, 1),
(5699, 2, 0, 4, 0, 2, 1, 1, 4, 1),
(5700, 2, 0, 4, 0, 12, 1, 2, 4, 1),
(5701, 2, 0, 4, 0, 5, 1, 3, 4, 1),
(5702, 2, 0, 4, 0, 12, 1, 4, 4, 1),
(5703, 2, 0, 4, 0, 3, 1, 5, 4, 1),
(5704, 2, 0, 4, 0, 24, 1, 6, 4, 1),
(5705, 2, 0, 4, 0, 1, 2, 1, 4, 1),
(5706, 2, 0, 4, 0, 12, 2, 2, 4, 1),
(5707, 2, 0, 4, 0, 3, 2, 3, 4, 1),
(5708, 2, 0, 4, 0, 14, 2, 4, 4, 1),
(5709, 2, 0, 4, 0, 2, 2, 5, 4, 1),
(5710, 2, 0, 4, 0, 13, 2, 6, 4, 1),
(5711, 2, 0, 4, 0, 3, 3, 1, 4, 1),
(5712, 2, 0, 4, 0, 14, 3, 2, 4, 1),
(5713, 2, 0, 4, 0, 22, 3, 3, 4, 1),
(5714, 2, 0, 4, 0, 24, 3, 4, 4, 1),
(5715, 2, 0, 4, 0, 22, 3, 5, 4, 1),
(5716, 2, 0, 4, 0, 5, 3, 6, 4, 1),
(5717, 2, 0, 4, 0, 13, 4, 1, 4, 1),
(5718, 2, 0, 4, 0, 5, 4, 2, 4, 1),
(5719, 2, 0, 4, 0, 2, 4, 3, 4, 1),
(5720, 2, 0, 4, 0, 1, 4, 4, 4, 1),
(5721, 2, 0, 4, 0, 12, 4, 5, 4, 1),
(5722, 2, 0, 4, 0, 1, 4, 6, 4, 1),
(5723, 2, 0, 4, 0, 22, 5, 1, 4, 1),
(5724, 2, 0, 4, 0, 1, 5, 2, 4, 1),
(5725, 2, 0, 4, 0, 14, 5, 3, 4, 1),
(5726, 2, 0, 4, 0, 22, 5, 4, 4, 1),
(5727, 2, 0, 4, 0, 13, 5, 5, 4, 1),
(5728, 2, 0, 5, 0, 13, 1, 1, 4, 1),
(5729, 2, 0, 5, 0, 1, 1, 2, 4, 1),
(5730, 2, 0, 5, 0, 3, 1, 3, 4, 1),
(5731, 2, 0, 5, 0, 24, 1, 4, 4, 1),
(5732, 2, 0, 5, 0, 3, 1, 5, 4, 1),
(5733, 2, 0, 5, 0, 1, 1, 6, 4, 1),
(5734, 2, 0, 5, 0, 22, 2, 1, 4, 1),
(5735, 2, 0, 5, 0, 5, 2, 3, 4, 1),
(5736, 2, 0, 5, 0, 22, 2, 4, 4, 1),
(5737, 2, 0, 5, 0, 12, 2, 5, 4, 1),
(5738, 2, 0, 5, 0, 24, 2, 6, 4, 1),
(5739, 2, 0, 5, 0, 5, 3, 1, 4, 1),
(5740, 2, 0, 5, 0, 13, 3, 2, 4, 1),
(5741, 2, 0, 5, 0, 1, 3, 3, 4, 1),
(5742, 2, 0, 5, 0, 2, 3, 4, 4, 1),
(5743, 2, 0, 5, 0, 12, 3, 5, 4, 1),
(5744, 2, 0, 5, 0, 14, 3, 6, 4, 1),
(5745, 2, 0, 5, 0, 3, 4, 1, 4, 1),
(5746, 2, 0, 5, 0, 22, 4, 2, 4, 1),
(5747, 2, 0, 5, 0, 22, 4, 3, 4, 1),
(5748, 2, 0, 5, 0, 5, 4, 4, 4, 1),
(5749, 2, 0, 5, 0, 1, 4, 5, 4, 1),
(5750, 2, 0, 5, 0, 2, 4, 6, 4, 1),
(5751, 2, 0, 5, 0, 12, 5, 1, 4, 1),
(5752, 2, 0, 5, 0, 14, 5, 2, 4, 1),
(5753, 2, 0, 5, 0, 2, 5, 3, 4, 1),
(5754, 2, 0, 5, 0, 14, 5, 4, 4, 1),
(5755, 2, 0, 5, 0, 13, 5, 5, 4, 1),
(5756, 2, 0, 5, 0, 12, 5, 6, 4, 1),
(5836, 1, 0, 1, 0, 19, 2, 3, 4, 1),
(5835, 1, 0, 1, 0, 12, 2, 2, 4, 1),
(5834, 1, 0, 1, 0, 2, 2, 1, 4, 1),
(5833, 1, 0, 1, 0, 19, 1, 6, 4, 1),
(5761, 2, 0, 6, 0, 12, 1, 1, 4, 1),
(5762, 2, 0, 6, 0, 3, 1, 2, 4, 1),
(5763, 2, 0, 6, 0, 2, 1, 3, 4, 1),
(5764, 2, 0, 6, 0, 22, 1, 4, 4, 1),
(5765, 2, 0, 6, 0, 5, 1, 5, 4, 1),
(5766, 2, 0, 6, 0, 14, 1, 6, 4, 1),
(5767, 2, 0, 6, 0, 12, 2, 1, 4, 1),
(5768, 2, 0, 6, 0, 1, 2, 2, 4, 1),
(5769, 2, 0, 6, 0, 13, 2, 3, 4, 1),
(5770, 2, 0, 6, 0, 5, 2, 4, 4, 1),
(5771, 2, 0, 6, 0, 24, 2, 5, 4, 1),
(5772, 2, 0, 6, 0, 2, 2, 6, 4, 1),
(5773, 2, 0, 6, 0, 1, 3, 1, 4, 1),
(5774, 2, 0, 6, 0, 3, 3, 3, 4, 1),
(5775, 2, 0, 6, 0, 1, 3, 4, 4, 1),
(5776, 2, 0, 6, 0, 3, 3, 5, 4, 1),
(5777, 2, 0, 6, 0, 12, 3, 6, 4, 1),
(5778, 2, 0, 6, 0, 22, 4, 1, 4, 1),
(5779, 2, 0, 6, 0, 13, 4, 2, 4, 1),
(5780, 2, 0, 6, 0, 14, 4, 3, 4, 1),
(5781, 2, 0, 6, 0, 14, 4, 4, 4, 1),
(5782, 2, 0, 6, 0, 22, 4, 5, 4, 1),
(5783, 2, 0, 6, 0, 24, 4, 6, 4, 1),
(5784, 2, 0, 6, 0, 2, 5, 1, 4, 1),
(5785, 2, 0, 6, 0, 5, 5, 2, 4, 1),
(5786, 2, 0, 6, 0, 22, 5, 3, 4, 1),
(5787, 2, 0, 6, 0, 12, 5, 4, 4, 1),
(5788, 2, 0, 6, 0, 1, 5, 5, 4, 1),
(5789, 2, 0, 6, 0, 13, 5, 6, 4, 1),
(5832, 1, 0, 1, 0, 1, 1, 5, 4, 1),
(5831, 1, 0, 1, 0, 1, 1, 4, 4, 1),
(5830, 1, 0, 1, 0, 5, 1, 3, 4, 1),
(5829, 1, 0, 1, 0, 12, 1, 2, 4, 1),
(5828, 1, 0, 1, 0, 22, 1, 1, 4, 1),
(5799, 2, 0, 7, 0, 14, 1, 1, 4, 1),
(5800, 2, 0, 7, 0, 22, 1, 2, 4, 1),
(5801, 2, 0, 7, 0, 3, 1, 3, 4, 1),
(5802, 2, 0, 7, 0, 3, 1, 4, 4, 1),
(5803, 2, 0, 7, 0, 14, 1, 5, 4, 1),
(5804, 2, 0, 7, 0, 12, 1, 6, 4, 1),
(5805, 2, 0, 7, 0, 5, 2, 1, 4, 1),
(5806, 2, 0, 7, 0, 12, 2, 2, 4, 1),
(5807, 2, 0, 7, 0, 2, 2, 3, 4, 1),
(5808, 2, 0, 7, 0, 1, 2, 4, 4, 1),
(5809, 2, 0, 7, 0, 22, 2, 5, 4, 1),
(5810, 2, 0, 7, 0, 5, 2, 6, 4, 1),
(5811, 2, 0, 7, 0, 1, 3, 1, 4, 1),
(5812, 2, 0, 7, 0, 12, 3, 2, 4, 1),
(5813, 2, 0, 7, 0, 14, 3, 3, 4, 1),
(5814, 2, 0, 7, 0, 22, 3, 4, 4, 1),
(5815, 2, 0, 7, 0, 12, 3, 5, 4, 1),
(5816, 2, 0, 7, 0, 2, 3, 6, 4, 1),
(5817, 2, 0, 7, 0, 24, 4, 1, 4, 1),
(5818, 2, 0, 7, 0, 2, 4, 2, 4, 1),
(5819, 2, 0, 7, 0, 1, 4, 3, 4, 1),
(5820, 2, 0, 7, 0, 13, 4, 4, 4, 1),
(5821, 2, 0, 7, 0, 3, 4, 5, 4, 1),
(5822, 2, 0, 7, 0, 13, 4, 6, 4, 1),
(5823, 2, 0, 7, 0, 22, 5, 1, 4, 1),
(5824, 2, 0, 7, 0, 1, 5, 2, 4, 1),
(5825, 2, 0, 7, 0, 13, 5, 3, 4, 1),
(5826, 2, 0, 7, 0, 24, 5, 4, 4, 1),
(5827, 2, 0, 7, 0, 5, 5, 5, 4, 1),
(5837, 1, 0, 1, 0, 24, 2, 4, 4, 1),
(5838, 1, 0, 1, 0, 22, 2, 5, 4, 1),
(5839, 1, 0, 1, 0, 12, 2, 6, 4, 1),
(5840, 1, 0, 1, 0, 19, 3, 1, 4, 1),
(5841, 1, 0, 1, 0, 2, 3, 2, 4, 1),
(5842, 1, 0, 1, 0, 22, 3, 3, 4, 1),
(5843, 1, 0, 1, 0, 3, 3, 4, 4, 1),
(5844, 1, 0, 1, 0, 3, 3, 5, 4, 1),
(5845, 1, 0, 1, 0, 1, 4, 1, 4, 1),
(5846, 1, 0, 1, 0, 24, 4, 2, 4, 1),
(5847, 1, 0, 1, 0, 3, 4, 3, 4, 1),
(5848, 1, 0, 1, 0, 19, 4, 4, 4, 1),
(5849, 1, 0, 1, 0, 5, 4, 5, 4, 1),
(5850, 1, 0, 1, 0, 5, 5, 1, 4, 1),
(5851, 1, 0, 1, 0, 1, 5, 2, 4, 1),
(5852, 1, 0, 1, 0, 2, 5, 3, 4, 1),
(5853, 1, 0, 1, 0, 22, 5, 4, 4, 1),
(5854, 1, 0, 1, 0, 12, 5, 5, 4, 1),
(9070, 3, 0, 3, 0, 37, 6, 2, 4, 1),
(9069, 3, 0, 3, 0, 21, 6, 1, 4, 1),
(5885, 2, 0, 17, 0, 3, 1, 1, 4, 1),
(5886, 2, 0, 17, 0, 12, 1, 2, 4, 1),
(5887, 2, 0, 17, 0, 12, 1, 3, 4, 1),
(5888, 2, 0, 17, 0, 13, 1, 4, 4, 1),
(5889, 2, 0, 17, 0, 12, 1, 5, 4, 1),
(5890, 2, 0, 17, 0, 24, 2, 1, 4, 1),
(5891, 2, 0, 17, 0, 2, 2, 2, 4, 1),
(5892, 2, 0, 17, 0, 22, 2, 3, 4, 1),
(5893, 2, 0, 17, 0, 1, 2, 4, 4, 1),
(5894, 2, 0, 17, 0, 12, 2, 5, 4, 1),
(5895, 2, 0, 17, 0, 1, 2, 6, 4, 1),
(5896, 2, 0, 17, 0, 2, 3, 1, 4, 1),
(5897, 2, 0, 17, 0, 5, 3, 2, 4, 1),
(5898, 2, 0, 17, 0, 1, 3, 3, 4, 1),
(5899, 2, 0, 17, 0, 3, 3, 4, 4, 1),
(5900, 2, 0, 17, 0, 2, 3, 5, 4, 1),
(5901, 2, 0, 17, 0, 13, 3, 6, 4, 1),
(5902, 2, 0, 17, 0, 14, 4, 1, 4, 1),
(5903, 2, 0, 17, 0, 22, 4, 2, 4, 1),
(5904, 2, 0, 17, 0, 13, 4, 3, 4, 1),
(5905, 2, 0, 17, 0, 22, 4, 4, 4, 1),
(5906, 2, 0, 17, 0, 24, 4, 5, 4, 1),
(5907, 2, 0, 17, 0, 5, 4, 6, 4, 1),
(5908, 2, 0, 17, 0, 1, 5, 1, 4, 1),
(5909, 2, 0, 17, 0, 14, 5, 2, 4, 1),
(5910, 2, 0, 17, 0, 5, 5, 3, 4, 1),
(5911, 2, 0, 17, 0, 14, 5, 4, 4, 1),
(5912, 2, 0, 17, 0, 22, 5, 5, 4, 1),
(5913, 2, 0, 17, 0, 3, 5, 6, 4, 1),
(5993, 1, 0, 2, 0, 3, 5, 5, 4, 1),
(5992, 1, 0, 2, 0, 5, 5, 4, 4, 1),
(5991, 1, 0, 2, 0, 24, 5, 3, 4, 1),
(5990, 1, 0, 2, 0, 24, 5, 2, 4, 1),
(5989, 1, 0, 2, 0, 1, 5, 1, 4, 1),
(5988, 1, 0, 2, 0, 22, 4, 5, 4, 1),
(5987, 1, 0, 2, 0, 12, 4, 4, 4, 1),
(5986, 1, 0, 2, 0, 22, 4, 3, 4, 1),
(5985, 1, 0, 2, 0, 5, 4, 2, 4, 1),
(5984, 1, 0, 2, 0, 12, 4, 1, 4, 1),
(5983, 1, 0, 2, 0, 1, 3, 5, 4, 1),
(5982, 1, 0, 2, 0, 19, 3, 4, 4, 1),
(5981, 1, 0, 2, 0, 2, 3, 3, 4, 1),
(5980, 1, 0, 2, 0, 22, 3, 2, 4, 1),
(5979, 1, 0, 2, 0, 2, 3, 1, 4, 1),
(5978, 1, 0, 2, 0, 3, 2, 6, 4, 1),
(5977, 1, 0, 2, 0, 2, 2, 5, 4, 1),
(5976, 1, 0, 2, 0, 3, 2, 4, 4, 1),
(5975, 1, 0, 2, 0, 1, 2, 3, 4, 1),
(5974, 1, 0, 2, 0, 12, 2, 2, 4, 1),
(5973, 1, 0, 2, 0, 19, 2, 1, 4, 1),
(5972, 1, 0, 2, 0, 5, 1, 6, 4, 1),
(5971, 1, 0, 2, 0, 19, 1, 5, 4, 1),
(5970, 1, 0, 2, 0, 1, 1, 4, 4, 1),
(5969, 1, 0, 2, 0, 19, 1, 3, 4, 1),
(5968, 1, 0, 2, 0, 12, 1, 2, 4, 1),
(5967, 1, 0, 2, 0, 22, 1, 1, 4, 1),
(5994, 4, 0, 3, 0, 23, 1, 1, 4, 1),
(5995, 4, 0, 3, 0, 34, 1, 2, 4, 1),
(5996, 4, 0, 3, 0, 38, 1, 3, 4, 1),
(5997, 4, 0, 3, 0, 49, 1, 4, 4, 1),
(5998, 4, 0, 3, 0, 29, 1, 5, 4, 1),
(5999, 4, 0, 3, 0, 38, 2, 1, 4, 1),
(6000, 4, 0, 3, 0, 29, 2, 2, 4, 1),
(6001, 4, 0, 3, 0, 23, 2, 3, 4, 1),
(6002, 4, 0, 3, 0, 4, 2, 4, 4, 1),
(6003, 4, 0, 3, 0, 43, 2, 5, 4, 1),
(6004, 4, 0, 3, 0, 43, 3, 1, 4, 1),
(6005, 4, 0, 3, 0, 37, 3, 2, 4, 1),
(6006, 4, 0, 3, 0, 29, 3, 3, 4, 1),
(6007, 4, 0, 3, 0, 43, 3, 4, 4, 1),
(6008, 4, 0, 3, 0, 34, 3, 5, 4, 1),
(6009, 4, 0, 3, 0, 38, 3, 6, 4, 1),
(6010, 4, 0, 3, 0, 34, 4, 1, 4, 1),
(6011, 4, 0, 3, 0, 43, 4, 2, 4, 1),
(6012, 4, 0, 3, 0, 25, 4, 3, 4, 1),
(6013, 4, 0, 3, 0, 25, 4, 4, 4, 1),
(6014, 4, 0, 3, 0, 49, 4, 5, 4, 1),
(6015, 4, 0, 3, 0, 23, 4, 6, 4, 1),
(6016, 4, 0, 3, 0, 37, 5, 1, 4, 1),
(6017, 4, 0, 3, 0, 4, 5, 2, 4, 1),
(6018, 4, 0, 3, 0, 37, 5, 3, 4, 1),
(6019, 4, 0, 3, 0, 34, 5, 4, 4, 1),
(6020, 4, 0, 3, 0, 25, 5, 5, 4, 1),
(6021, 4, 0, 3, 0, 4, 5, 6, 4, 1),
(6049, 4, 0, 2, 0, 38, 5, 6, 4, 1),
(6050, 2, 0, 8, 0, 24, 1, 1, 4, 1),
(6051, 2, 0, 8, 0, 3, 1, 2, 4, 1),
(6052, 2, 0, 8, 0, 14, 1, 3, 4, 1),
(6053, 2, 0, 8, 0, 2, 1, 4, 4, 1),
(6054, 2, 0, 8, 0, 22, 1, 5, 4, 1),
(6055, 2, 0, 8, 0, 13, 1, 6, 4, 1),
(6056, 2, 0, 8, 0, 14, 2, 1, 4, 1),
(6057, 2, 0, 8, 0, 1, 2, 2, 4, 1),
(6058, 2, 0, 8, 0, 12, 2, 3, 4, 1),
(6059, 2, 0, 8, 0, 22, 2, 4, 4, 1),
(6060, 2, 0, 8, 0, 1, 2, 5, 4, 1),
(6061, 2, 0, 8, 0, 12, 2, 6, 4, 1),
(6062, 2, 0, 8, 0, 22, 3, 1, 4, 1),
(6063, 2, 0, 8, 0, 2, 3, 2, 4, 1),
(6064, 2, 0, 8, 0, 12, 3, 3, 4, 1),
(6065, 2, 0, 8, 0, 1, 3, 4, 4, 1),
(6066, 2, 0, 8, 0, 13, 3, 5, 4, 1),
(6067, 2, 0, 8, 0, 5, 3, 6, 4, 1),
(6068, 2, 0, 8, 0, 5, 4, 1, 4, 1),
(6069, 2, 0, 8, 0, 14, 4, 2, 4, 1),
(6070, 2, 0, 8, 0, 22, 4, 3, 4, 1),
(6071, 2, 0, 8, 0, 3, 4, 4, 4, 1),
(6072, 2, 0, 8, 0, 2, 4, 5, 4, 1),
(6073, 2, 0, 8, 0, 1, 4, 6, 4, 1),
(6074, 2, 0, 8, 0, 12, 5, 1, 4, 1),
(6075, 2, 0, 8, 0, 13, 5, 2, 4, 1),
(6076, 2, 0, 8, 0, 3, 5, 3, 4, 1),
(6077, 2, 0, 8, 0, 5, 5, 4, 4, 1),
(6078, 2, 0, 8, 0, 24, 5, 5, 4, 1),
(6151, 3, 0, 7, 0, 34, 4, 5, 4, 1),
(6150, 3, 0, 7, 0, 37, 4, 4, 4, 1),
(6149, 3, 0, 7, 0, 20, 4, 3, 4, 1),
(6148, 3, 0, 7, 0, 20, 4, 2, 4, 1),
(6147, 3, 0, 7, 0, 41, 4, 1, 4, 1),
(6146, 3, 0, 7, 0, 37, 3, 6, 4, 1),
(6145, 3, 0, 7, 0, 43, 3, 5, 4, 1),
(6144, 3, 0, 7, 0, 49, 3, 4, 4, 1),
(6143, 3, 0, 7, 0, 23, 3, 3, 4, 1),
(6142, 3, 0, 7, 0, 8, 3, 2, 4, 1),
(6141, 3, 0, 7, 0, 49, 3, 1, 4, 1),
(6140, 3, 0, 7, 0, 8, 2, 6, 4, 1),
(6139, 3, 0, 7, 0, 38, 2, 5, 4, 1),
(6138, 3, 0, 7, 0, 34, 2, 4, 4, 1),
(6137, 3, 0, 7, 0, 41, 2, 3, 4, 1),
(6136, 3, 0, 7, 0, 37, 2, 2, 4, 1),
(6135, 3, 0, 7, 0, 23, 2, 1, 4, 1),
(6134, 3, 0, 7, 0, 34, 1, 6, 4, 1),
(6133, 3, 0, 7, 0, 21, 1, 5, 4, 1),
(6132, 3, 0, 7, 0, 41, 1, 4, 4, 1),
(6131, 3, 0, 7, 0, 38, 1, 3, 4, 1),
(6130, 3, 0, 7, 0, 43, 1, 2, 4, 1),
(6129, 3, 0, 7, 0, 34, 1, 1, 4, 1),
(6102, 1, 0, 3, 0, 2, 1, 1, 4, 1),
(6103, 1, 0, 3, 0, 22, 1, 2, 4, 1),
(6104, 1, 0, 3, 0, 1, 1, 3, 4, 1),
(6105, 1, 0, 3, 0, 2, 1, 4, 4, 1),
(6106, 1, 0, 3, 0, 22, 1, 5, 4, 1),
(6107, 1, 0, 3, 0, 12, 1, 6, 4, 1),
(6108, 1, 0, 3, 0, 5, 2, 1, 4, 1),
(6109, 1, 0, 3, 0, 5, 2, 2, 4, 1),
(6110, 1, 0, 3, 0, 2, 2, 3, 4, 1),
(6111, 1, 0, 3, 0, 5, 2, 4, 4, 1),
(6112, 1, 0, 3, 0, 3, 2, 5, 4, 1),
(6113, 1, 0, 3, 0, 19, 2, 6, 4, 1),
(6114, 1, 0, 3, 0, 22, 3, 1, 4, 1),
(6115, 1, 0, 3, 0, 3, 3, 2, 4, 1),
(6116, 1, 0, 3, 0, 3, 3, 3, 4, 1),
(6117, 1, 0, 3, 0, 22, 3, 4, 4, 1),
(6118, 1, 0, 3, 0, 24, 3, 5, 4, 1),
(6119, 1, 0, 3, 0, 1, 3, 6, 4, 1),
(6120, 1, 0, 3, 0, 19, 4, 1, 4, 1),
(6121, 1, 0, 3, 0, 12, 4, 2, 4, 1),
(6122, 1, 0, 3, 0, 19, 4, 3, 4, 1),
(6123, 1, 0, 3, 0, 12, 4, 4, 4, 1),
(6124, 1, 0, 3, 0, 1, 4, 5, 4, 1),
(6125, 1, 0, 3, 0, 1, 5, 1, 4, 1),
(6126, 1, 0, 3, 0, 24, 5, 3, 4, 1),
(6127, 1, 0, 3, 0, 12, 5, 4, 4, 1),
(6128, 1, 0, 3, 0, 19, 5, 5, 4, 1),
(6152, 3, 0, 7, 0, 38, 4, 6, 4, 1),
(6153, 3, 0, 7, 0, 43, 5, 1, 4, 1),
(6154, 3, 0, 7, 0, 21, 5, 2, 4, 1),
(6155, 3, 0, 7, 0, 43, 5, 3, 4, 1),
(6156, 3, 0, 7, 0, 8, 5, 4, 4, 1),
(6157, 3, 0, 7, 0, 23, 5, 5, 4, 1),
(6158, 3, 0, 7, 0, 21, 5, 6, 4, 1),
(7927, 1, 0, 4, 0, 1, 5, 5, 4, 1),
(7926, 1, 0, 4, 0, 1, 5, 4, 4, 1),
(7925, 1, 0, 4, 0, 12, 5, 3, 4, 1),
(7924, 1, 0, 4, 0, 12, 5, 2, 4, 1),
(7923, 1, 0, 4, 0, 2, 5, 1, 4, 1),
(7922, 1, 0, 4, 0, 3, 4, 5, 4, 1),
(7921, 1, 0, 4, 0, 24, 4, 4, 4, 1),
(7920, 1, 0, 4, 0, 12, 4, 3, 4, 1),
(7919, 1, 0, 4, 0, 3, 4, 2, 4, 1),
(7918, 1, 0, 4, 0, 24, 3, 6, 4, 1),
(7917, 1, 0, 4, 0, 19, 3, 5, 4, 1),
(7916, 1, 0, 4, 0, 22, 3, 4, 4, 1),
(7915, 1, 0, 4, 0, 1, 3, 3, 4, 1),
(7914, 1, 0, 4, 0, 2, 3, 2, 4, 1),
(7913, 1, 0, 4, 0, 22, 3, 1, 4, 1),
(7912, 1, 0, 4, 0, 5, 2, 6, 4, 1),
(7911, 1, 0, 4, 0, 22, 2, 5, 4, 1),
(7910, 1, 0, 4, 0, 19, 2, 4, 4, 1),
(7909, 1, 0, 4, 0, 2, 2, 3, 4, 1),
(7908, 1, 0, 4, 0, 19, 2, 2, 4, 1),
(7907, 1, 0, 4, 0, 1, 2, 1, 4, 1),
(7906, 1, 0, 4, 0, 12, 1, 6, 4, 1),
(7905, 1, 0, 4, 0, 5, 1, 5, 4, 1),
(7904, 1, 0, 4, 0, 3, 1, 4, 4, 1),
(7903, 1, 0, 4, 0, 22, 1, 3, 4, 1),
(7902, 1, 0, 4, 0, 5, 1, 2, 4, 1),
(7901, 1, 0, 4, 0, 19, 1, 1, 4, 1),
(6396, 4, 0, 4, 0, 34, 5, 6, 4, 1),
(6395, 4, 0, 4, 0, 43, 5, 5, 4, 1),
(6394, 4, 0, 4, 0, 49, 5, 4, 4, 1),
(6393, 4, 0, 4, 0, 34, 5, 3, 4, 1),
(6392, 4, 0, 4, 0, 25, 5, 2, 4, 1),
(6391, 4, 0, 4, 0, 38, 5, 1, 4, 1),
(6390, 4, 0, 4, 0, 43, 4, 6, 4, 1),
(6389, 4, 0, 4, 0, 29, 4, 5, 4, 1),
(6388, 4, 0, 4, 0, 37, 4, 4, 4, 1),
(6387, 4, 0, 4, 0, 4, 4, 3, 4, 1),
(6386, 4, 0, 4, 0, 29, 4, 2, 4, 1),
(6385, 4, 0, 4, 0, 43, 4, 1, 4, 1),
(6384, 4, 0, 4, 0, 25, 3, 6, 4, 1),
(6383, 4, 0, 4, 0, 4, 3, 5, 4, 1),
(6382, 4, 0, 4, 0, 38, 3, 4, 4, 1),
(6381, 4, 0, 4, 0, 23, 3, 3, 4, 1),
(6380, 4, 0, 4, 0, 23, 3, 1, 4, 1),
(6379, 4, 0, 4, 0, 34, 2, 5, 4, 1),
(6208, 2, 0, 2, 0, 1, 1, 5, 4, 1),
(6209, 2, 0, 2, 0, 12, 1, 6, 4, 1),
(6210, 2, 0, 2, 0, 14, 2, 1, 4, 1),
(6211, 2, 0, 2, 0, 5, 2, 2, 4, 1),
(6212, 2, 0, 2, 0, 24, 2, 4, 4, 1),
(6213, 2, 0, 2, 0, 3, 2, 5, 4, 1),
(6214, 2, 0, 2, 0, 14, 2, 6, 4, 1),
(6215, 2, 0, 2, 0, 2, 3, 1, 4, 1),
(6216, 2, 0, 2, 0, 13, 3, 2, 4, 1),
(6217, 2, 0, 2, 0, 13, 3, 3, 4, 1),
(6218, 2, 0, 2, 0, 2, 3, 4, 4, 1),
(6219, 2, 0, 2, 0, 2, 3, 5, 4, 1),
(6220, 2, 0, 2, 0, 1, 3, 6, 4, 1),
(6221, 2, 0, 2, 0, 22, 4, 1, 4, 1),
(6222, 2, 0, 2, 0, 3, 4, 2, 4, 1),
(6223, 2, 0, 2, 0, 12, 4, 3, 4, 1),
(6224, 2, 0, 2, 0, 22, 4, 4, 4, 1),
(6225, 2, 0, 2, 0, 5, 4, 5, 4, 1),
(6226, 2, 0, 2, 0, 3, 4, 6, 4, 1),
(6227, 2, 0, 2, 0, 12, 5, 1, 4, 1),
(6228, 2, 0, 2, 0, 24, 5, 2, 4, 1),
(6229, 2, 0, 2, 0, 12, 5, 3, 4, 1),
(6230, 2, 0, 2, 0, 1, 5, 4, 4, 1),
(6231, 2, 0, 2, 0, 22, 5, 5, 4, 1),
(6232, 2, 0, 2, 0, 5, 5, 6, 4, 1),
(6378, 4, 0, 4, 0, 29, 2, 4, 4, 1),
(6377, 4, 0, 4, 0, 38, 2, 3, 4, 1),
(6376, 4, 0, 4, 0, 23, 2, 2, 4, 1),
(6375, 4, 0, 4, 0, 37, 2, 1, 4, 1),
(6374, 4, 0, 4, 0, 37, 1, 5, 4, 1),
(6373, 4, 0, 4, 0, 25, 1, 4, 4, 1),
(6372, 4, 0, 4, 0, 43, 1, 3, 4, 1),
(6371, 4, 0, 4, 0, 34, 1, 2, 4, 1),
(6370, 4, 0, 4, 0, 4, 1, 1, 4, 1),
(6368, 1, 0, 5, 0, 24, 5, 4, 4, 1),
(6367, 1, 0, 5, 0, 5, 5, 3, 4, 1),
(6366, 1, 0, 5, 0, 24, 5, 2, 4, 1),
(6365, 1, 0, 5, 0, 19, 5, 1, 4, 1),
(6364, 1, 0, 5, 0, 2, 4, 5, 4, 1),
(6363, 1, 0, 5, 0, 2, 4, 4, 4, 1),
(6362, 1, 0, 5, 0, 3, 4, 3, 4, 1),
(6361, 1, 0, 5, 0, 19, 4, 2, 4, 1),
(6360, 1, 0, 5, 0, 2, 4, 1, 4, 1),
(6359, 1, 0, 5, 0, 22, 3, 5, 4, 1),
(6358, 1, 0, 5, 0, 3, 3, 4, 4, 1),
(6357, 1, 0, 5, 0, 12, 3, 3, 4, 1),
(6356, 1, 0, 5, 0, 5, 3, 2, 4, 1),
(6355, 1, 0, 5, 0, 1, 3, 1, 4, 1),
(6354, 1, 0, 5, 0, 5, 2, 6, 4, 1),
(6353, 1, 0, 5, 0, 3, 2, 5, 4, 1),
(6352, 1, 0, 5, 0, 12, 2, 4, 4, 1),
(6351, 1, 0, 5, 0, 12, 2, 3, 4, 1),
(6350, 1, 0, 5, 0, 22, 2, 2, 4, 1),
(6349, 1, 0, 5, 0, 22, 2, 1, 4, 1),
(6348, 1, 0, 5, 0, 1, 1, 6, 4, 1),
(6347, 1, 0, 5, 0, 19, 1, 5, 4, 1),
(6346, 1, 0, 5, 0, 19, 1, 4, 4, 1),
(6345, 1, 0, 5, 0, 22, 1, 3, 4, 1),
(6344, 1, 0, 5, 0, 1, 1, 2, 4, 1),
(6343, 1, 0, 5, 0, 12, 1, 1, 4, 1),
(6339, 3, 0, 17, 0, 8, 5, 3, 4, 1),
(6338, 3, 0, 17, 0, 41, 5, 2, 4, 1),
(6337, 3, 0, 17, 0, 43, 5, 1, 4, 1),
(6336, 3, 0, 17, 0, 8, 4, 6, 4, 1),
(6335, 3, 0, 17, 0, 38, 4, 5, 4, 1),
(6334, 3, 0, 17, 0, 43, 4, 4, 4, 1),
(6333, 3, 0, 17, 0, 21, 4, 3, 4, 1),
(6332, 3, 0, 17, 0, 43, 4, 2, 4, 1),
(6331, 3, 0, 17, 0, 23, 4, 1, 4, 1),
(6330, 3, 0, 17, 0, 21, 3, 6, 4, 1),
(6329, 3, 0, 17, 0, 49, 3, 5, 4, 1),
(6328, 3, 0, 17, 0, 34, 3, 4, 4, 1),
(6327, 3, 0, 17, 0, 4, 3, 3, 4, 1),
(6326, 3, 0, 17, 0, 23, 3, 2, 4, 1),
(6325, 3, 0, 17, 0, 34, 3, 1, 4, 1),
(6324, 3, 0, 17, 0, 4, 2, 6, 4, 1),
(6323, 3, 0, 17, 0, 34, 2, 5, 4, 1),
(6322, 3, 0, 17, 0, 41, 2, 4, 4, 1),
(6321, 3, 0, 17, 0, 38, 2, 3, 4, 1),
(6320, 3, 0, 17, 0, 21, 2, 2, 4, 1),
(6319, 3, 0, 17, 0, 49, 2, 1, 4, 1),
(6318, 3, 0, 17, 0, 37, 1, 6, 4, 1),
(6317, 3, 0, 17, 0, 43, 1, 5, 4, 1),
(6316, 3, 0, 17, 0, 23, 1, 4, 4, 1),
(6315, 3, 0, 17, 0, 34, 1, 3, 4, 1),
(6314, 3, 0, 17, 0, 37, 1, 2, 4, 1),
(6313, 3, 0, 17, 0, 41, 1, 1, 4, 1),
(6340, 3, 0, 17, 0, 37, 5, 4, 4, 1),
(6341, 3, 0, 17, 0, 8, 5, 5, 4, 1),
(6342, 3, 0, 17, 0, 38, 5, 6, 4, 1),
(6369, 1, 0, 5, 0, 1, 5, 5, 4, 1),
(6397, 1, 0, 6, 0, 1, 1, 1, 4, 1),
(6398, 1, 0, 6, 0, 19, 1, 2, 4, 1),
(6399, 1, 0, 6, 0, 3, 1, 3, 4, 1),
(6400, 1, 0, 6, 0, 12, 1, 4, 4, 1),
(6401, 1, 0, 6, 0, 22, 1, 5, 4, 1),
(6402, 1, 0, 6, 0, 19, 1, 6, 4, 1),
(6403, 1, 0, 6, 0, 3, 2, 1, 4, 1),
(6404, 1, 0, 6, 0, 1, 2, 2, 4, 1),
(6405, 1, 0, 6, 0, 22, 2, 3, 4, 1),
(6406, 1, 0, 6, 0, 12, 2, 4, 4, 1),
(6407, 1, 0, 6, 0, 2, 2, 5, 4, 1),
(6408, 1, 0, 6, 0, 1, 2, 6, 4, 1),
(6409, 1, 0, 6, 0, 5, 3, 1, 4, 1),
(6410, 1, 0, 6, 0, 24, 3, 2, 4, 1),
(6411, 1, 0, 6, 0, 12, 3, 3, 4, 1),
(6412, 1, 0, 6, 0, 1, 3, 4, 4, 1),
(6413, 1, 0, 6, 0, 24, 3, 5, 4, 1),
(6414, 1, 0, 6, 0, 19, 4, 1, 4, 1),
(6415, 1, 0, 6, 0, 22, 4, 2, 4, 1),
(6416, 1, 0, 6, 0, 19, 4, 3, 4, 1),
(6417, 1, 0, 6, 0, 22, 4, 4, 4, 1),
(6418, 1, 0, 6, 0, 5, 4, 5, 4, 1),
(6419, 1, 0, 6, 0, 12, 5, 1, 4, 1),
(6420, 1, 0, 6, 0, 5, 5, 2, 4, 1),
(6421, 1, 0, 6, 0, 2, 5, 3, 4, 1),
(6422, 1, 0, 6, 0, 2, 5, 4, 4, 1),
(6423, 1, 0, 6, 0, 3, 5, 5, 4, 1),
(6424, 1, 0, 7, 0, 19, 1, 1, 4, 1),
(6425, 1, 0, 7, 0, 12, 1, 2, 4, 1),
(6426, 1, 0, 7, 0, 12, 1, 3, 4, 1),
(6427, 1, 0, 7, 0, 3, 1, 4, 4, 1),
(6428, 1, 0, 7, 0, 5, 1, 5, 4, 1),
(6429, 1, 0, 7, 0, 3, 1, 6, 4, 1),
(6430, 1, 0, 7, 0, 1, 2, 1, 4, 1),
(6431, 1, 0, 7, 0, 12, 2, 2, 4, 1),
(6432, 1, 0, 7, 0, 22, 2, 3, 4, 1),
(6433, 1, 0, 7, 0, 1, 2, 4, 4, 1),
(6434, 1, 0, 7, 0, 12, 2, 5, 4, 1),
(6435, 1, 0, 7, 0, 24, 2, 6, 4, 1),
(6436, 1, 0, 7, 0, 2, 3, 1, 4, 1),
(6437, 1, 0, 7, 0, 22, 3, 2, 4, 1),
(6438, 1, 0, 7, 0, 5, 3, 3, 4, 1),
(6439, 1, 0, 7, 0, 19, 3, 4, 4, 1),
(6440, 1, 0, 7, 0, 1, 3, 5, 4, 1),
(6441, 1, 0, 7, 0, 5, 3, 6, 4, 1),
(6442, 1, 0, 7, 0, 22, 4, 1, 4, 1),
(6443, 1, 0, 7, 0, 2, 4, 2, 4, 1),
(6444, 1, 0, 7, 0, 1, 4, 3, 4, 1),
(6445, 1, 0, 7, 0, 22, 4, 4, 4, 1),
(6446, 1, 0, 7, 0, 19, 4, 5, 4, 1),
(6447, 1, 0, 7, 0, 24, 5, 1, 4, 1),
(6448, 1, 0, 7, 0, 19, 5, 2, 4, 1),
(6449, 1, 0, 7, 0, 3, 5, 3, 4, 1),
(6450, 1, 0, 7, 0, 2, 5, 5, 4, 1),
(6451, 1, 0, 17, 0, 3, 1, 1, 4, 1),
(6452, 1, 0, 17, 0, 12, 1, 2, 4, 1),
(6453, 1, 0, 17, 0, 12, 1, 3, 4, 1),
(6454, 1, 0, 17, 0, 24, 1, 4, 4, 1),
(6455, 1, 0, 17, 0, 2, 1, 5, 4, 1),
(6456, 1, 0, 17, 0, 24, 1, 6, 4, 1),
(6457, 1, 0, 17, 0, 2, 2, 1, 4, 1),
(6458, 1, 0, 17, 0, 22, 2, 2, 4, 1),
(6459, 1, 0, 17, 0, 12, 2, 3, 4, 1),
(6460, 1, 0, 17, 0, 22, 2, 4, 4, 1),
(6461, 1, 0, 17, 0, 19, 2, 5, 4, 1),
(6462, 1, 0, 17, 0, 3, 2, 6, 4, 1),
(6463, 1, 0, 17, 0, 19, 3, 1, 4, 1),
(6464, 1, 0, 17, 0, 19, 3, 2, 4, 1),
(6465, 1, 0, 17, 0, 1, 3, 3, 4, 1),
(6466, 1, 0, 17, 0, 5, 3, 4, 4, 1),
(6467, 1, 0, 17, 0, 22, 3, 5, 4, 1),
(6468, 1, 0, 17, 0, 22, 4, 1, 4, 1),
(6469, 1, 0, 17, 0, 5, 4, 2, 4, 1),
(6470, 1, 0, 17, 0, 2, 4, 3, 4, 1),
(6471, 1, 0, 17, 0, 1, 4, 4, 4, 1),
(6472, 1, 0, 17, 0, 1, 4, 5, 4, 1),
(6473, 1, 0, 17, 0, 5, 5, 1, 4, 1),
(6474, 1, 0, 17, 0, 1, 5, 2, 4, 1),
(6475, 1, 0, 17, 0, 19, 5, 3, 4, 1),
(6476, 1, 0, 17, 0, 3, 5, 4, 4, 1),
(6477, 1, 0, 17, 0, 12, 5, 5, 4, 1),
(6478, 1, 0, 8, 0, 24, 1, 1, 4, 1),
(6479, 1, 0, 8, 0, 3, 1, 2, 4, 1),
(6480, 1, 0, 8, 0, 19, 1, 3, 4, 1),
(6481, 1, 0, 8, 0, 22, 1, 4, 4, 1),
(6482, 1, 0, 8, 0, 24, 1, 5, 4, 1),
(6483, 1, 0, 8, 0, 12, 1, 6, 4, 1),
(6484, 1, 0, 8, 0, 3, 2, 1, 4, 1),
(6485, 1, 0, 8, 0, 19, 2, 2, 4, 1),
(6486, 1, 0, 8, 0, 1, 2, 3, 4, 1),
(6487, 1, 0, 8, 0, 12, 2, 4, 4, 1),
(6488, 1, 0, 8, 0, 1, 2, 5, 4, 1),
(6489, 1, 0, 8, 0, 1, 2, 6, 4, 1),
(6490, 1, 0, 8, 0, 2, 3, 1, 4, 1),
(6491, 1, 0, 8, 0, 2, 3, 2, 4, 1),
(6492, 1, 0, 8, 0, 3, 3, 3, 4, 1),
(6493, 1, 0, 8, 0, 12, 3, 4, 4, 1),
(6494, 1, 0, 8, 0, 19, 3, 5, 4, 1),
(6495, 1, 0, 8, 0, 5, 4, 1, 4, 1),
(6496, 1, 0, 8, 0, 22, 4, 2, 4, 1),
(6497, 1, 0, 8, 0, 22, 4, 3, 4, 1),
(6498, 1, 0, 8, 0, 1, 4, 4, 4, 1),
(6499, 1, 0, 8, 0, 22, 4, 5, 4, 1),
(6500, 1, 0, 8, 0, 12, 5, 1, 4, 1),
(6501, 1, 0, 8, 0, 5, 5, 2, 4, 1),
(6502, 1, 0, 8, 0, 2, 5, 3, 4, 1),
(6503, 1, 0, 8, 0, 19, 5, 4, 4, 1),
(6504, 1, 0, 8, 0, 5, 5, 5, 4, 1),
(6505, 1, 0, 9, 0, 2, 1, 1, 4, 1),
(6506, 1, 0, 9, 0, 22, 1, 2, 4, 1),
(6507, 1, 0, 9, 0, 5, 1, 3, 4, 1),
(6508, 1, 0, 9, 0, 22, 1, 4, 4, 1),
(6509, 1, 0, 9, 0, 1, 1, 5, 4, 1),
(6510, 1, 0, 9, 0, 12, 1, 6, 4, 1),
(6511, 1, 0, 9, 0, 22, 2, 1, 4, 1),
(6512, 1, 0, 9, 0, 1, 2, 2, 4, 1),
(6513, 1, 0, 9, 0, 19, 2, 3, 4, 1),
(6514, 1, 0, 9, 0, 24, 2, 4, 4, 1),
(6515, 1, 0, 9, 0, 12, 2, 5, 4, 1),
(6516, 1, 0, 9, 0, 24, 2, 6, 4, 1),
(6517, 1, 0, 9, 0, 3, 3, 1, 4, 1),
(6518, 1, 0, 9, 0, 12, 3, 2, 4, 1),
(6519, 1, 0, 9, 0, 22, 3, 3, 4, 1),
(6520, 1, 0, 9, 0, 1, 3, 4, 4, 1),
(6521, 1, 0, 9, 0, 3, 3, 5, 4, 1),
(6522, 1, 0, 9, 0, 3, 3, 6, 4, 1),
(6523, 1, 0, 9, 0, 5, 4, 1, 4, 1),
(6524, 1, 0, 9, 0, 12, 4, 2, 4, 1),
(6525, 1, 0, 9, 0, 1, 4, 3, 4, 1),
(6526, 1, 0, 9, 0, 2, 4, 4, 4, 1),
(6527, 1, 0, 9, 0, 19, 4, 5, 4, 1),
(6528, 1, 0, 9, 0, 19, 5, 1, 4, 1),
(6529, 1, 0, 9, 0, 19, 5, 2, 4, 1),
(6530, 1, 0, 9, 0, 5, 5, 4, 4, 1),
(6531, 1, 0, 9, 0, 2, 5, 5, 4, 1),
(6532, 1, 0, 10, 0, 5, 1, 1, 4, 1),
(6533, 1, 0, 10, 0, 5, 1, 2, 4, 1),
(6534, 1, 0, 10, 0, 22, 1, 3, 4, 1),
(6535, 1, 0, 10, 0, 19, 1, 4, 4, 1),
(6536, 1, 0, 10, 0, 19, 1, 5, 4, 1),
(6537, 1, 0, 10, 0, 1, 1, 6, 4, 1),
(6538, 1, 0, 10, 0, 2, 2, 1, 4, 1),
(6539, 1, 0, 10, 0, 2, 2, 2, 4, 1),
(6540, 1, 0, 10, 0, 2, 2, 3, 4, 1),
(6541, 1, 0, 10, 0, 22, 2, 4, 4, 1),
(6542, 1, 0, 10, 0, 22, 2, 5, 4, 1),
(6543, 1, 0, 10, 0, 12, 2, 6, 4, 1),
(6544, 1, 0, 10, 0, 19, 3, 1, 4, 1),
(6545, 1, 0, 10, 0, 1, 3, 2, 4, 1),
(6546, 1, 0, 10, 0, 12, 3, 3, 4, 1),
(6547, 1, 0, 10, 0, 5, 3, 4, 4, 1),
(6548, 1, 0, 10, 0, 1, 3, 5, 4, 1),
(6549, 1, 0, 10, 0, 22, 4, 1, 4, 1),
(6550, 1, 0, 10, 0, 24, 4, 2, 4, 1),
(6551, 1, 0, 10, 0, 19, 4, 3, 4, 1),
(6552, 1, 0, 10, 0, 3, 4, 4, 4, 1),
(6553, 1, 0, 10, 0, 12, 4, 5, 4, 1),
(6554, 1, 0, 10, 0, 24, 5, 1, 4, 1),
(6555, 1, 0, 10, 0, 3, 5, 2, 4, 1),
(6556, 1, 0, 10, 0, 3, 5, 3, 4, 1),
(6557, 1, 0, 10, 0, 1, 5, 4, 4, 1),
(6558, 1, 0, 10, 0, 12, 5, 5, 4, 1),
(7523, 5, 2, 1, 0, 27, 5, 4, 4, 1),
(7522, 5, 2, 1, 0, 32, 5, 3, 4, 1),
(7521, 5, 2, 1, 0, 32, 5, 2, 4, 1),
(7520, 5, 2, 1, 0, 7, 5, 1, 4, 1),
(8030, 5, 1, 3, 0, 52, 4, 5, 4, 1),
(8029, 5, 1, 3, 0, 52, 4, 4, 4, 1),
(8028, 5, 1, 3, 0, 17, 4, 3, 4, 1),
(8027, 5, 1, 3, 0, 47, 4, 2, 4, 1),
(7946, 5, 1, 1, 0, 39, 5, 1, 4, 1),
(7945, 5, 1, 1, 0, 47, 4, 5, 4, 1),
(7944, 5, 1, 1, 0, 44, 4, 4, 4, 1),
(7943, 5, 1, 1, 0, 16, 4, 2, 4, 1),
(8057, 5, 2, 2, 0, 52, 5, 4, 4, 1),
(7662, 6, 2, 1, 0, 44, 5, 2, 4, 1),
(7661, 6, 2, 1, 0, 52, 4, 5, 4, 1),
(7660, 6, 2, 1, 0, 32, 4, 1, 4, 1),
(7659, 6, 2, 1, 0, 44, 3, 3, 4, 1),
(7848, 6, 2, 2, 0, 44, 5, 1, 4, 1),
(7847, 6, 2, 2, 0, 32, 4, 4, 4, 1),
(7846, 6, 2, 2, 0, 44, 4, 1, 4, 1),
(7845, 6, 2, 2, 0, 32, 3, 5, 4, 1),
(7793, 6, 1, 1, 0, 44, 4, 5, 4, 1),
(7792, 6, 1, 1, 0, 47, 4, 4, 4, 1),
(7791, 6, 1, 1, 0, 44, 4, 3, 4, 1),
(7790, 6, 1, 1, 0, 52, 4, 2, 4, 1),
(7636, 6, 1, 2, 0, 39, 5, 5, 4, 1),
(7635, 6, 1, 2, 0, 39, 5, 4, 4, 1),
(7634, 6, 1, 2, 0, 44, 5, 3, 4, 1),
(7633, 6, 1, 2, 0, 52, 5, 2, 4, 1),
(7789, 6, 1, 1, 0, 39, 4, 1, 4, 1),
(7788, 6, 1, 1, 0, 44, 3, 5, 4, 1),
(7787, 6, 1, 1, 0, 16, 3, 4, 4, 1),
(7786, 6, 1, 1, 0, 15, 3, 3, 4, 1),
(7406, 6, 1, 3, 0, 15, 2, 1, 4, 1),
(7405, 6, 1, 3, 0, 18, 1, 5, 4, 1),
(7404, 6, 1, 3, 0, 15, 1, 3, 4, 1),
(8026, 5, 1, 3, 0, 18, 3, 5, 4, 1),
(8025, 5, 1, 3, 0, 17, 3, 4, 4, 1),
(8024, 5, 1, 3, 0, 47, 3, 3, 4, 1),
(8023, 5, 1, 3, 0, 52, 3, 2, 4, 1),
(7519, 5, 2, 1, 0, 27, 4, 3, 4, 1),
(7580, 5, 1, 2, 0, 16, 5, 2, 4, 1),
(7579, 5, 1, 2, 0, 44, 4, 5, 4, 1),
(7578, 5, 1, 2, 0, 15, 4, 4, 4, 1),
(7942, 5, 1, 1, 0, 44, 4, 1, 4, 1),
(7941, 5, 1, 1, 0, 15, 3, 5, 4, 1),
(7940, 5, 1, 1, 0, 27, 3, 4, 4, 1),
(7939, 5, 1, 1, 0, 52, 3, 3, 4, 1),
(8056, 5, 2, 2, 0, 44, 5, 3, 4, 1),
(8055, 5, 2, 2, 0, 52, 5, 2, 4, 1),
(8054, 5, 2, 2, 0, 32, 4, 5, 4, 1),
(8053, 5, 2, 2, 0, 44, 4, 3, 4, 1),
(7518, 5, 2, 1, 0, 32, 4, 2, 4, 1),
(7517, 5, 2, 1, 0, 52, 3, 4, 4, 1),
(7516, 5, 2, 1, 0, 44, 3, 3, 4, 1),
(7515, 5, 2, 1, 0, 52, 3, 1, 4, 1),
(7938, 5, 1, 1, 0, 15, 3, 2, 4, 1),
(7937, 5, 1, 1, 0, 47, 3, 1, 4, 1),
(7936, 5, 1, 1, 0, 15, 2, 5, 4, 1),
(7577, 5, 1, 2, 0, 52, 4, 3, 4, 1),
(7576, 5, 1, 2, 0, 44, 4, 2, 4, 1),
(7935, 5, 1, 1, 0, 16, 2, 4, 4, 1),
(7934, 5, 1, 1, 0, 27, 2, 3, 4, 1),
(7933, 5, 1, 1, 0, 44, 2, 2, 4, 1),
(7932, 5, 1, 1, 0, 47, 2, 1, 4, 1),
(7575, 5, 1, 2, 0, 27, 4, 1, 4, 1),
(7574, 5, 1, 2, 0, 27, 3, 4, 4, 1),
(7573, 5, 1, 2, 0, 15, 3, 3, 4, 1),
(7572, 5, 1, 2, 0, 44, 3, 2, 4, 1),
(7571, 5, 1, 2, 0, 18, 3, 1, 4, 1),
(7570, 5, 1, 2, 0, 52, 2, 5, 4, 1),
(7569, 5, 1, 2, 0, 44, 2, 4, 4, 1),
(7568, 5, 1, 2, 0, 15, 2, 3, 4, 1),
(8022, 5, 1, 3, 0, 27, 2, 5, 4, 1),
(8021, 5, 1, 3, 0, 27, 2, 4, 4, 1),
(8020, 5, 1, 3, 0, 44, 2, 3, 4, 1),
(7785, 6, 1, 1, 0, 47, 3, 2, 4, 1),
(7784, 6, 1, 1, 0, 15, 3, 1, 4, 1),
(7783, 6, 1, 1, 0, 16, 2, 5, 4, 1),
(7782, 6, 1, 1, 0, 52, 2, 4, 4, 1),
(7781, 6, 1, 1, 0, 15, 2, 3, 4, 1),
(7780, 6, 1, 1, 0, 47, 2, 2, 4, 1),
(7779, 6, 1, 1, 0, 16, 2, 1, 4, 1),
(7632, 6, 1, 2, 0, 52, 5, 1, 4, 1),
(7631, 6, 1, 2, 0, 17, 4, 5, 4, 1),
(7630, 6, 1, 2, 0, 17, 4, 4, 4, 1),
(7629, 6, 1, 2, 0, 47, 4, 3, 4, 1),
(7628, 6, 1, 2, 0, 44, 4, 2, 4, 1),
(7627, 6, 1, 2, 0, 39, 4, 1, 4, 1),
(7626, 6, 1, 2, 0, 17, 3, 5, 4, 1),
(7625, 6, 1, 2, 0, 52, 3, 4, 4, 1),
(7624, 6, 1, 2, 0, 17, 3, 3, 4, 1),
(7623, 6, 1, 2, 0, 44, 3, 2, 4, 1),
(7622, 6, 1, 2, 0, 44, 2, 5, 4, 1),
(7403, 6, 1, 3, 0, 44, 1, 2, 4, 1),
(7402, 6, 1, 3, 0, 15, 1, 1, 4, 1),
(7658, 6, 2, 1, 0, 44, 3, 1, 4, 1),
(7657, 6, 2, 1, 0, 32, 2, 5, 4, 1),
(7656, 6, 2, 1, 0, 11, 2, 4, 4, 1),
(7655, 6, 2, 1, 0, 32, 2, 3, 4, 1),
(7844, 6, 2, 2, 0, 32, 3, 1, 4, 1),
(7843, 6, 2, 2, 0, 7, 2, 4, 4, 1),
(7842, 6, 2, 2, 0, 44, 1, 5, 4, 1),
(7841, 6, 2, 2, 0, 44, 1, 3, 4, 1),
(7773, 6, 3, 1, 0, 52, 5, 3, 4, 1),
(7772, 6, 3, 1, 0, 40, 5, 2, 4, 1),
(7771, 6, 3, 1, 0, 40, 4, 3, 4, 1),
(7812, 6, 3, 2, 0, 27, 5, 2, 4, 1),
(7811, 6, 3, 2, 0, 39, 4, 5, 4, 1),
(7810, 6, 3, 2, 0, 52, 4, 3, 4, 1),
(7838, 6, 3, 3, 0, 39, 5, 3, 4, 1),
(7837, 6, 3, 3, 0, 42, 5, 2, 4, 1),
(7836, 6, 3, 3, 0, 40, 4, 5, 4, 1),
(7746, 5, 3, 1, 0, 40, 5, 4, 4, 1),
(7745, 5, 3, 1, 0, 40, 5, 3, 4, 1),
(7744, 5, 3, 1, 0, 7, 5, 2, 4, 1),
(7672, 5, 3, 2, 0, 42, 3, 5, 4, 1),
(7671, 5, 3, 2, 0, 42, 3, 3, 4, 1),
(7670, 5, 3, 2, 0, 39, 3, 2, 4, 1),
(7743, 5, 3, 1, 0, 40, 4, 4, 4, 1),
(7742, 5, 3, 1, 0, 42, 4, 3, 4, 1),
(7741, 5, 3, 1, 0, 52, 4, 1, 4, 1),
(7669, 5, 3, 2, 0, 42, 3, 1, 4, 1),
(7668, 5, 3, 2, 0, 40, 2, 3, 4, 1),
(7667, 5, 3, 2, 0, 40, 2, 2, 4, 1),
(7514, 5, 2, 1, 0, 44, 2, 5, 4, 1),
(7513, 5, 2, 1, 0, 32, 2, 4, 4, 1),
(7512, 5, 2, 1, 0, 7, 2, 3, 4, 1),
(8052, 5, 2, 2, 0, 52, 3, 5, 4, 1),
(8051, 5, 2, 2, 0, 44, 3, 1, 4, 1),
(8050, 5, 2, 2, 0, 32, 2, 2, 4, 1),
(7654, 6, 2, 1, 0, 52, 2, 2, 4, 1),
(7653, 6, 2, 1, 0, 44, 2, 1, 4, 1),
(7652, 6, 2, 1, 0, 32, 1, 5, 4, 1),
(7511, 5, 2, 1, 0, 39, 2, 2, 4, 1),
(7740, 5, 3, 1, 0, 7, 3, 3, 4, 1),
(7739, 5, 3, 1, 0, 39, 3, 1, 4, 1),
(7738, 5, 3, 1, 0, 40, 2, 5, 4, 1),
(7042, 1, 0, 11, 0, 22, 3, 1, 4, 1),
(7041, 1, 0, 11, 0, 5, 2, 5, 4, 1),
(7040, 1, 0, 11, 0, 22, 2, 3, 4, 1),
(7039, 1, 0, 11, 0, 5, 1, 6, 4, 1),
(7038, 1, 0, 11, 0, 22, 1, 5, 4, 1),
(7043, 1, 0, 11, 0, 22, 3, 4, 4, 1),
(7044, 1, 0, 11, 0, 5, 5, 3, 4, 1),
(7770, 6, 3, 1, 0, 42, 4, 2, 4, 1),
(7769, 6, 3, 1, 0, 7, 3, 5, 4, 1),
(7768, 6, 3, 1, 0, 40, 3, 3, 4, 1),
(7809, 6, 3, 2, 0, 40, 4, 2, 4, 1),
(7808, 6, 3, 2, 0, 40, 3, 5, 4, 1),
(7807, 6, 3, 2, 0, 40, 3, 4, 4, 1),
(7835, 6, 3, 3, 0, 39, 4, 4, 4, 1),
(7834, 6, 3, 3, 0, 27, 4, 2, 4, 1),
(7833, 6, 3, 3, 0, 7, 4, 1, 4, 1),
(7651, 6, 2, 1, 0, 52, 1, 4, 4, 1),
(7650, 6, 2, 1, 0, 11, 1, 3, 4, 1),
(7649, 6, 2, 1, 0, 11, 1, 1, 4, 1),
(7778, 6, 1, 1, 0, 27, 1, 4, 4, 1),
(7777, 6, 1, 1, 0, 52, 1, 3, 4, 1),
(7776, 6, 1, 1, 0, 44, 1, 2, 4, 1),
(7621, 6, 1, 2, 0, 47, 2, 4, 4, 1),
(7620, 6, 1, 2, 0, 47, 2, 1, 4, 1),
(7619, 6, 1, 2, 0, 47, 1, 4, 4, 1),
(7567, 5, 1, 2, 0, 18, 2, 1, 4, 1),
(7566, 5, 1, 2, 0, 16, 1, 5, 4, 1),
(7565, 5, 1, 2, 0, 16, 1, 4, 4, 1),
(7931, 5, 1, 1, 0, 52, 1, 4, 4, 1),
(7930, 5, 1, 1, 0, 16, 1, 3, 4, 1),
(7929, 5, 1, 1, 0, 44, 1, 2, 4, 1),
(8019, 5, 1, 3, 0, 18, 2, 2, 4, 1),
(8018, 5, 1, 3, 0, 27, 2, 1, 4, 1),
(8017, 5, 1, 3, 0, 17, 1, 5, 4, 1),
(7666, 5, 3, 2, 0, 40, 1, 5, 4, 1),
(7665, 5, 3, 2, 0, 7, 1, 3, 4, 1),
(7664, 5, 3, 2, 0, 40, 1, 2, 4, 1),
(7510, 5, 2, 1, 0, 44, 2, 1, 4, 1),
(7509, 5, 2, 1, 0, 52, 1, 5, 4, 1),
(7508, 5, 2, 1, 0, 44, 1, 1, 4, 1),
(8049, 5, 2, 2, 0, 44, 1, 5, 4, 1),
(8048, 5, 2, 2, 0, 39, 1, 4, 4, 1),
(8047, 5, 2, 2, 0, 32, 1, 3, 4, 1),
(7564, 5, 1, 2, 0, 39, 1, 3, 4, 1),
(7563, 5, 1, 2, 0, 27, 1, 2, 4, 1),
(7562, 5, 1, 2, 0, 52, 1, 1, 4, 1),
(7767, 6, 3, 1, 0, 42, 3, 2, 4, 1),
(7421, 6, 1, 3, 0, 52, 5, 5, 4, 1),
(7766, 6, 3, 1, 0, 27, 3, 1, 4, 1),
(7765, 6, 3, 1, 0, 52, 2, 5, 4, 1),
(7806, 6, 3, 2, 0, 39, 3, 3, 4, 1),
(7805, 6, 3, 2, 0, 40, 3, 2, 4, 1),
(7804, 6, 3, 2, 0, 42, 2, 5, 4, 1),
(7832, 6, 3, 3, 0, 52, 3, 5, 4, 1),
(7831, 6, 3, 3, 0, 27, 3, 3, 4, 1),
(7830, 6, 3, 3, 0, 52, 3, 1, 4, 1),
(7803, 6, 3, 2, 0, 27, 2, 4, 4, 1),
(7802, 6, 3, 2, 0, 42, 2, 2, 4, 1),
(7801, 6, 3, 2, 0, 52, 2, 1, 4, 1),
(7800, 6, 3, 2, 0, 52, 1, 5, 4, 1),
(7829, 6, 3, 3, 0, 40, 2, 4, 4, 1),
(7828, 6, 3, 3, 0, 52, 2, 3, 4, 1),
(7827, 6, 3, 3, 0, 27, 1, 5, 4, 1),
(7737, 5, 3, 1, 0, 52, 2, 4, 4, 1),
(7663, 5, 3, 2, 0, 7, 1, 1, 4, 1),
(7524, 5, 2, 1, 0, 27, 5, 5, 4, 1),
(8046, 5, 2, 2, 0, 32, 1, 2, 4, 1),
(7928, 5, 1, 1, 0, 27, 1, 1, 4, 1),
(7581, 5, 1, 2, 0, 18, 5, 3, 4, 1),
(8016, 5, 1, 3, 0, 44, 1, 4, 4, 1),
(7775, 6, 1, 1, 0, 47, 1, 1, 4, 1),
(7673, 5, 3, 2, 0, 52, 4, 2, 4, 1),
(7674, 5, 3, 2, 0, 7, 4, 5, 4, 1),
(7675, 5, 3, 2, 0, 52, 5, 1, 4, 1),
(7676, 5, 3, 2, 0, 52, 5, 3, 4, 1),
(7764, 6, 3, 1, 0, 27, 2, 3, 4, 1),
(7763, 6, 3, 1, 0, 27, 1, 4, 4, 1),
(7762, 6, 3, 1, 0, 42, 1, 3, 4, 1),
(7736, 5, 3, 1, 0, 52, 2, 2, 4, 1),
(7735, 5, 3, 1, 0, 42, 2, 1, 4, 1),
(7734, 5, 3, 1, 0, 7, 1, 5, 4, 1),
(7826, 6, 3, 3, 0, 40, 1, 4, 4, 1),
(7825, 6, 3, 3, 0, 40, 1, 3, 4, 1),
(7824, 6, 3, 3, 0, 39, 1, 2, 4, 1),
(7823, 6, 3, 3, 0, 42, 1, 1, 4, 1),
(7799, 6, 3, 2, 0, 27, 1, 3, 4, 1),
(7798, 6, 3, 2, 0, 42, 1, 2, 4, 1),
(7797, 6, 3, 2, 0, 39, 1, 1, 4, 1),
(7747, 5, 3, 1, 0, 42, 5, 5, 4, 1),
(7761, 6, 3, 1, 0, 52, 1, 1, 4, 1),
(7774, 6, 3, 1, 0, 40, 5, 5, 4, 1),
(7794, 6, 1, 1, 0, 27, 5, 1, 4, 1),
(7795, 6, 1, 1, 0, 15, 5, 2, 4, 1),
(7796, 6, 1, 1, 0, 27, 5, 5, 4, 1),
(7813, 6, 3, 2, 0, 7, 5, 4, 4, 1),
(7840, 6, 2, 2, 0, 51, 1, 1, 4, 1),
(7839, 6, 3, 3, 0, 42, 5, 4, 4, 1),
(7849, 6, 2, 2, 0, 32, 5, 4, 4, 1),
(8015, 5, 1, 3, 0, 44, 1, 3, 4, 1),
(8014, 5, 1, 3, 0, 18, 1, 2, 4, 1),
(8013, 5, 1, 3, 0, 39, 1, 1, 4, 1),
(43023, 1, 0, 2, 1, 3, 3, 3, 5, 1),
(43022, 1, 0, 2, 1, 3, 2, 4, 5, 1),
(43021, 1, 0, 2, 1, 3, 5, 1, 5, 1),
(43020, 1, 0, 2, 1, 71, 2, 1, 5, 1),
(43019, 1, 0, 2, 1, 71, 1, 3, 5, 1),
(43018, 1, 0, 2, 1, 71, 1, 5, 5, 1),
(43017, 1, 0, 2, 1, 70, 2, 3, 5, 1),
(43016, 1, 0, 2, 1, 70, 5, 5, 5, 1),
(43015, 1, 0, 2, 1, 67, 3, 2, 5, 1),
(43014, 1, 0, 2, 1, 67, 1, 4, 5, 1),
(43013, 1, 0, 2, 1, 67, 2, 6, 5, 1),
(43012, 1, 0, 2, 1, 2, 1, 6, 5, 1),
(43011, 1, 0, 2, 1, 2, 5, 2, 5, 1),
(43010, 1, 0, 2, 1, 2, 3, 1, 5, 1),
(43009, 1, 0, 2, 1, 1, 1, 1, 5, 1),
(43008, 1, 0, 2, 1, 1, 3, 4, 5, 1),
(43007, 1, 0, 2, 1, 1, 1, 2, 5, 1),
(43006, 1, 0, 2, 1, 1, 5, 6, 5, 1),
(43005, 1, 0, 2, 1, 69, 4, 5, 5, 1),
(43004, 1, 0, 2, 1, 69, 4, 6, 5, 1),
(43003, 1, 0, 2, 1, 69, 2, 2, 5, 1),
(43002, 1, 0, 2, 1, 26, 2, 5, 5, 1),
(43001, 1, 0, 2, 1, 26, 4, 3, 5, 1),
(43000, 1, 0, 2, 1, 68, 4, 1, 5, 1),
(42999, 1, 0, 2, 1, 68, 5, 4, 5, 1),
(42998, 1, 0, 2, 1, 68, 3, 6, 5, 1),
(42997, 1, 0, 2, 1, 22, 3, 5, 5, 1),
(42996, 1, 0, 2, 1, 22, 4, 4, 5, 1),
(42995, 1, 0, 2, 1, 22, 5, 3, 5, 1),
(42994, 1, 0, 2, 1, 22, 4, 2, 5, 1),
(42993, 10, 0, 10001, 1, 5, 5, 3, 5, 1),
(42992, 10, 0, 10001, 1, 5, 4, 3, 5, 1),
(42991, 10, 0, 10001, 1, 52, 2, 3, 5, 1),
(42990, 10, 0, 10001, 1, 34, 2, 3, 5, 1),
(42989, 10, 0, 10001, 1, 1, 2, 3, 5, 1),
(43050, 1, 0, 1, 1, 66, 2, 3, 5, 1),
(43049, 1, 0, 1, 1, 66, 1, 5, 5, 1),
(43048, 1, 0, 1, 1, 66, 5, 4, 5, 1),
(43047, 1, 0, 1, 1, 3, 2, 1, 5, 1),
(43046, 1, 0, 1, 1, 3, 3, 5, 5, 1),
(43045, 1, 0, 1, 1, 3, 5, 2, 5, 1),
(43044, 1, 0, 1, 1, 70, 5, 6, 5, 1),
(43043, 1, 0, 1, 1, 70, 4, 4, 5, 1),
(43042, 1, 0, 1, 1, 2, 5, 1, 5, 1),
(43041, 1, 0, 1, 1, 2, 5, 3, 5, 1),
(43040, 1, 0, 1, 1, 2, 3, 6, 5, 1),
(43039, 1, 0, 1, 1, 1, 2, 4, 5, 1),
(43038, 1, 0, 1, 1, 1, 4, 6, 5, 1),
(43037, 1, 0, 1, 1, 1, 1, 1, 5, 1),
(43036, 1, 0, 1, 1, 1, 1, 3, 5, 1),
(43035, 1, 0, 1, 1, 69, 2, 5, 5, 1),
(43034, 1, 0, 1, 1, 69, 3, 2, 5, 1),
(43033, 1, 0, 1, 1, 69, 4, 1, 5, 1),
(43032, 1, 0, 1, 1, 26, 9, 4, 5, 1),
(43031, 1, 0, 1, 1, 26, 8, 4, 5, 1),
(43030, 1, 0, 1, 1, 68, 4, 2, 5, 1),
(43029, 1, 0, 1, 1, 68, 5, 5, 5, 1),
(43028, 1, 0, 1, 1, 68, 4, 5, 5, 1),
(43027, 1, 0, 1, 1, 22, 1, 4, 5, 1),
(43026, 1, 0, 1, 1, 22, 3, 3, 5, 1),
(43025, 1, 0, 1, 1, 22, 2, 2, 5, 1),
(43024, 1, 0, 1, 1, 22, 1, 2, 5, 1),
(36630, 1, 0, 1, 0, 66, 10, 5, 6, 1),
(36629, 1, 0, 1, 0, 1, 10, 4, 6, 1),
(36628, 1, 0, 1, 0, 66, 10, 3, 6, 1),
(36627, 1, 0, 1, 0, 68, 10, 2, 6, 1),
(36626, 1, 0, 1, 0, 69, 10, 1, 6, 1),
(36625, 1, 0, 1, 0, 2, 9, 6, 6, 1),
(36624, 1, 0, 1, 0, 69, 9, 5, 6, 1),
(36623, 1, 0, 1, 0, 71, 9, 4, 6, 1),
(36622, 1, 0, 1, 0, 22, 9, 3, 6, 1),
(36621, 1, 0, 1, 0, 2, 9, 2, 6, 1),
(36620, 1, 0, 1, 0, 3, 9, 1, 6, 1),
(36619, 1, 0, 1, 0, 22, 8, 6, 6, 1),
(36618, 1, 0, 1, 0, 3, 8, 5, 6, 1),
(36617, 1, 0, 1, 0, 69, 8, 4, 6, 1),
(36616, 1, 0, 1, 0, 68, 8, 3, 6, 1),
(36615, 1, 0, 1, 0, 70, 8, 2, 6, 1),
(36614, 1, 0, 1, 0, 1, 8, 1, 6, 1),
(36613, 1, 0, 1, 0, 67, 7, 6, 6, 1),
(36612, 1, 0, 1, 0, 68, 7, 5, 6, 1),
(36611, 1, 0, 1, 0, 70, 7, 4, 6, 1),
(36610, 1, 0, 1, 0, 67, 7, 3, 6, 1),
(36609, 1, 0, 1, 0, 3, 7, 2, 6, 1),
(36608, 1, 0, 1, 0, 2, 7, 1, 6, 1),
(36607, 1, 0, 1, 0, 1, 6, 6, 6, 1),
(36606, 1, 0, 1, 0, 22, 6, 5, 6, 1),
(36605, 1, 0, 1, 0, 66, 6, 4, 6, 1),
(36604, 1, 0, 1, 0, 1, 6, 3, 6, 1),
(36603, 1, 0, 1, 0, 67, 6, 2, 6, 1),
(36602, 1, 0, 1, 0, 22, 6, 1, 6, 1),
(35696, 1, 0, 2, 0, 71, 10, 5, 6, 1),
(35695, 1, 0, 2, 0, 22, 10, 4, 6, 1),
(35694, 1, 0, 2, 0, 67, 10, 3, 6, 1),
(35693, 1, 0, 2, 0, 69, 10, 2, 6, 1),
(35692, 1, 0, 2, 0, 68, 10, 1, 6, 1),
(35691, 1, 0, 2, 0, 22, 9, 6, 6, 1),
(35690, 1, 0, 2, 0, 1, 9, 5, 6, 1),
(35689, 1, 0, 2, 0, 68, 9, 4, 6, 1),
(35688, 1, 0, 2, 0, 2, 9, 3, 6, 1),
(32044, 5, 1, 1, 0, 27, 5, 5, 6, 1),
(32043, 5, 1, 1, 0, 16, 5, 4, 6, 1),
(32042, 5, 1, 1, 0, 27, 5, 3, 6, 1),
(32041, 5, 1, 1, 0, 40, 5, 2, 6, 1),
(28707, 10, 0, 10001, 0, 15, 3, 5, 6, 1),
(28706, 10, 0, 10001, 0, 41, 3, 5, 6, 1),
(28705, 10, 0, 10001, 0, 44, 3, 4, 6, 1),
(28704, 10, 0, 10001, 0, 43, 3, 4, 6, 1),
(28703, 10, 0, 10001, 0, 22, 3, 4, 6, 1),
(28702, 10, 0, 10001, 0, 40, 3, 3, 6, 1),
(28701, 10, 0, 10001, 0, 38, 3, 3, 6, 1),
(28700, 10, 0, 10001, 0, 3, 3, 3, 6, 1),
(28699, 10, 0, 10001, 0, 39, 3, 2, 6, 1),
(28698, 10, 0, 10001, 0, 37, 3, 2, 6, 1),
(28697, 10, 0, 10001, 0, 2, 3, 2, 6, 1),
(32040, 5, 1, 1, 0, 52, 5, 1, 6, 1),
(28696, 10, 0, 10001, 0, 52, 3, 1, 6, 1),
(28695, 10, 0, 10001, 0, 34, 3, 1, 6, 1),
(28694, 10, 0, 10001, 0, 1, 3, 1, 6, 1),
(28693, 10, 0, 10001, 0, 68, 2, 5, 6, 2),
(28692, 10, 0, 10001, 0, 15, 2, 5, 6, 1),
(28691, 10, 0, 10001, 0, 41, 2, 5, 6, 1),
(28690, 10, 0, 10001, 0, 44, 2, 4, 6, 1),
(28689, 10, 0, 10001, 0, 43, 2, 4, 6, 1),
(28688, 10, 0, 10001, 0, 22, 2, 4, 6, 1),
(28687, 10, 0, 10001, 0, 40, 2, 3, 6, 1),
(32039, 5, 1, 1, 0, 44, 4, 5, 6, 1),
(32038, 5, 1, 1, 0, 39, 4, 4, 6, 1),
(28686, 10, 0, 10001, 0, 38, 2, 3, 6, 1),
(28685, 10, 0, 10001, 0, 3, 2, 3, 6, 1),
(28684, 10, 0, 10001, 0, 39, 2, 2, 6, 1),
(28683, 10, 0, 10001, 0, 37, 2, 2, 6, 1),
(28682, 10, 0, 10001, 0, 2, 2, 2, 6, 1),
(28681, 10, 0, 10001, 0, 52, 2, 1, 6, 1),
(28680, 10, 0, 10001, 0, 34, 2, 1, 6, 1),
(28679, 10, 0, 10001, 0, 1, 2, 1, 6, 1),
(35687, 1, 0, 2, 0, 3, 9, 2, 6, 1),
(35686, 1, 0, 2, 0, 1, 9, 1, 6, 1),
(35685, 1, 0, 2, 0, 68, 8, 6, 6, 1),
(35684, 1, 0, 2, 0, 2, 8, 5, 6, 1),
(35683, 1, 0, 2, 0, 67, 8, 4, 6, 1),
(35682, 1, 0, 2, 0, 69, 8, 3, 6, 1),
(35681, 1, 0, 2, 0, 22, 8, 2, 6, 1),
(35680, 1, 0, 2, 0, 66, 8, 1, 6, 1),
(35679, 1, 0, 2, 0, 3, 7, 6, 6, 1),
(35678, 1, 0, 2, 0, 22, 7, 5, 6, 1),
(35677, 1, 0, 2, 0, 1, 7, 4, 6, 1),
(35676, 1, 0, 2, 0, 66, 7, 3, 6, 1),
(35675, 1, 0, 2, 0, 67, 7, 2, 6, 1),
(35674, 1, 0, 2, 0, 69, 7, 1, 6, 1),
(35673, 1, 0, 2, 0, 2, 6, 6, 6, 1),
(35672, 1, 0, 2, 0, 3, 6, 5, 6, 1),
(35671, 1, 0, 2, 0, 66, 6, 4, 6, 1),
(35670, 1, 0, 2, 0, 1, 6, 3, 6, 1),
(35669, 1, 0, 2, 0, 70, 6, 2, 6, 1),
(35668, 1, 0, 2, 0, 70, 6, 1, 6, 1),
(35763, 6, 1, 2, 0, 46, 9, 4, 6, 1),
(35762, 6, 1, 2, 0, 46, 8, 2, 6, 1),
(35761, 6, 1, 2, 0, 17, 5, 5, 6, 1),
(35760, 6, 1, 2, 0, 52, 5, 4, 6, 1),
(35759, 6, 1, 2, 0, 18, 5, 3, 6, 1),
(35758, 6, 1, 2, 0, 40, 5, 2, 6, 1),
(35757, 6, 1, 2, 0, 52, 5, 1, 6, 1),
(35756, 6, 1, 2, 0, 44, 4, 5, 6, 1),
(35755, 6, 1, 2, 0, 40, 4, 4, 6, 1),
(35754, 6, 1, 2, 0, 15, 4, 3, 6, 2),
(35753, 6, 1, 2, 0, 47, 4, 3, 6, 1),
(35752, 6, 1, 2, 0, 27, 4, 2, 6, 1),
(35751, 6, 1, 2, 0, 39, 4, 1, 6, 1),
(35750, 6, 1, 2, 0, 40, 3, 5, 6, 1),
(35749, 6, 1, 2, 0, 16, 3, 4, 6, 2),
(35748, 6, 1, 2, 0, 17, 3, 4, 6, 1),
(35747, 6, 1, 2, 0, 44, 3, 3, 6, 1),
(35746, 6, 1, 2, 0, 52, 3, 2, 6, 1),
(35745, 6, 1, 2, 0, 47, 3, 1, 6, 2),
(35744, 6, 1, 2, 0, 15, 3, 1, 6, 1),
(35743, 6, 1, 2, 0, 18, 2, 6, 6, 1),
(35742, 6, 1, 2, 0, 27, 2, 5, 6, 1),
(35741, 6, 1, 2, 0, 39, 2, 4, 6, 1),
(35740, 6, 1, 2, 0, 44, 2, 3, 6, 1),
(35739, 6, 1, 2, 0, 16, 2, 2, 6, 2),
(35738, 6, 1, 2, 0, 17, 2, 2, 6, 1),
(35737, 6, 1, 2, 0, 47, 2, 1, 6, 2),
(35736, 6, 1, 2, 0, 15, 2, 1, 6, 1);
INSERT INTO `horario` (`id`, `nivel_id`, `area_id`, `periodo_id`, `tipo_insc_id`, `disciplina_id`, `tempo_id`, `semana_id`, `ano_lec_id`, `posicao_id`) VALUES
(35735, 6, 1, 2, 0, 18, 1, 6, 6, 1),
(35734, 6, 1, 2, 0, 47, 1, 5, 6, 2),
(35733, 6, 1, 2, 0, 15, 1, 5, 6, 1),
(35732, 6, 1, 2, 0, 27, 1, 4, 6, 1),
(35731, 6, 1, 2, 0, 39, 1, 3, 6, 1),
(35730, 6, 1, 2, 0, 16, 1, 2, 6, 2),
(36487, 1, 0, 3, 0, 68, 10, 5, 6, 1),
(36486, 1, 0, 3, 0, 66, 10, 4, 6, 1),
(36485, 1, 0, 3, 0, 71, 10, 3, 6, 1),
(36484, 1, 0, 3, 0, 22, 10, 2, 6, 1),
(36483, 1, 0, 3, 0, 67, 10, 1, 6, 1),
(36482, 1, 0, 3, 0, 22, 9, 6, 6, 1),
(36481, 1, 0, 3, 0, 3, 9, 5, 6, 1),
(36480, 1, 0, 3, 0, 1, 9, 4, 6, 1),
(36479, 1, 0, 3, 0, 68, 9, 3, 6, 1),
(36478, 1, 0, 3, 0, 68, 9, 2, 6, 1),
(36477, 1, 0, 3, 0, 22, 9, 1, 6, 1),
(36476, 1, 0, 3, 0, 67, 8, 6, 6, 1),
(36475, 1, 0, 3, 0, 69, 8, 5, 6, 1),
(36474, 1, 0, 3, 0, 2, 8, 4, 6, 1),
(36473, 1, 0, 3, 0, 69, 8, 3, 6, 1),
(36472, 1, 0, 3, 0, 1, 8, 2, 6, 1),
(36471, 1, 0, 3, 0, 3, 8, 1, 6, 1),
(36470, 1, 0, 3, 0, 1, 7, 6, 6, 1),
(36469, 1, 0, 3, 0, 2, 7, 5, 6, 1),
(36468, 1, 0, 3, 0, 22, 7, 4, 6, 1),
(36467, 1, 0, 3, 0, 2, 7, 3, 6, 1),
(36466, 1, 0, 3, 0, 67, 7, 2, 6, 1),
(36465, 1, 0, 3, 0, 1, 7, 1, 6, 1),
(36464, 1, 0, 3, 0, 70, 6, 6, 6, 1),
(36463, 1, 0, 3, 0, 70, 6, 5, 6, 1),
(36462, 1, 0, 3, 0, 69, 6, 4, 6, 1),
(36461, 1, 0, 3, 0, 66, 6, 3, 6, 1),
(36460, 1, 0, 3, 0, 3, 6, 2, 6, 1),
(36459, 1, 0, 3, 0, 66, 6, 1, 6, 1),
(32287, 6, 1, 1, 0, 15, 5, 5, 6, 1),
(32286, 6, 1, 1, 0, 18, 5, 4, 6, 1),
(32285, 6, 1, 1, 0, 40, 5, 3, 6, 1),
(32284, 6, 1, 1, 0, 16, 5, 2, 6, 1),
(32283, 6, 1, 1, 0, 27, 5, 1, 6, 1),
(32282, 6, 1, 1, 0, 40, 4, 6, 6, 1),
(32281, 6, 1, 1, 0, 52, 4, 5, 6, 1),
(32280, 6, 1, 1, 0, 27, 4, 4, 6, 1),
(32279, 6, 1, 1, 0, 39, 4, 3, 6, 1),
(32278, 6, 1, 1, 0, 47, 4, 2, 6, 1),
(32277, 6, 1, 1, 0, 52, 4, 1, 6, 1),
(32276, 6, 1, 1, 0, 16, 3, 6, 6, 1),
(32275, 6, 1, 1, 0, 44, 3, 5, 6, 1),
(32274, 6, 1, 1, 0, 15, 3, 4, 6, 1),
(32273, 6, 1, 1, 0, 27, 3, 3, 6, 1),
(32272, 6, 1, 1, 0, 47, 3, 2, 6, 1),
(32271, 6, 1, 1, 0, 44, 3, 1, 6, 1),
(32270, 6, 1, 1, 0, 15, 2, 6, 6, 1),
(32269, 6, 1, 1, 0, 40, 2, 5, 6, 1),
(32268, 6, 1, 1, 0, 15, 2, 4, 6, 1),
(32267, 6, 1, 1, 0, 52, 2, 3, 6, 1),
(32266, 6, 1, 1, 0, 18, 2, 2, 6, 1),
(32265, 6, 1, 1, 0, 44, 2, 1, 6, 1),
(32264, 6, 1, 1, 0, 47, 1, 6, 6, 1),
(32263, 6, 1, 1, 0, 39, 1, 5, 6, 1),
(32262, 6, 1, 1, 0, 16, 1, 4, 6, 1),
(32261, 6, 1, 1, 0, 44, 1, 3, 6, 1),
(32260, 6, 1, 1, 0, 39, 1, 2, 6, 1),
(35603, 1, 0, 4, 0, 1, 10, 5, 6, 1),
(35602, 1, 0, 4, 0, 2, 10, 4, 6, 1),
(35601, 1, 0, 4, 0, 67, 10, 3, 6, 1),
(35600, 1, 0, 4, 0, 22, 10, 2, 6, 1),
(35599, 1, 0, 4, 0, 3, 10, 1, 6, 1),
(35598, 1, 0, 4, 0, 70, 9, 6, 6, 1),
(35597, 1, 0, 4, 0, 68, 9, 5, 6, 1),
(35596, 1, 0, 4, 0, 22, 9, 4, 6, 1),
(35595, 1, 0, 4, 0, 1, 9, 3, 6, 1),
(35594, 1, 0, 4, 0, 67, 9, 2, 6, 1),
(35593, 1, 0, 4, 0, 22, 9, 1, 6, 1),
(35592, 1, 0, 4, 0, 3, 8, 6, 6, 1),
(35591, 1, 0, 4, 0, 2, 8, 5, 6, 1),
(35590, 1, 0, 4, 0, 69, 8, 4, 6, 1),
(35589, 1, 0, 4, 0, 66, 8, 3, 6, 1),
(35588, 1, 0, 4, 0, 2, 8, 2, 6, 1),
(35587, 1, 0, 4, 0, 68, 8, 1, 6, 1),
(35586, 1, 0, 4, 0, 22, 7, 6, 6, 1),
(35585, 1, 0, 4, 0, 67, 7, 5, 6, 1),
(35584, 1, 0, 4, 0, 1, 7, 4, 6, 1),
(35583, 1, 0, 4, 0, 68, 7, 3, 6, 1),
(35582, 1, 0, 4, 0, 3, 7, 2, 6, 1),
(35581, 1, 0, 4, 0, 1, 7, 1, 6, 1),
(35580, 1, 0, 4, 0, 69, 6, 6, 6, 1),
(35579, 1, 0, 4, 0, 66, 6, 5, 6, 1),
(35578, 1, 0, 4, 0, 70, 6, 4, 6, 1),
(35577, 1, 0, 4, 0, 69, 6, 3, 6, 1),
(35576, 1, 0, 4, 0, 71, 6, 2, 6, 1),
(35575, 1, 0, 4, 0, 66, 6, 1, 6, 1),
(35793, 6, 2, 1, 0, 46, 9, 1, 6, 1),
(35792, 6, 2, 1, 0, 46, 8, 3, 6, 1),
(35791, 6, 2, 1, 0, 39, 5, 5, 6, 1),
(35790, 6, 2, 1, 0, 51, 5, 4, 6, 1),
(35789, 6, 2, 1, 0, 32, 5, 3, 6, 1),
(35788, 6, 2, 1, 0, 51, 5, 2, 6, 1),
(32037, 5, 1, 1, 0, 15, 4, 3, 6, 1),
(32036, 5, 1, 1, 0, 16, 4, 2, 6, 1),
(32035, 5, 1, 1, 0, 47, 4, 1, 6, 1),
(32034, 5, 1, 1, 0, 39, 3, 5, 6, 1),
(32033, 5, 1, 1, 0, 15, 3, 4, 6, 1),
(32032, 5, 1, 1, 0, 52, 3, 3, 6, 1),
(32031, 5, 1, 1, 0, 27, 3, 2, 6, 1),
(32030, 5, 1, 1, 0, 44, 3, 1, 6, 1),
(32029, 5, 1, 1, 0, 40, 2, 6, 6, 1),
(32028, 5, 1, 1, 0, 47, 2, 5, 6, 1),
(32027, 5, 1, 1, 0, 15, 2, 4, 6, 1),
(32026, 5, 1, 1, 0, 39, 2, 3, 6, 1),
(32025, 5, 1, 1, 0, 47, 2, 2, 6, 1),
(32024, 5, 1, 1, 0, 44, 2, 1, 6, 1),
(32023, 5, 1, 1, 0, 16, 1, 6, 6, 1),
(32022, 5, 1, 1, 0, 52, 1, 5, 6, 1),
(32021, 5, 1, 1, 0, 40, 1, 4, 6, 1),
(32020, 5, 1, 1, 0, 44, 1, 3, 6, 1),
(32019, 5, 1, 1, 0, 47, 1, 2, 6, 1),
(32018, 5, 1, 1, 0, 15, 1, 1, 6, 1),
(36518, 1, 0, 5, 0, 69, 10, 5, 6, 1),
(36517, 1, 0, 5, 0, 70, 10, 4, 6, 1),
(36516, 1, 0, 5, 0, 70, 10, 3, 6, 1),
(36515, 1, 0, 5, 0, 3, 10, 2, 6, 1),
(36514, 1, 0, 5, 0, 3, 10, 1, 6, 1),
(36513, 1, 0, 5, 0, 67, 9, 6, 6, 1),
(36512, 1, 0, 5, 0, 67, 9, 5, 6, 1),
(36511, 1, 0, 5, 0, 69, 9, 4, 6, 1),
(36510, 1, 0, 5, 0, 2, 9, 3, 6, 1),
(36509, 1, 0, 5, 0, 22, 9, 2, 6, 1),
(36508, 1, 0, 5, 0, 69, 9, 1, 6, 1),
(36507, 1, 0, 5, 0, 1, 8, 6, 6, 1),
(36506, 1, 0, 5, 0, 71, 8, 5, 6, 1),
(36505, 1, 0, 5, 0, 22, 8, 4, 6, 1),
(36504, 1, 0, 5, 0, 67, 8, 3, 6, 1),
(36503, 1, 0, 5, 0, 66, 8, 2, 6, 1),
(36502, 1, 0, 5, 0, 66, 8, 1, 6, 1),
(36501, 1, 0, 5, 0, 66, 7, 6, 6, 1),
(36500, 1, 0, 5, 0, 3, 7, 5, 6, 1),
(36499, 1, 0, 5, 0, 1, 7, 4, 6, 1),
(36498, 1, 0, 5, 0, 68, 7, 3, 6, 1),
(36497, 1, 0, 5, 0, 1, 7, 2, 6, 1),
(36496, 1, 0, 5, 0, 22, 7, 1, 6, 1),
(36495, 1, 0, 5, 0, 68, 6, 6, 6, 1),
(36494, 1, 0, 5, 0, 2, 6, 5, 6, 1),
(36493, 1, 0, 5, 0, 2, 6, 4, 6, 1),
(36492, 1, 0, 5, 0, 22, 6, 3, 6, 1),
(36491, 1, 0, 5, 0, 68, 6, 2, 6, 1),
(36490, 1, 0, 5, 0, 1, 6, 1, 6, 1),
(37968, 1, 0, 1, 0, 26, 9, 3, 7, 1),
(34489, 5, 1, 2, 0, 46, 9, 4, 6, 1),
(34488, 5, 1, 2, 0, 46, 8, 2, 6, 1),
(34487, 5, 1, 2, 0, 52, 5, 5, 6, 1),
(34486, 5, 1, 2, 0, 40, 5, 4, 6, 1),
(34485, 5, 1, 2, 0, 27, 5, 3, 6, 1),
(34484, 5, 1, 2, 0, 27, 5, 2, 6, 1),
(34483, 5, 1, 2, 0, 40, 5, 1, 6, 1),
(34482, 5, 1, 2, 0, 39, 4, 5, 6, 1),
(34481, 5, 1, 2, 0, 47, 4, 4, 6, 2),
(34480, 5, 1, 2, 0, 15, 4, 4, 6, 1),
(34479, 5, 1, 2, 0, 18, 4, 3, 6, 1),
(34478, 5, 1, 2, 0, 44, 4, 2, 6, 1),
(34477, 5, 1, 2, 0, 52, 4, 1, 6, 1),
(34476, 5, 1, 2, 0, 17, 3, 5, 6, 2),
(34475, 5, 1, 2, 0, 16, 3, 5, 6, 1),
(34474, 5, 1, 2, 0, 39, 3, 4, 6, 1),
(34473, 5, 1, 2, 0, 39, 3, 3, 6, 1),
(34472, 5, 1, 2, 0, 44, 3, 2, 6, 1),
(34471, 5, 1, 2, 0, 17, 3, 1, 6, 2),
(34470, 5, 1, 2, 0, 16, 3, 1, 6, 1),
(34469, 5, 1, 2, 0, 47, 2, 6, 6, 2),
(34468, 5, 1, 2, 0, 15, 2, 6, 6, 1),
(34467, 5, 1, 2, 0, 18, 2, 5, 6, 1),
(34466, 5, 1, 2, 0, 17, 2, 4, 6, 2),
(34465, 5, 1, 2, 0, 16, 2, 4, 6, 1),
(34464, 5, 1, 2, 0, 47, 2, 3, 6, 2),
(34463, 5, 1, 2, 0, 15, 2, 3, 6, 1),
(34462, 5, 1, 2, 0, 40, 2, 2, 6, 1),
(34461, 5, 1, 2, 0, 17, 2, 1, 6, 1),
(34460, 5, 1, 2, 0, 44, 1, 6, 6, 1),
(34459, 5, 1, 2, 0, 18, 1, 5, 6, 1),
(34458, 5, 1, 2, 0, 44, 1, 4, 6, 1),
(34457, 5, 1, 2, 0, 47, 1, 3, 6, 2),
(35665, 1, 0, 6, 0, 69, 10, 5, 6, 1),
(35664, 1, 0, 6, 0, 2, 10, 4, 6, 1),
(35663, 1, 0, 6, 0, 22, 10, 3, 6, 1),
(35662, 1, 0, 6, 0, 68, 10, 2, 6, 1),
(35661, 1, 0, 6, 0, 70, 10, 1, 6, 1),
(35660, 1, 0, 6, 0, 68, 9, 6, 6, 1),
(35659, 1, 0, 6, 0, 1, 9, 5, 6, 1),
(35658, 1, 0, 6, 0, 70, 9, 4, 6, 1),
(35657, 1, 0, 6, 0, 66, 9, 3, 6, 1),
(35656, 1, 0, 6, 0, 22, 9, 2, 6, 1),
(35655, 1, 0, 6, 0, 3, 9, 1, 6, 1),
(35654, 1, 0, 6, 0, 22, 8, 6, 6, 1),
(35653, 1, 0, 6, 0, 67, 8, 5, 6, 1),
(35652, 1, 0, 6, 0, 71, 8, 4, 6, 1),
(35651, 1, 0, 6, 0, 2, 8, 3, 6, 1),
(35650, 1, 0, 6, 0, 3, 8, 2, 6, 1),
(35649, 1, 0, 6, 0, 22, 8, 1, 6, 1),
(35648, 1, 0, 6, 0, 67, 7, 6, 6, 1),
(35647, 1, 0, 6, 0, 3, 7, 5, 6, 1),
(35646, 1, 0, 6, 0, 68, 7, 4, 6, 1),
(35645, 1, 0, 6, 0, 69, 7, 3, 6, 1),
(35644, 1, 0, 6, 0, 1, 7, 2, 6, 1),
(35643, 1, 0, 6, 0, 66, 7, 1, 6, 1),
(35642, 1, 0, 6, 0, 1, 6, 6, 6, 1),
(35641, 1, 0, 6, 0, 66, 6, 5, 6, 1),
(35640, 1, 0, 6, 0, 1, 6, 4, 6, 1),
(35639, 1, 0, 6, 0, 67, 6, 3, 6, 1),
(35638, 1, 0, 6, 0, 69, 6, 2, 6, 1),
(35637, 1, 0, 6, 0, 2, 6, 1, 6, 1),
(31987, 5, 2, 1, 0, 44, 5, 5, 6, 1),
(31986, 5, 2, 1, 0, 52, 5, 4, 6, 1),
(31985, 5, 2, 1, 0, 40, 5, 3, 6, 1),
(31984, 5, 2, 1, 0, 32, 5, 2, 6, 1),
(31983, 5, 2, 1, 0, 7, 5, 1, 6, 1),
(31982, 5, 2, 1, 0, 39, 4, 5, 6, 1),
(31981, 5, 2, 1, 0, 51, 4, 4, 6, 1),
(31980, 5, 2, 1, 0, 39, 4, 3, 6, 1),
(31979, 5, 2, 1, 0, 32, 4, 2, 6, 1),
(31978, 5, 2, 1, 0, 40, 4, 1, 6, 1),
(31977, 5, 2, 1, 0, 51, 3, 5, 6, 1),
(31976, 5, 2, 1, 0, 7, 3, 4, 6, 1),
(31975, 5, 2, 1, 0, 44, 3, 3, 6, 1),
(31974, 5, 2, 1, 0, 7, 3, 2, 6, 1),
(31973, 5, 2, 1, 0, 32, 3, 1, 6, 1),
(31972, 5, 2, 1, 0, 40, 2, 5, 6, 1),
(31971, 5, 2, 1, 0, 27, 2, 4, 6, 1),
(31970, 5, 2, 1, 0, 44, 2, 3, 6, 1),
(31969, 5, 2, 1, 0, 52, 2, 2, 6, 1),
(31968, 5, 2, 1, 0, 27, 2, 1, 6, 1),
(31967, 5, 2, 1, 0, 52, 1, 6, 6, 1),
(31966, 5, 2, 1, 0, 32, 1, 5, 6, 1),
(31965, 5, 2, 1, 0, 39, 1, 4, 6, 1),
(31964, 5, 2, 1, 0, 27, 1, 3, 6, 1),
(31963, 5, 2, 1, 0, 51, 1, 2, 6, 1),
(31962, 5, 2, 1, 0, 44, 1, 1, 6, 1),
(36661, 1, 0, 7, 0, 2, 10, 5, 6, 1),
(36660, 1, 0, 7, 0, 71, 10, 4, 6, 1),
(36659, 1, 0, 7, 0, 68, 10, 3, 6, 1),
(36658, 1, 0, 7, 0, 2, 10, 2, 6, 1),
(36657, 1, 0, 7, 0, 69, 10, 1, 6, 1),
(36656, 1, 0, 7, 0, 66, 9, 6, 6, 1),
(36655, 1, 0, 7, 0, 1, 9, 5, 6, 1),
(36654, 1, 0, 7, 0, 66, 9, 4, 6, 1),
(36653, 1, 0, 7, 0, 3, 9, 3, 6, 1),
(36652, 1, 0, 7, 0, 3, 9, 2, 6, 1),
(36651, 1, 0, 7, 0, 67, 9, 1, 6, 1),
(36650, 1, 0, 7, 0, 70, 8, 6, 6, 1),
(36649, 1, 0, 7, 0, 67, 8, 5, 6, 1),
(36648, 1, 0, 7, 0, 1, 8, 4, 6, 1),
(36647, 1, 0, 7, 0, 70, 8, 3, 6, 1),
(36646, 1, 0, 7, 0, 22, 8, 2, 6, 1),
(36645, 1, 0, 7, 0, 22, 8, 1, 6, 1),
(36644, 1, 0, 7, 0, 22, 7, 6, 6, 1),
(36643, 1, 0, 7, 0, 69, 7, 5, 6, 1),
(36642, 1, 0, 7, 0, 69, 7, 4, 6, 1),
(36641, 1, 0, 7, 0, 1, 7, 3, 6, 1),
(36640, 1, 0, 7, 0, 68, 7, 2, 6, 1),
(36639, 1, 0, 7, 0, 3, 7, 1, 6, 1),
(36638, 1, 0, 7, 0, 67, 6, 6, 6, 1),
(36637, 1, 0, 7, 0, 68, 6, 5, 6, 1),
(36636, 1, 0, 7, 0, 22, 6, 4, 6, 1),
(36635, 1, 0, 7, 0, 2, 6, 3, 6, 1),
(36634, 1, 0, 7, 0, 1, 6, 2, 6, 1),
(36633, 1, 0, 7, 0, 66, 6, 1, 6, 1),
(32015, 5, 2, 2, 0, 51, 5, 5, 6, 1),
(32014, 5, 2, 2, 0, 44, 5, 4, 6, 1),
(32013, 5, 2, 2, 0, 52, 5, 3, 6, 1),
(32012, 5, 2, 2, 0, 27, 5, 2, 6, 1),
(32011, 5, 2, 2, 0, 51, 5, 1, 6, 1),
(32010, 5, 2, 2, 0, 40, 4, 5, 6, 1),
(32009, 5, 2, 2, 0, 32, 4, 4, 6, 1),
(32008, 5, 2, 2, 0, 7, 4, 3, 6, 1),
(32007, 5, 2, 2, 0, 40, 4, 2, 6, 1),
(32006, 5, 2, 2, 0, 44, 4, 1, 6, 1),
(32005, 5, 2, 2, 0, 7, 3, 5, 6, 1),
(32004, 5, 2, 2, 0, 32, 3, 4, 6, 1),
(32003, 5, 2, 2, 0, 32, 3, 3, 6, 1),
(32002, 5, 2, 2, 0, 52, 3, 2, 6, 1),
(32001, 5, 2, 2, 0, 39, 3, 1, 6, 1),
(32000, 5, 2, 2, 0, 7, 2, 6, 6, 1),
(31999, 5, 2, 2, 0, 52, 2, 5, 6, 1),
(31998, 5, 2, 2, 0, 40, 2, 4, 6, 1),
(31997, 5, 2, 2, 0, 39, 2, 3, 6, 1),
(31996, 5, 2, 2, 0, 44, 2, 2, 6, 1),
(31995, 5, 2, 2, 0, 32, 2, 1, 6, 1),
(31994, 5, 2, 2, 0, 39, 1, 5, 6, 1),
(31993, 5, 2, 2, 0, 27, 1, 4, 6, 1),
(31992, 5, 2, 2, 0, 51, 1, 3, 6, 1),
(31991, 5, 2, 2, 0, 44, 1, 2, 6, 1),
(31990, 5, 2, 2, 0, 27, 1, 1, 6, 1),
(36215, 1, 0, 17, 0, 67, 10, 5, 6, 1),
(36214, 1, 0, 17, 0, 69, 10, 4, 6, 1),
(36213, 1, 0, 17, 0, 2, 10, 3, 6, 1),
(36212, 1, 0, 17, 0, 66, 10, 2, 6, 1),
(36211, 1, 0, 17, 0, 22, 10, 1, 6, 1),
(36210, 1, 0, 17, 0, 1, 9, 6, 6, 1),
(36209, 1, 0, 17, 0, 22, 9, 5, 6, 1),
(36208, 1, 0, 17, 0, 1, 9, 4, 6, 1),
(36207, 1, 0, 17, 0, 22, 9, 3, 6, 1),
(36206, 1, 0, 17, 0, 69, 9, 2, 6, 1),
(36205, 1, 0, 17, 0, 1, 9, 1, 6, 1),
(36204, 1, 0, 17, 0, 3, 8, 6, 6, 1),
(36203, 1, 0, 17, 0, 69, 8, 5, 6, 1),
(36202, 1, 0, 17, 0, 68, 8, 4, 6, 1),
(36201, 1, 0, 17, 0, 66, 8, 3, 6, 1),
(36200, 1, 0, 17, 0, 68, 8, 2, 6, 1),
(36199, 1, 0, 17, 0, 2, 8, 1, 6, 1),
(36198, 1, 0, 17, 0, 70, 7, 6, 6, 1),
(36197, 1, 0, 17, 0, 68, 7, 5, 6, 1),
(36196, 1, 0, 17, 0, 2, 7, 4, 6, 1),
(36195, 1, 0, 17, 0, 1, 7, 3, 6, 1),
(36194, 1, 0, 17, 0, 71, 7, 2, 6, 1),
(36193, 1, 0, 17, 0, 70, 7, 1, 6, 1),
(36192, 1, 0, 17, 0, 66, 6, 6, 6, 1),
(36191, 1, 0, 17, 0, 3, 6, 5, 6, 1),
(36190, 1, 0, 17, 0, 67, 6, 4, 6, 1),
(36189, 1, 0, 17, 0, 67, 6, 3, 6, 1),
(36188, 1, 0, 17, 0, 22, 6, 2, 6, 1),
(36187, 1, 0, 17, 0, 3, 6, 1, 6, 1),
(35417, 2, 0, 7, 0, 22, 10, 5, 6, 1),
(36601, 1, 0, 1, 0, 26, 2, 4, 6, 1),
(36574, 5, 3, 1, 0, 46, 10, 3, 6, 1),
(36573, 5, 3, 1, 0, 46, 7, 1, 6, 1),
(36572, 5, 3, 1, 0, 52, 5, 5, 6, 1),
(36571, 5, 3, 1, 0, 40, 5, 3, 6, 1),
(36570, 5, 3, 1, 0, 51, 5, 2, 6, 1),
(36569, 5, 3, 1, 0, 39, 5, 1, 6, 1),
(36568, 5, 3, 1, 0, 51, 4, 5, 6, 1),
(36567, 5, 3, 1, 0, 40, 4, 4, 6, 1),
(36566, 5, 3, 1, 0, 40, 4, 3, 6, 1),
(36565, 5, 3, 1, 0, 27, 4, 2, 6, 1),
(36564, 5, 3, 1, 0, 42, 4, 1, 6, 1),
(36563, 5, 3, 1, 0, 40, 3, 5, 6, 1),
(36562, 5, 3, 1, 0, 27, 3, 4, 6, 1),
(36561, 5, 3, 1, 0, 39, 3, 3, 6, 1),
(36560, 5, 3, 1, 0, 52, 3, 2, 6, 1),
(36559, 5, 3, 1, 0, 42, 3, 1, 6, 1),
(36558, 5, 3, 1, 0, 39, 2, 5, 6, 1),
(36557, 5, 3, 1, 0, 52, 2, 4, 6, 1),
(36556, 5, 3, 1, 0, 27, 2, 3, 6, 1),
(36555, 5, 3, 1, 0, 7, 2, 2, 6, 1),
(36554, 5, 3, 1, 0, 7, 2, 1, 6, 1),
(36553, 5, 3, 1, 0, 7, 1, 5, 6, 1),
(35510, 1, 0, 8, 0, 1, 10, 5, 6, 1),
(35509, 1, 0, 8, 0, 68, 10, 4, 6, 1),
(35508, 1, 0, 8, 0, 2, 10, 3, 6, 1),
(35507, 1, 0, 8, 0, 67, 10, 2, 6, 1),
(35506, 1, 0, 8, 0, 22, 10, 1, 6, 1),
(35505, 1, 0, 8, 0, 1, 9, 6, 6, 1),
(35504, 1, 0, 8, 0, 69, 9, 5, 6, 1),
(35503, 1, 0, 8, 0, 69, 9, 4, 6, 1),
(35502, 1, 0, 8, 0, 68, 9, 3, 6, 1),
(35501, 1, 0, 8, 0, 1, 9, 2, 6, 1),
(35500, 1, 0, 8, 0, 2, 9, 1, 6, 1),
(35499, 1, 0, 8, 0, 69, 8, 6, 6, 1),
(35498, 1, 0, 8, 0, 3, 8, 5, 6, 1),
(35497, 1, 0, 8, 0, 2, 8, 4, 6, 1),
(35496, 1, 0, 8, 0, 22, 8, 3, 6, 1),
(35495, 1, 0, 8, 0, 71, 8, 2, 6, 1),
(35494, 1, 0, 8, 0, 70, 8, 1, 6, 1),
(35493, 1, 0, 8, 0, 68, 7, 6, 6, 1),
(35492, 1, 0, 8, 0, 22, 7, 5, 6, 1),
(35491, 1, 0, 8, 0, 66, 7, 4, 6, 1),
(35490, 1, 0, 8, 0, 70, 7, 3, 6, 1),
(35489, 1, 0, 8, 0, 22, 7, 2, 6, 1),
(35488, 1, 0, 8, 0, 66, 7, 1, 6, 1),
(35487, 1, 0, 8, 0, 3, 6, 6, 6, 1),
(35486, 1, 0, 8, 0, 67, 6, 5, 6, 1),
(35485, 1, 0, 8, 0, 1, 6, 4, 6, 1),
(35484, 1, 0, 8, 0, 66, 6, 3, 6, 1),
(35483, 1, 0, 8, 0, 3, 6, 2, 6, 1),
(35482, 1, 0, 8, 0, 67, 6, 1, 6, 1),
(33352, 4, 0, 1, 0, 46, 9, 2, 6, 1),
(36599, 5, 3, 2, 0, 46, 9, 3, 6, 1),
(36598, 5, 3, 2, 0, 46, 8, 1, 6, 1),
(36597, 5, 3, 2, 0, 39, 5, 5, 6, 1),
(36596, 5, 3, 2, 0, 52, 5, 3, 6, 1),
(36595, 5, 3, 2, 0, 27, 5, 1, 6, 1),
(36594, 5, 3, 2, 0, 52, 4, 5, 6, 1),
(36593, 5, 3, 2, 0, 7, 4, 4, 6, 1),
(36592, 5, 3, 2, 0, 51, 4, 3, 6, 1),
(36591, 5, 3, 2, 0, 27, 4, 2, 6, 1),
(36590, 5, 3, 2, 0, 7, 4, 1, 6, 1),
(36589, 5, 3, 2, 0, 42, 3, 5, 6, 1),
(36588, 5, 3, 2, 0, 39, 3, 4, 6, 1),
(36587, 5, 3, 2, 0, 27, 3, 3, 6, 1),
(36586, 5, 3, 2, 0, 42, 3, 2, 6, 1),
(36585, 5, 3, 2, 0, 51, 3, 1, 6, 1),
(36584, 5, 3, 2, 0, 40, 2, 5, 6, 1),
(36583, 5, 3, 2, 0, 40, 2, 4, 6, 1),
(36582, 5, 3, 2, 0, 7, 2, 3, 6, 1),
(36581, 5, 3, 2, 0, 42, 2, 2, 6, 1),
(36580, 5, 3, 2, 0, 39, 2, 1, 6, 1),
(36579, 5, 3, 2, 0, 51, 1, 5, 6, 1),
(36578, 5, 3, 2, 0, 40, 1, 4, 6, 1),
(36577, 5, 3, 2, 0, 40, 1, 3, 6, 1),
(35787, 6, 2, 1, 0, 40, 5, 1, 6, 1),
(35786, 6, 2, 1, 0, 18, 4, 5, 6, 1),
(35785, 6, 2, 1, 0, 44, 4, 4, 6, 1),
(35784, 6, 2, 1, 0, 27, 4, 3, 6, 1),
(35783, 6, 2, 1, 0, 40, 4, 2, 6, 1),
(35782, 6, 2, 1, 0, 32, 4, 1, 6, 1),
(35781, 6, 2, 1, 0, 40, 3, 6, 6, 1),
(35780, 6, 2, 1, 0, 32, 3, 5, 6, 1),
(35779, 6, 2, 1, 0, 39, 3, 4, 6, 1),
(35778, 6, 2, 1, 0, 51, 3, 3, 6, 1),
(35777, 6, 2, 1, 0, 11, 3, 2, 6, 1),
(35776, 6, 2, 1, 0, 27, 3, 1, 6, 1),
(35775, 6, 2, 1, 0, 44, 2, 6, 6, 1),
(35774, 6, 2, 1, 0, 32, 2, 5, 6, 1),
(35773, 6, 2, 1, 0, 52, 2, 4, 6, 1),
(35772, 6, 2, 1, 0, 11, 2, 3, 6, 1),
(35771, 6, 2, 1, 0, 52, 2, 2, 6, 1),
(35770, 6, 2, 1, 0, 39, 2, 1, 6, 1),
(35769, 6, 2, 1, 0, 44, 1, 6, 6, 1),
(35768, 6, 2, 1, 0, 27, 1, 5, 6, 1),
(35767, 6, 2, 1, 0, 11, 1, 4, 6, 1),
(36336, 1, 0, 9, 0, 22, 10, 5, 6, 1),
(36335, 1, 0, 9, 0, 69, 10, 4, 6, 1),
(36334, 1, 0, 9, 0, 69, 10, 3, 6, 1),
(36333, 1, 0, 9, 0, 67, 10, 2, 6, 1),
(36332, 1, 0, 9, 0, 66, 10, 1, 6, 1),
(36331, 1, 0, 9, 0, 67, 9, 6, 6, 1),
(36330, 1, 0, 9, 0, 2, 9, 5, 6, 1),
(36329, 1, 0, 9, 0, 3, 9, 4, 6, 1),
(36328, 1, 0, 9, 0, 70, 9, 3, 6, 1),
(36327, 1, 0, 9, 0, 66, 9, 2, 6, 1),
(36326, 1, 0, 9, 0, 2, 9, 1, 6, 1),
(36325, 1, 0, 9, 0, 2, 8, 6, 6, 1),
(36324, 1, 0, 9, 0, 68, 8, 5, 6, 1),
(36323, 1, 0, 9, 0, 70, 8, 4, 6, 1),
(36322, 1, 0, 9, 0, 1, 8, 3, 6, 1),
(36321, 1, 0, 9, 0, 68, 8, 2, 6, 1),
(36320, 1, 0, 9, 0, 1, 8, 1, 6, 1),
(36319, 1, 0, 9, 0, 1, 7, 6, 6, 1),
(36318, 1, 0, 9, 0, 3, 7, 5, 6, 1),
(36317, 1, 0, 9, 0, 66, 7, 4, 6, 1),
(36316, 1, 0, 9, 0, 22, 7, 3, 6, 1),
(36315, 1, 0, 9, 0, 3, 7, 2, 6, 1),
(36314, 1, 0, 9, 0, 22, 7, 1, 6, 1),
(36313, 1, 0, 9, 0, 22, 6, 6, 6, 1),
(36312, 1, 0, 9, 0, 71, 6, 5, 6, 1),
(36311, 1, 0, 9, 0, 67, 6, 4, 6, 1),
(36310, 1, 0, 9, 0, 68, 6, 3, 6, 1),
(36309, 1, 0, 9, 0, 1, 6, 2, 6, 1),
(36308, 1, 0, 9, 0, 69, 6, 1, 6, 1),
(34830, 6, 2, 2, 0, 46, 10, 1, 6, 1),
(34829, 6, 2, 2, 0, 46, 7, 3, 6, 1),
(34828, 6, 2, 2, 0, 51, 5, 5, 6, 1),
(34827, 6, 2, 2, 0, 44, 5, 4, 6, 1),
(34826, 6, 2, 2, 0, 52, 5, 3, 6, 1),
(34825, 6, 2, 2, 0, 39, 5, 2, 6, 1),
(34824, 6, 2, 2, 0, 32, 5, 1, 6, 1),
(34823, 6, 2, 2, 0, 39, 4, 5, 6, 1),
(34822, 6, 2, 2, 0, 18, 4, 4, 6, 1),
(34821, 6, 2, 2, 0, 27, 4, 3, 6, 1),
(34820, 6, 2, 2, 0, 6, 4, 2, 6, 1),
(34819, 6, 2, 2, 0, 40, 4, 1, 6, 1),
(34818, 6, 2, 2, 0, 51, 3, 6, 6, 1),
(34817, 6, 2, 2, 0, 6, 3, 5, 6, 1),
(34816, 6, 2, 2, 0, 40, 3, 4, 6, 1),
(34815, 6, 2, 2, 0, 39, 3, 3, 6, 1),
(34814, 6, 2, 2, 0, 44, 3, 2, 6, 1),
(34813, 6, 2, 2, 0, 27, 3, 1, 6, 1),
(34812, 6, 2, 2, 0, 52, 2, 6, 6, 1),
(34811, 6, 2, 2, 0, 27, 2, 5, 6, 1),
(34810, 6, 2, 2, 0, 32, 2, 4, 6, 1),
(34809, 6, 2, 2, 0, 6, 2, 3, 6, 1),
(34808, 6, 2, 2, 0, 44, 2, 2, 6, 1),
(34807, 6, 2, 2, 0, 18, 2, 1, 6, 1),
(34806, 6, 2, 2, 0, 32, 1, 6, 6, 1),
(34805, 6, 2, 2, 0, 44, 1, 5, 6, 1),
(34804, 6, 2, 2, 0, 32, 1, 4, 6, 1),
(34803, 6, 2, 2, 0, 40, 1, 3, 6, 1),
(35727, 2, 0, 1, 0, 1, 10, 5, 6, 1),
(35726, 2, 0, 1, 0, 3, 10, 4, 6, 1),
(35725, 2, 0, 1, 0, 67, 10, 3, 6, 1),
(35724, 2, 0, 1, 0, 68, 10, 2, 6, 1),
(35723, 2, 0, 1, 0, 3, 10, 1, 6, 1),
(35722, 2, 0, 1, 0, 22, 9, 6, 6, 1),
(35721, 2, 0, 1, 0, 3, 9, 5, 6, 1),
(35720, 2, 0, 1, 0, 68, 9, 4, 6, 1),
(35719, 2, 0, 1, 0, 69, 9, 3, 6, 1),
(35718, 2, 0, 1, 0, 22, 9, 2, 6, 1),
(35717, 2, 0, 1, 0, 2, 9, 1, 6, 1),
(35716, 2, 0, 1, 0, 1, 8, 6, 6, 1),
(35715, 2, 0, 1, 0, 69, 8, 5, 6, 1),
(35714, 2, 0, 1, 0, 72, 8, 4, 6, 1),
(35713, 2, 0, 1, 0, 22, 8, 3, 6, 1),
(35712, 2, 0, 1, 0, 67, 8, 2, 6, 1),
(35711, 2, 0, 1, 0, 1, 8, 1, 6, 1),
(35710, 2, 0, 1, 0, 66, 7, 6, 6, 1),
(35709, 2, 0, 1, 0, 22, 7, 5, 6, 1),
(35708, 2, 0, 1, 0, 2, 7, 4, 6, 1),
(35707, 2, 0, 1, 0, 66, 7, 3, 6, 1),
(35706, 2, 0, 1, 0, 2, 7, 2, 6, 1),
(35705, 2, 0, 1, 0, 69, 7, 1, 6, 1),
(35704, 2, 0, 1, 0, 68, 6, 6, 6, 1),
(35703, 2, 0, 1, 0, 67, 6, 5, 6, 1),
(35702, 2, 0, 1, 0, 70, 6, 4, 6, 1),
(35701, 2, 0, 1, 0, 1, 6, 3, 6, 1),
(35700, 2, 0, 1, 0, 66, 6, 2, 6, 1),
(35699, 2, 0, 1, 0, 70, 6, 1, 6, 1),
(35231, 2, 0, 4, 0, 3, 10, 5, 6, 1),
(36600, 1, 0, 1, 0, 26, 1, 2, 6, 1),
(39172, 6, 3, 1, 0, 40, 5, 2, 7, 1),
(39171, 6, 3, 1, 0, 42, 5, 1, 7, 1),
(39103, 6, 3, 1, 0, 46, 10, 3, 6, 1),
(39102, 6, 3, 1, 0, 46, 7, 1, 6, 1),
(39101, 6, 3, 1, 0, 11, 5, 4, 6, 1),
(39100, 6, 3, 1, 0, 11, 5, 3, 6, 1),
(39099, 6, 3, 1, 0, 40, 5, 2, 6, 1),
(39098, 6, 3, 1, 0, 42, 5, 1, 6, 1),
(39097, 6, 3, 1, 0, 52, 4, 4, 6, 1),
(39096, 6, 3, 1, 0, 39, 4, 3, 6, 1),
(39095, 6, 3, 1, 0, 39, 4, 2, 6, 1),
(39094, 6, 3, 1, 0, 11, 4, 1, 6, 1),
(39093, 6, 3, 1, 0, 52, 3, 5, 6, 1),
(39092, 6, 3, 1, 0, 39, 3, 4, 6, 1),
(39091, 6, 3, 1, 0, 51, 3, 3, 6, 1),
(39090, 6, 3, 1, 0, 27, 3, 2, 6, 1),
(39089, 6, 3, 1, 0, 40, 3, 1, 6, 1),
(36394, 2, 0, 2, 0, 22, 10, 5, 6, 1),
(36393, 2, 0, 2, 0, 3, 10, 4, 6, 1),
(36392, 2, 0, 2, 0, 72, 10, 3, 6, 1),
(36391, 2, 0, 2, 0, 68, 10, 2, 6, 1),
(36390, 2, 0, 2, 0, 69, 10, 1, 6, 1),
(36389, 2, 0, 2, 0, 68, 9, 6, 6, 1),
(36388, 2, 0, 2, 0, 69, 9, 5, 6, 1),
(36387, 2, 0, 2, 0, 70, 9, 4, 6, 1),
(36386, 2, 0, 2, 0, 22, 9, 3, 6, 1),
(36385, 2, 0, 2, 0, 67, 9, 2, 6, 1),
(36384, 2, 0, 2, 0, 70, 9, 1, 6, 1),
(36383, 2, 0, 2, 0, 1, 8, 6, 6, 1),
(36382, 2, 0, 2, 0, 1, 8, 5, 6, 1),
(36381, 2, 0, 2, 0, 1, 8, 4, 6, 1),
(36380, 2, 0, 2, 0, 67, 8, 3, 6, 1),
(36379, 2, 0, 2, 0, 2, 8, 2, 6, 1),
(36378, 2, 0, 2, 0, 66, 8, 1, 6, 1),
(36377, 2, 0, 2, 0, 2, 7, 6, 6, 1),
(36376, 2, 0, 2, 0, 67, 7, 5, 6, 1),
(36375, 2, 0, 2, 0, 22, 7, 4, 6, 1),
(36374, 2, 0, 2, 0, 1, 7, 3, 6, 1),
(36373, 2, 0, 2, 0, 66, 7, 2, 6, 1),
(36372, 2, 0, 2, 0, 22, 7, 1, 6, 1),
(36371, 2, 0, 2, 0, 66, 6, 6, 6, 1),
(36370, 2, 0, 2, 0, 3, 6, 5, 6, 1),
(36369, 2, 0, 2, 0, 68, 6, 4, 6, 1),
(36368, 2, 0, 2, 0, 2, 6, 3, 6, 1),
(36367, 2, 0, 2, 0, 69, 6, 2, 6, 1),
(36366, 2, 0, 2, 0, 3, 6, 1, 6, 1),
(39088, 6, 3, 1, 0, 42, 2, 5, 6, 1),
(39087, 6, 3, 1, 0, 40, 2, 4, 6, 1),
(39086, 6, 3, 1, 0, 27, 2, 3, 6, 1),
(39085, 6, 3, 1, 0, 51, 2, 2, 6, 1),
(39084, 6, 3, 1, 0, 40, 2, 1, 6, 1),
(39083, 6, 3, 1, 0, 42, 1, 5, 6, 1),
(35386, 2, 0, 3, 0, 67, 10, 5, 6, 1),
(35385, 2, 0, 3, 0, 66, 10, 4, 6, 1),
(35384, 2, 0, 3, 0, 2, 10, 3, 6, 1),
(35383, 2, 0, 3, 0, 22, 10, 2, 6, 1),
(35382, 2, 0, 3, 0, 66, 10, 1, 6, 1),
(35381, 2, 0, 3, 0, 68, 9, 6, 6, 1),
(35380, 2, 0, 3, 0, 70, 9, 5, 6, 1),
(35379, 2, 0, 3, 0, 22, 9, 4, 6, 1),
(35378, 2, 0, 3, 0, 3, 9, 3, 6, 1),
(35377, 2, 0, 3, 0, 1, 9, 2, 6, 1),
(35376, 2, 0, 3, 0, 68, 9, 1, 6, 1),
(35375, 2, 0, 3, 0, 70, 8, 6, 6, 1),
(35374, 2, 0, 3, 0, 22, 8, 5, 6, 1),
(35373, 2, 0, 3, 0, 3, 8, 4, 6, 1),
(35372, 2, 0, 3, 0, 67, 8, 3, 6, 1),
(35371, 2, 0, 3, 0, 66, 8, 2, 6, 1),
(35370, 2, 0, 3, 0, 22, 8, 1, 6, 1),
(35369, 2, 0, 3, 0, 69, 7, 6, 6, 1),
(35368, 2, 0, 3, 0, 1, 7, 5, 6, 1),
(35367, 2, 0, 3, 0, 67, 7, 4, 6, 1),
(35366, 2, 0, 3, 0, 1, 7, 3, 6, 1),
(35365, 2, 0, 3, 0, 72, 7, 2, 6, 1),
(35364, 2, 0, 3, 0, 69, 7, 1, 6, 1),
(35363, 2, 0, 3, 0, 2, 6, 6, 6, 1),
(35362, 2, 0, 3, 0, 69, 6, 5, 6, 1),
(35361, 2, 0, 3, 0, 2, 6, 4, 6, 1),
(35360, 2, 0, 3, 0, 68, 6, 3, 6, 1),
(35359, 2, 0, 3, 0, 3, 6, 2, 6, 1),
(35358, 2, 0, 3, 0, 1, 6, 1, 6, 1),
(35766, 6, 2, 1, 0, 52, 1, 3, 6, 1),
(35230, 2, 0, 4, 0, 68, 10, 4, 6, 1),
(35229, 2, 0, 4, 0, 1, 10, 3, 6, 1),
(35228, 2, 0, 4, 0, 2, 10, 2, 6, 1),
(35227, 2, 0, 4, 0, 67, 10, 1, 6, 1),
(35226, 2, 0, 4, 0, 2, 9, 6, 6, 1),
(35225, 2, 0, 4, 0, 66, 9, 5, 6, 1),
(35224, 2, 0, 4, 0, 22, 9, 4, 6, 1),
(35223, 2, 0, 4, 0, 67, 9, 3, 6, 1),
(35222, 2, 0, 4, 0, 68, 9, 2, 6, 1),
(35221, 2, 0, 4, 0, 69, 9, 1, 6, 1),
(35220, 2, 0, 4, 0, 67, 8, 6, 6, 1),
(35219, 2, 0, 4, 0, 2, 8, 5, 6, 1),
(35218, 2, 0, 4, 0, 70, 8, 4, 6, 1),
(35217, 2, 0, 4, 0, 3, 8, 3, 6, 1),
(35216, 2, 0, 4, 0, 22, 8, 2, 6, 1),
(35215, 2, 0, 4, 0, 66, 8, 1, 6, 1),
(35214, 2, 0, 4, 0, 1, 7, 6, 6, 1),
(35213, 2, 0, 4, 0, 22, 7, 5, 6, 1),
(35212, 2, 0, 4, 0, 3, 7, 4, 6, 1),
(35211, 2, 0, 4, 0, 69, 7, 3, 6, 1),
(35210, 2, 0, 4, 0, 70, 7, 2, 6, 1),
(35209, 2, 0, 4, 0, 1, 7, 1, 6, 1),
(35208, 2, 0, 4, 0, 72, 6, 6, 6, 1),
(35207, 2, 0, 4, 0, 69, 6, 5, 6, 1),
(35206, 2, 0, 4, 0, 66, 6, 4, 6, 1),
(35205, 2, 0, 4, 0, 22, 6, 3, 6, 1),
(35204, 2, 0, 4, 0, 1, 6, 2, 6, 1),
(35203, 2, 0, 4, 0, 68, 6, 1, 6, 1),
(35448, 2, 0, 5, 0, 2, 10, 5, 6, 1),
(35447, 2, 0, 5, 0, 67, 10, 4, 6, 1),
(35446, 2, 0, 5, 0, 3, 10, 3, 6, 1),
(35445, 2, 0, 5, 0, 66, 10, 2, 6, 1),
(35444, 2, 0, 5, 0, 67, 10, 1, 6, 1),
(35443, 2, 0, 5, 0, 66, 9, 6, 6, 1),
(35442, 2, 0, 5, 0, 22, 9, 5, 6, 1),
(35441, 2, 0, 5, 0, 1, 9, 4, 6, 1),
(35440, 2, 0, 5, 0, 22, 9, 3, 6, 1),
(35439, 2, 0, 5, 0, 68, 9, 2, 6, 1),
(35438, 2, 0, 5, 0, 68, 9, 1, 6, 1),
(35437, 2, 0, 5, 0, 22, 8, 6, 6, 1),
(35436, 2, 0, 5, 0, 68, 8, 5, 6, 1),
(35435, 2, 0, 5, 0, 69, 8, 4, 6, 1),
(35434, 2, 0, 5, 0, 2, 8, 3, 6, 1),
(35433, 2, 0, 5, 0, 1, 8, 2, 6, 1),
(35432, 2, 0, 5, 0, 2, 8, 1, 6, 1),
(35431, 2, 0, 5, 0, 1, 7, 6, 6, 1),
(35430, 2, 0, 5, 0, 69, 7, 5, 6, 1),
(35429, 2, 0, 5, 0, 22, 7, 4, 6, 1),
(35428, 2, 0, 5, 0, 72, 7, 3, 6, 1),
(35427, 2, 0, 5, 0, 3, 7, 2, 6, 1),
(35426, 2, 0, 5, 0, 1, 7, 1, 6, 1),
(35425, 2, 0, 5, 0, 70, 6, 6, 6, 1),
(35424, 2, 0, 5, 0, 3, 6, 5, 6, 1),
(35423, 2, 0, 5, 0, 66, 6, 4, 6, 1),
(35422, 2, 0, 5, 0, 67, 6, 3, 6, 1),
(35421, 2, 0, 5, 0, 70, 6, 2, 6, 1),
(35420, 2, 0, 5, 0, 69, 6, 1, 6, 1),
(35324, 2, 0, 6, 0, 68, 10, 5, 6, 1),
(35323, 2, 0, 6, 0, 2, 10, 4, 6, 1),
(35322, 2, 0, 6, 0, 66, 10, 3, 6, 1),
(35321, 2, 0, 6, 0, 66, 10, 2, 6, 1),
(35320, 2, 0, 6, 0, 68, 10, 1, 6, 1),
(35319, 2, 0, 6, 0, 3, 9, 6, 6, 1),
(35318, 2, 0, 6, 0, 2, 9, 5, 6, 1),
(35317, 2, 0, 6, 0, 69, 9, 4, 6, 1),
(35316, 2, 0, 6, 0, 2, 9, 3, 6, 1),
(35315, 2, 0, 6, 0, 72, 9, 2, 6, 1),
(35314, 2, 0, 6, 0, 3, 9, 1, 6, 1),
(35313, 2, 0, 6, 0, 68, 8, 6, 6, 1),
(35312, 2, 0, 6, 0, 22, 8, 5, 6, 1),
(35311, 2, 0, 6, 0, 22, 8, 4, 6, 1),
(35310, 2, 0, 6, 0, 69, 8, 3, 6, 1),
(35309, 2, 0, 6, 0, 70, 8, 2, 6, 1),
(35308, 2, 0, 6, 0, 22, 8, 1, 6, 1),
(35307, 2, 0, 6, 0, 69, 7, 6, 6, 1),
(35306, 2, 0, 6, 0, 1, 7, 5, 6, 1),
(35305, 2, 0, 6, 0, 67, 7, 4, 6, 1),
(35304, 2, 0, 6, 0, 67, 7, 3, 6, 1),
(35303, 2, 0, 6, 0, 1, 7, 2, 6, 1),
(35302, 2, 0, 6, 0, 66, 7, 1, 6, 1),
(35301, 2, 0, 6, 0, 22, 6, 6, 6, 1),
(35300, 2, 0, 6, 0, 70, 6, 5, 6, 1),
(35299, 2, 0, 6, 0, 1, 6, 4, 6, 1),
(35298, 2, 0, 6, 0, 3, 6, 3, 6, 1),
(35297, 2, 0, 6, 0, 67, 6, 2, 6, 1),
(35296, 2, 0, 6, 0, 1, 6, 1, 6, 1),
(39082, 6, 3, 1, 0, 51, 1, 4, 6, 1),
(39081, 6, 3, 1, 0, 52, 1, 3, 6, 1),
(34640, 6, 3, 2, 0, 46, 9, 3, 6, 1),
(34639, 6, 3, 2, 0, 46, 8, 1, 6, 1),
(34638, 6, 3, 2, 0, 40, 5, 5, 6, 1),
(34637, 6, 3, 2, 0, 27, 5, 4, 6, 1),
(34636, 6, 3, 2, 0, 51, 5, 3, 6, 1),
(34635, 6, 3, 2, 0, 6, 5, 2, 6, 1),
(34634, 6, 3, 2, 0, 42, 5, 1, 6, 1),
(34633, 6, 3, 2, 0, 6, 4, 5, 6, 1),
(34632, 6, 3, 2, 0, 51, 4, 4, 6, 1),
(34631, 6, 3, 2, 0, 52, 4, 3, 6, 1),
(34630, 6, 3, 2, 0, 52, 4, 2, 6, 1),
(34629, 6, 3, 2, 0, 27, 4, 1, 6, 1),
(34628, 6, 3, 2, 0, 39, 3, 5, 6, 1),
(34627, 6, 3, 2, 0, 18, 3, 4, 6, 1),
(34626, 6, 3, 2, 0, 42, 3, 3, 6, 1),
(34625, 6, 3, 2, 0, 40, 3, 2, 6, 1),
(34624, 6, 3, 2, 0, 39, 3, 1, 6, 1),
(34623, 6, 3, 2, 0, 52, 2, 5, 6, 1),
(34622, 6, 3, 2, 0, 39, 2, 4, 6, 1),
(34621, 6, 3, 2, 0, 42, 2, 3, 6, 1),
(34620, 6, 3, 2, 0, 40, 2, 2, 6, 1),
(34619, 6, 3, 2, 0, 51, 2, 1, 6, 1),
(34618, 6, 3, 2, 0, 27, 1, 5, 6, 1),
(34617, 6, 3, 2, 0, 42, 1, 4, 6, 1),
(34616, 6, 3, 2, 0, 6, 1, 3, 6, 1),
(35416, 2, 0, 7, 0, 22, 10, 4, 6, 1),
(35415, 2, 0, 7, 0, 66, 10, 3, 6, 1),
(35414, 2, 0, 7, 0, 3, 10, 2, 6, 1),
(35413, 2, 0, 7, 0, 22, 10, 1, 6, 1),
(35412, 2, 0, 7, 0, 72, 9, 6, 6, 1),
(35411, 2, 0, 7, 0, 1, 9, 5, 6, 1),
(35410, 2, 0, 7, 0, 3, 9, 4, 6, 1),
(35409, 2, 0, 7, 0, 68, 9, 3, 6, 1),
(35408, 2, 0, 7, 0, 66, 9, 2, 6, 1),
(35407, 2, 0, 7, 0, 67, 9, 1, 6, 1),
(35406, 2, 0, 7, 0, 67, 8, 6, 6, 1),
(35405, 2, 0, 7, 0, 3, 8, 5, 6, 1),
(35404, 2, 0, 7, 0, 69, 8, 4, 6, 1),
(35403, 2, 0, 7, 0, 1, 8, 3, 6, 1),
(35402, 2, 0, 7, 0, 1, 8, 2, 6, 1),
(35401, 2, 0, 7, 0, 70, 8, 1, 6, 1),
(35400, 2, 0, 7, 0, 70, 7, 6, 6, 1),
(35399, 2, 0, 7, 0, 69, 7, 5, 6, 1),
(35398, 2, 0, 7, 0, 66, 7, 4, 6, 1),
(35397, 2, 0, 7, 0, 2, 7, 3, 6, 1),
(35396, 2, 0, 7, 0, 67, 7, 2, 6, 1),
(35395, 2, 0, 7, 0, 68, 7, 1, 6, 1),
(35394, 2, 0, 7, 0, 1, 6, 6, 6, 1),
(35393, 2, 0, 7, 0, 2, 6, 5, 6, 1),
(35392, 2, 0, 7, 0, 68, 6, 4, 6, 1),
(35391, 2, 0, 7, 0, 22, 6, 3, 6, 1),
(35390, 2, 0, 7, 0, 2, 6, 2, 6, 1),
(35389, 2, 0, 7, 0, 69, 6, 1, 6, 1),
(33351, 4, 0, 1, 0, 46, 8, 4, 6, 1),
(33350, 4, 0, 1, 0, 25, 5, 5, 6, 1),
(33349, 4, 0, 1, 0, 37, 5, 4, 6, 1),
(33348, 4, 0, 1, 0, 43, 5, 3, 6, 1),
(33347, 4, 0, 1, 0, 29, 5, 2, 6, 1),
(33346, 4, 0, 1, 0, 29, 5, 1, 6, 1),
(33345, 4, 0, 1, 0, 29, 4, 5, 6, 1),
(33344, 4, 0, 1, 0, 34, 4, 4, 6, 1),
(33343, 4, 0, 1, 0, 34, 4, 3, 6, 1),
(33342, 4, 0, 1, 0, 37, 4, 2, 6, 1),
(33341, 4, 0, 1, 0, 43, 4, 1, 6, 1),
(33340, 4, 0, 1, 0, 23, 3, 6, 6, 1),
(33339, 4, 0, 1, 0, 34, 3, 5, 6, 1),
(33338, 4, 0, 1, 0, 38, 3, 4, 6, 1),
(33337, 4, 0, 1, 0, 49, 3, 3, 6, 1),
(33336, 4, 0, 1, 0, 25, 3, 2, 6, 1),
(33335, 4, 0, 1, 0, 38, 3, 1, 6, 1),
(33334, 4, 0, 1, 0, 34, 2, 6, 6, 1),
(33333, 4, 0, 1, 0, 49, 2, 5, 6, 1),
(33332, 4, 0, 1, 0, 23, 2, 4, 6, 1),
(33331, 4, 0, 1, 0, 25, 2, 3, 6, 1),
(33330, 4, 0, 1, 0, 23, 2, 2, 6, 1),
(33329, 4, 0, 1, 0, 20, 2, 1, 6, 1),
(33328, 4, 0, 1, 0, 38, 1, 6, 6, 1),
(33327, 4, 0, 1, 0, 43, 1, 5, 6, 1),
(33326, 4, 0, 1, 0, 20, 1, 4, 6, 1),
(33325, 4, 0, 1, 0, 37, 1, 3, 6, 1),
(32142, 4, 0, 2, 0, 29, 5, 5, 6, 1),
(32141, 4, 0, 2, 0, 25, 5, 4, 6, 1),
(32140, 4, 0, 2, 0, 23, 5, 3, 6, 1),
(32139, 4, 0, 2, 0, 34, 5, 2, 6, 1),
(32138, 4, 0, 2, 0, 43, 5, 1, 6, 1),
(32137, 4, 0, 2, 0, 34, 4, 5, 6, 1),
(32136, 4, 0, 2, 0, 38, 4, 4, 6, 1),
(32135, 4, 0, 2, 0, 43, 4, 3, 6, 1),
(32134, 4, 0, 2, 0, 25, 4, 2, 6, 1),
(32133, 4, 0, 2, 0, 49, 4, 1, 6, 1),
(32132, 4, 0, 2, 0, 29, 3, 6, 6, 1),
(32131, 4, 0, 2, 0, 38, 3, 5, 6, 1),
(32130, 4, 0, 2, 0, 34, 3, 4, 6, 1),
(32129, 4, 0, 2, 0, 18, 3, 3, 6, 2),
(32128, 4, 0, 2, 0, 20, 3, 3, 6, 1),
(32127, 4, 0, 2, 0, 23, 3, 2, 6, 1),
(32126, 4, 0, 2, 0, 18, 3, 1, 6, 2),
(32125, 4, 0, 2, 0, 20, 3, 1, 6, 1),
(32124, 4, 0, 2, 0, 23, 2, 6, 6, 1),
(32123, 4, 0, 2, 0, 43, 2, 5, 6, 1),
(32122, 4, 0, 2, 0, 49, 2, 4, 6, 1),
(32121, 4, 0, 2, 0, 20, 2, 3, 6, 1),
(32120, 4, 0, 2, 0, 43, 2, 2, 6, 1),
(32119, 4, 0, 2, 0, 38, 2, 1, 6, 1),
(32118, 4, 0, 2, 0, 37, 1, 6, 6, 1),
(32117, 4, 0, 2, 0, 37, 1, 5, 6, 1),
(32116, 4, 0, 2, 0, 29, 1, 4, 6, 1),
(32115, 4, 0, 2, 0, 25, 1, 3, 6, 1),
(32114, 4, 0, 2, 0, 37, 1, 2, 6, 1),
(32113, 4, 0, 2, 0, 34, 1, 1, 6, 1),
(36425, 2, 0, 17, 0, 67, 10, 5, 6, 1),
(36424, 2, 0, 17, 0, 69, 10, 4, 6, 1),
(36423, 2, 0, 17, 0, 68, 10, 3, 6, 1),
(36422, 2, 0, 17, 0, 22, 10, 2, 6, 1),
(36421, 2, 0, 17, 0, 70, 10, 1, 6, 1),
(36420, 2, 0, 17, 0, 69, 9, 6, 6, 1),
(36419, 2, 0, 17, 0, 2, 9, 5, 6, 1),
(36418, 2, 0, 17, 0, 66, 9, 4, 6, 1),
(36417, 2, 0, 17, 0, 66, 9, 3, 6, 1),
(36416, 2, 0, 17, 0, 70, 9, 2, 6, 1),
(36415, 2, 0, 17, 0, 66, 9, 1, 6, 1),
(36414, 2, 0, 17, 0, 2, 8, 6, 6, 1),
(36413, 2, 0, 17, 0, 1, 8, 5, 6, 1),
(36412, 2, 0, 17, 0, 1, 8, 4, 6, 1),
(36411, 2, 0, 17, 0, 1, 8, 3, 6, 1),
(36410, 2, 0, 17, 0, 67, 8, 2, 6, 1),
(36409, 2, 0, 17, 0, 72, 8, 1, 6, 1),
(36408, 2, 0, 17, 0, 22, 7, 6, 6, 1),
(36407, 2, 0, 17, 0, 3, 7, 5, 6, 1),
(36406, 2, 0, 17, 0, 68, 7, 4, 6, 1),
(36405, 2, 0, 17, 0, 2, 7, 3, 6, 1),
(36404, 2, 0, 17, 0, 1, 7, 2, 6, 1),
(36403, 2, 0, 17, 0, 3, 7, 1, 6, 1),
(36402, 2, 0, 17, 0, 67, 6, 6, 6, 1),
(36401, 2, 0, 17, 0, 22, 6, 5, 6, 1),
(36400, 2, 0, 17, 0, 3, 6, 4, 6, 1),
(36399, 2, 0, 17, 0, 69, 6, 3, 6, 1),
(36398, 2, 0, 17, 0, 68, 6, 2, 6, 1),
(36397, 2, 0, 17, 0, 22, 6, 1, 6, 1),
(36691, 4, 0, 3, 0, 34, 10, 5, 6, 1),
(36690, 4, 0, 3, 0, 4, 10, 4, 6, 1),
(36689, 4, 0, 3, 0, 38, 10, 3, 6, 1),
(36688, 4, 0, 3, 0, 4, 10, 2, 6, 1),
(36687, 4, 0, 3, 0, 43, 10, 1, 6, 1),
(36686, 4, 0, 3, 0, 25, 9, 5, 6, 1),
(36685, 4, 0, 3, 0, 37, 9, 4, 6, 1),
(36684, 4, 0, 3, 0, 4, 9, 3, 6, 1),
(36683, 4, 0, 3, 0, 29, 9, 2, 6, 1),
(36682, 4, 0, 3, 0, 25, 9, 1, 6, 1),
(36681, 4, 0, 3, 0, 43, 8, 6, 6, 1),
(36680, 4, 0, 3, 0, 38, 8, 5, 6, 1),
(36679, 4, 0, 3, 0, 23, 8, 4, 6, 1),
(36678, 4, 0, 3, 0, 49, 8, 3, 6, 1),
(36677, 4, 0, 3, 0, 23, 8, 2, 6, 1),
(36676, 4, 0, 3, 0, 37, 8, 1, 6, 1),
(36675, 4, 0, 3, 0, 34, 7, 6, 6, 1),
(36674, 4, 0, 3, 0, 37, 7, 5, 6, 1),
(36673, 4, 0, 3, 0, 43, 7, 4, 6, 1),
(36672, 4, 0, 3, 0, 34, 7, 3, 6, 1),
(36671, 4, 0, 3, 0, 38, 7, 2, 6, 1),
(36670, 4, 0, 3, 0, 49, 7, 1, 6, 1),
(36669, 4, 0, 3, 0, 23, 6, 6, 6, 1),
(36668, 4, 0, 3, 0, 29, 6, 5, 6, 1),
(36667, 4, 0, 3, 0, 25, 6, 4, 6, 1),
(36666, 4, 0, 3, 0, 43, 6, 3, 6, 1),
(36665, 4, 0, 3, 0, 34, 6, 2, 6, 1),
(36664, 4, 0, 3, 0, 29, 6, 1, 6, 1),
(35355, 2, 0, 8, 0, 69, 10, 5, 6, 1),
(35354, 2, 0, 8, 0, 1, 10, 4, 6, 1),
(35353, 2, 0, 8, 0, 22, 10, 3, 6, 1),
(35352, 2, 0, 8, 0, 2, 10, 2, 6, 1),
(35351, 2, 0, 8, 0, 2, 10, 1, 6, 1),
(35350, 2, 0, 8, 0, 70, 9, 6, 6, 1),
(35349, 2, 0, 8, 0, 22, 9, 5, 6, 1),
(35348, 2, 0, 8, 0, 67, 9, 4, 6, 1),
(35347, 2, 0, 8, 0, 1, 9, 3, 6, 1),
(35346, 2, 0, 8, 0, 22, 9, 2, 6, 1),
(35345, 2, 0, 8, 0, 22, 9, 1, 6, 1),
(35344, 2, 0, 8, 0, 69, 8, 6, 6, 1),
(35343, 2, 0, 8, 0, 67, 8, 5, 6, 1),
(35342, 2, 0, 8, 0, 66, 8, 4, 6, 1),
(35341, 2, 0, 8, 0, 68, 8, 3, 6, 1),
(35340, 2, 0, 8, 0, 3, 8, 2, 6, 1),
(35339, 2, 0, 8, 0, 69, 8, 1, 6, 1),
(35338, 2, 0, 8, 0, 68, 7, 6, 6, 1),
(35337, 2, 0, 8, 0, 2, 7, 5, 6, 1),
(35336, 2, 0, 8, 0, 70, 7, 4, 6, 1),
(35335, 2, 0, 8, 0, 3, 7, 3, 6, 1),
(35334, 2, 0, 8, 0, 68, 7, 2, 6, 1),
(35333, 2, 0, 8, 0, 66, 7, 1, 6, 1),
(35332, 2, 0, 8, 0, 1, 6, 6, 6, 1),
(35331, 2, 0, 8, 0, 1, 6, 5, 6, 1),
(35330, 2, 0, 8, 0, 72, 6, 4, 6, 1),
(35329, 2, 0, 8, 0, 66, 6, 3, 6, 1),
(35328, 2, 0, 8, 0, 67, 6, 2, 6, 1),
(35327, 2, 0, 8, 0, 3, 6, 1, 6, 1),
(36721, 4, 0, 4, 0, 37, 10, 5, 6, 1),
(36720, 4, 0, 4, 0, 43, 10, 4, 6, 1),
(36719, 4, 0, 4, 0, 25, 10, 3, 6, 1),
(36718, 4, 0, 4, 0, 49, 10, 2, 6, 1),
(36717, 4, 0, 4, 0, 25, 10, 1, 6, 1),
(36716, 4, 0, 4, 0, 38, 9, 5, 6, 1),
(36715, 4, 0, 4, 0, 29, 9, 4, 6, 1),
(36714, 4, 0, 4, 0, 49, 9, 3, 6, 1),
(36713, 4, 0, 4, 0, 4, 9, 2, 6, 1),
(36712, 4, 0, 4, 0, 23, 9, 1, 6, 1),
(36711, 4, 0, 4, 0, 38, 8, 6, 6, 1),
(36710, 4, 0, 4, 0, 25, 8, 5, 6, 1),
(36709, 4, 0, 4, 0, 34, 8, 4, 6, 1),
(36708, 4, 0, 4, 0, 23, 8, 3, 6, 1),
(36707, 4, 0, 4, 0, 29, 8, 2, 6, 1),
(36706, 4, 0, 4, 0, 43, 8, 1, 6, 1),
(36705, 4, 0, 4, 0, 43, 7, 6, 6, 1),
(36704, 4, 0, 4, 0, 23, 7, 5, 6, 1),
(36703, 4, 0, 4, 0, 4, 7, 4, 6, 1),
(36702, 4, 0, 4, 0, 43, 7, 3, 6, 1),
(36701, 4, 0, 4, 0, 37, 7, 2, 6, 1),
(36700, 4, 0, 4, 0, 29, 7, 1, 6, 1),
(36699, 4, 0, 4, 0, 34, 6, 6, 6, 1),
(36698, 4, 0, 4, 0, 34, 6, 5, 6, 1),
(36697, 4, 0, 4, 0, 37, 6, 4, 6, 1),
(36696, 4, 0, 4, 0, 4, 6, 3, 6, 1),
(36695, 4, 0, 4, 0, 38, 6, 2, 6, 1),
(36694, 4, 0, 4, 0, 34, 6, 1, 6, 1),
(36751, 4, 0, 5, 0, 4, 10, 5, 6, 1),
(36750, 4, 0, 5, 0, 29, 10, 4, 6, 1),
(36749, 4, 0, 5, 0, 43, 10, 3, 6, 1),
(36748, 4, 0, 5, 0, 25, 10, 2, 6, 1),
(36747, 4, 0, 5, 0, 38, 10, 1, 6, 1),
(36746, 4, 0, 5, 0, 37, 9, 5, 6, 1),
(36745, 4, 0, 5, 0, 34, 9, 4, 6, 1),
(36744, 4, 0, 5, 0, 25, 9, 3, 6, 1),
(36743, 4, 0, 5, 0, 23, 9, 2, 6, 1),
(36742, 4, 0, 5, 0, 43, 9, 1, 6, 1),
(36741, 4, 0, 5, 0, 23, 8, 6, 6, 1),
(36740, 4, 0, 5, 0, 29, 8, 5, 6, 1),
(36739, 4, 0, 5, 0, 38, 8, 4, 6, 1),
(36738, 4, 0, 5, 0, 34, 8, 3, 6, 1),
(36737, 4, 0, 5, 0, 38, 8, 2, 6, 1),
(36736, 4, 0, 5, 0, 25, 8, 1, 6, 1),
(36735, 4, 0, 5, 0, 49, 7, 6, 6, 1),
(36734, 4, 0, 5, 0, 34, 7, 5, 6, 1),
(36733, 4, 0, 5, 0, 37, 7, 4, 6, 1),
(36732, 4, 0, 5, 0, 4, 7, 3, 6, 1),
(36731, 4, 0, 5, 0, 29, 7, 2, 6, 1),
(36730, 4, 0, 5, 0, 34, 7, 1, 6, 1),
(36729, 4, 0, 5, 0, 43, 6, 6, 6, 1),
(36728, 4, 0, 5, 0, 43, 6, 5, 6, 1),
(36727, 4, 0, 5, 0, 4, 6, 4, 6, 1),
(36726, 4, 0, 5, 0, 49, 6, 3, 6, 1),
(36725, 4, 0, 5, 0, 37, 6, 2, 6, 1),
(36724, 4, 0, 5, 0, 23, 6, 1, 6, 1),
(36781, 4, 0, 6, 0, 25, 10, 5, 6, 1),
(36780, 4, 0, 6, 0, 34, 10, 4, 6, 1),
(36779, 4, 0, 6, 0, 4, 10, 3, 6, 1),
(36778, 4, 0, 6, 0, 34, 10, 1, 6, 1),
(36777, 4, 0, 6, 0, 43, 9, 6, 6, 1),
(36776, 4, 0, 6, 0, 4, 9, 5, 6, 1),
(36775, 4, 0, 6, 0, 38, 9, 4, 6, 1),
(36774, 4, 0, 6, 0, 23, 9, 3, 6, 1),
(36773, 4, 0, 6, 0, 37, 9, 2, 6, 1),
(36772, 4, 0, 6, 0, 49, 9, 1, 6, 1),
(36771, 4, 0, 6, 0, 34, 8, 6, 6, 1),
(36770, 4, 0, 6, 0, 34, 8, 5, 6, 1),
(36769, 4, 0, 6, 0, 29, 8, 4, 6, 1),
(36768, 4, 0, 6, 0, 43, 8, 3, 6, 1),
(36767, 4, 0, 6, 0, 49, 8, 2, 6, 1),
(36766, 4, 0, 6, 0, 29, 8, 1, 6, 1),
(36765, 4, 0, 6, 0, 23, 7, 6, 6, 1),
(36764, 4, 0, 6, 0, 43, 7, 5, 6, 1),
(36763, 4, 0, 6, 0, 25, 7, 4, 6, 1),
(36762, 4, 0, 6, 0, 38, 7, 3, 6, 1),
(36761, 4, 0, 6, 0, 4, 7, 2, 6, 1),
(36760, 4, 0, 6, 0, 38, 7, 1, 6, 1),
(36759, 4, 0, 6, 0, 25, 6, 6, 6, 1),
(36758, 4, 0, 6, 0, 37, 6, 5, 6, 1),
(36757, 4, 0, 6, 0, 23, 6, 4, 6, 1),
(36756, 4, 0, 6, 0, 37, 6, 3, 6, 1),
(36755, 4, 0, 6, 0, 29, 6, 2, 6, 1),
(36754, 4, 0, 6, 0, 43, 6, 1, 6, 1),
(34672, 3, 0, 9, 0, 46, 10, 2, 6, 1),
(34671, 3, 0, 9, 0, 46, 7, 4, 6, 1),
(34670, 3, 0, 9, 0, 34, 5, 6, 6, 1),
(34669, 3, 0, 9, 0, 43, 5, 5, 6, 1),
(34668, 3, 0, 9, 0, 23, 5, 4, 6, 1),
(34667, 3, 0, 9, 0, 4, 5, 3, 6, 1),
(34666, 3, 0, 9, 0, 37, 5, 2, 6, 1),
(34665, 3, 0, 9, 0, 38, 5, 1, 6, 1),
(34664, 3, 0, 9, 0, 37, 4, 6, 6, 1),
(34663, 3, 0, 9, 0, 41, 4, 5, 6, 1),
(34662, 3, 0, 9, 0, 37, 4, 4, 6, 1),
(34661, 3, 0, 9, 0, 38, 4, 3, 6, 1),
(34660, 3, 0, 9, 0, 41, 4, 2, 6, 1),
(34659, 3, 0, 9, 0, 43, 4, 1, 6, 1),
(34658, 3, 0, 9, 0, 38, 3, 6, 6, 1),
(34657, 3, 0, 9, 0, 23, 3, 5, 6, 1),
(34656, 3, 0, 9, 0, 4, 3, 4, 6, 1),
(34655, 3, 0, 9, 0, 8, 3, 3, 6, 1),
(34654, 3, 0, 9, 0, 34, 3, 2, 6, 1),
(34653, 3, 0, 9, 0, 8, 3, 1, 6, 1),
(34652, 3, 0, 9, 0, 23, 2, 6, 6, 1),
(34651, 3, 0, 9, 0, 8, 2, 5, 6, 1),
(34650, 3, 0, 9, 0, 49, 2, 4, 6, 1),
(34649, 3, 0, 9, 0, 43, 2, 3, 6, 1),
(34648, 3, 0, 9, 0, 21, 2, 2, 6, 1),
(34647, 3, 0, 9, 0, 49, 2, 1, 6, 1),
(34646, 3, 0, 9, 0, 41, 1, 6, 6, 1),
(34645, 3, 0, 9, 0, 21, 1, 5, 6, 1),
(34644, 3, 0, 9, 0, 34, 1, 4, 6, 1),
(34643, 3, 0, 9, 0, 21, 1, 3, 6, 1),
(32915, 3, 0, 1, 0, 38, 5, 6, 6, 1),
(32914, 3, 0, 1, 0, 43, 5, 5, 6, 1),
(32913, 3, 0, 1, 0, 43, 5, 4, 6, 1),
(32912, 3, 0, 1, 0, 23, 5, 3, 6, 1),
(32911, 3, 0, 1, 0, 34, 5, 2, 6, 1),
(32910, 3, 0, 1, 0, 41, 5, 1, 6, 1),
(32909, 3, 0, 1, 0, 23, 4, 6, 6, 1),
(32908, 3, 0, 1, 0, 21, 4, 5, 6, 1),
(32907, 3, 0, 1, 0, 49, 4, 4, 6, 1),
(32906, 3, 0, 1, 0, 34, 4, 3, 6, 1),
(32905, 3, 0, 1, 0, 21, 4, 2, 6, 1),
(32904, 3, 0, 1, 0, 34, 4, 1, 6, 1),
(32903, 3, 0, 1, 0, 8, 3, 6, 6, 1),
(32902, 3, 0, 1, 0, 34, 3, 5, 6, 1),
(32901, 3, 0, 1, 0, 37, 3, 4, 6, 1),
(32900, 3, 0, 1, 0, 41, 3, 3, 6, 1),
(32899, 3, 0, 1, 0, 43, 3, 2, 6, 1),
(32898, 3, 0, 1, 0, 21, 3, 1, 6, 1),
(32897, 3, 0, 1, 0, 20, 2, 6, 6, 1),
(32896, 3, 0, 1, 0, 38, 2, 5, 6, 1),
(32895, 3, 0, 1, 0, 23, 2, 4, 6, 1),
(32894, 3, 0, 1, 0, 8, 2, 3, 6, 1),
(32893, 3, 0, 1, 0, 8, 2, 2, 6, 1),
(32892, 3, 0, 1, 0, 43, 2, 1, 6, 1),
(32891, 3, 0, 1, 0, 49, 1, 6, 6, 1),
(32890, 3, 0, 1, 0, 37, 1, 5, 6, 1),
(32889, 3, 0, 1, 0, 41, 1, 4, 6, 1),
(32888, 3, 0, 1, 0, 20, 1, 3, 6, 1),
(32887, 3, 0, 1, 0, 38, 1, 2, 6, 1),
(32886, 3, 0, 1, 0, 37, 1, 1, 6, 1),
(34768, 3, 0, 8, 0, 46, 9, 2, 6, 1),
(34767, 3, 0, 8, 0, 46, 8, 4, 6, 1),
(34766, 3, 0, 8, 0, 21, 5, 6, 6, 1),
(34765, 3, 0, 8, 0, 21, 5, 5, 6, 1),
(34764, 3, 0, 8, 0, 37, 5, 4, 6, 1),
(34763, 3, 0, 8, 0, 38, 5, 3, 6, 1),
(34762, 3, 0, 8, 0, 38, 5, 2, 6, 1),
(34761, 3, 0, 8, 0, 4, 5, 1, 6, 1),
(34760, 3, 0, 8, 0, 41, 4, 6, 6, 1),
(34759, 3, 0, 8, 0, 38, 4, 5, 6, 1),
(34758, 3, 0, 8, 0, 43, 4, 4, 6, 1),
(34757, 3, 0, 8, 0, 8, 4, 3, 6, 1),
(34756, 3, 0, 8, 0, 23, 4, 2, 6, 1),
(34755, 3, 0, 8, 0, 34, 4, 1, 6, 1),
(34754, 3, 0, 8, 0, 43, 3, 6, 6, 1),
(34753, 3, 0, 8, 0, 49, 3, 5, 6, 1),
(34752, 3, 0, 8, 0, 8, 3, 4, 6, 1),
(34751, 3, 0, 8, 0, 34, 3, 3, 6, 1),
(34750, 3, 0, 8, 0, 8, 3, 2, 6, 1),
(34749, 3, 0, 8, 0, 43, 3, 1, 6, 1),
(34748, 3, 0, 8, 0, 34, 2, 6, 6, 1),
(34747, 3, 0, 8, 0, 37, 2, 5, 6, 1),
(34746, 3, 0, 8, 0, 41, 2, 4, 6, 1),
(34745, 3, 0, 8, 0, 23, 2, 3, 6, 1),
(34744, 3, 0, 8, 0, 34, 2, 2, 6, 1),
(34743, 3, 0, 8, 0, 37, 2, 1, 6, 1),
(34742, 3, 0, 8, 0, 49, 1, 6, 6, 1),
(32947, 3, 0, 2, 0, 41, 5, 6, 6, 1),
(32946, 3, 0, 2, 0, 20, 5, 5, 6, 1),
(32945, 3, 0, 2, 0, 21, 5, 4, 6, 1),
(32944, 3, 0, 2, 0, 20, 5, 3, 6, 1),
(32943, 3, 0, 2, 0, 38, 5, 2, 6, 1),
(32942, 3, 0, 2, 0, 43, 5, 1, 6, 1),
(32941, 3, 0, 2, 0, 34, 4, 6, 6, 1),
(32940, 3, 0, 2, 0, 23, 4, 5, 6, 1),
(32939, 3, 0, 2, 0, 37, 4, 4, 6, 1),
(32938, 3, 0, 2, 0, 34, 4, 3, 6, 1),
(32937, 3, 0, 2, 0, 8, 4, 2, 6, 1),
(32936, 3, 0, 2, 0, 34, 4, 1, 6, 1),
(32935, 3, 0, 2, 0, 43, 3, 6, 6, 1),
(32934, 3, 0, 2, 0, 37, 3, 5, 6, 1),
(32933, 3, 0, 2, 0, 49, 3, 4, 6, 1),
(32932, 3, 0, 2, 0, 43, 3, 3, 6, 1),
(32931, 3, 0, 2, 0, 23, 3, 2, 6, 1),
(32930, 3, 0, 2, 0, 8, 3, 1, 6, 1),
(32929, 3, 0, 2, 0, 8, 2, 6, 6, 1),
(32928, 3, 0, 2, 0, 21, 2, 5, 6, 1),
(32927, 3, 0, 2, 0, 38, 2, 4, 6, 1),
(32926, 3, 0, 2, 0, 49, 2, 3, 6, 1),
(32925, 3, 0, 2, 0, 34, 2, 2, 6, 1),
(32924, 3, 0, 2, 0, 41, 2, 1, 6, 1),
(32923, 3, 0, 2, 0, 23, 1, 6, 6, 1),
(32922, 3, 0, 2, 0, 43, 1, 5, 6, 1),
(32921, 3, 0, 2, 0, 41, 1, 4, 6, 1),
(32920, 3, 0, 2, 0, 37, 1, 3, 6, 1),
(32919, 3, 0, 2, 0, 21, 1, 2, 6, 1),
(32918, 3, 0, 2, 0, 38, 1, 1, 6, 1),
(34741, 3, 0, 8, 0, 23, 1, 5, 6, 1),
(34740, 3, 0, 8, 0, 4, 1, 4, 6, 1),
(34739, 3, 0, 8, 0, 43, 1, 3, 6, 1),
(34800, 3, 0, 17, 0, 46, 10, 2, 6, 1),
(34799, 3, 0, 17, 0, 46, 7, 4, 6, 1),
(34798, 3, 0, 17, 0, 41, 5, 6, 6, 1),
(34797, 3, 0, 17, 0, 23, 5, 5, 6, 1),
(34796, 3, 0, 17, 0, 8, 5, 4, 6, 1),
(34795, 3, 0, 17, 0, 37, 5, 3, 6, 1),
(34794, 3, 0, 17, 0, 41, 5, 2, 6, 1),
(34793, 3, 0, 17, 0, 34, 5, 1, 6, 1),
(34792, 3, 0, 17, 0, 23, 4, 6, 6, 1),
(34791, 3, 0, 17, 0, 34, 4, 5, 6, 1),
(34790, 3, 0, 17, 0, 43, 4, 4, 6, 1),
(34789, 3, 0, 17, 0, 4, 4, 3, 6, 1),
(34788, 3, 0, 17, 0, 43, 4, 2, 6, 1),
(34787, 3, 0, 17, 0, 41, 4, 1, 6, 1),
(34786, 3, 0, 17, 0, 37, 3, 6, 6, 1),
(34785, 3, 0, 17, 0, 21, 3, 5, 6, 1),
(34784, 3, 0, 17, 0, 49, 3, 4, 6, 1),
(34783, 3, 0, 17, 0, 23, 3, 3, 6, 1),
(34782, 3, 0, 17, 0, 21, 3, 2, 6, 1),
(34781, 3, 0, 17, 0, 38, 3, 1, 6, 1),
(34780, 3, 0, 17, 0, 8, 2, 6, 6, 1),
(34779, 3, 0, 17, 0, 43, 2, 5, 6, 1),
(34778, 3, 0, 17, 0, 34, 2, 4, 6, 1),
(34777, 3, 0, 17, 0, 21, 2, 3, 6, 1),
(34776, 3, 0, 17, 0, 49, 2, 2, 6, 1),
(34775, 3, 0, 17, 0, 37, 2, 1, 6, 1),
(34774, 3, 0, 17, 0, 43, 1, 6, 6, 1),
(34773, 3, 0, 17, 0, 8, 1, 5, 6, 1),
(34772, 3, 0, 17, 0, 38, 1, 4, 6, 1),
(34771, 3, 0, 17, 0, 38, 1, 3, 6, 1),
(32979, 3, 0, 3, 0, 43, 5, 6, 6, 1),
(32978, 3, 0, 3, 0, 49, 5, 5, 6, 1),
(32977, 3, 0, 3, 0, 41, 5, 4, 6, 1),
(32976, 3, 0, 3, 0, 41, 5, 3, 6, 1),
(32975, 3, 0, 3, 0, 21, 5, 2, 6, 1),
(32974, 3, 0, 3, 0, 43, 5, 1, 6, 1),
(32973, 3, 0, 3, 0, 21, 4, 6, 6, 1),
(32972, 3, 0, 3, 0, 20, 4, 5, 6, 1),
(32971, 3, 0, 3, 0, 23, 4, 4, 6, 1),
(32970, 3, 0, 3, 0, 20, 4, 3, 6, 1),
(32969, 3, 0, 3, 0, 34, 4, 2, 6, 1),
(32968, 3, 0, 3, 0, 38, 4, 1, 6, 1),
(32967, 3, 0, 3, 0, 23, 3, 6, 6, 1),
(32966, 3, 0, 3, 0, 43, 3, 5, 6, 1),
(32965, 3, 0, 3, 0, 37, 3, 4, 6, 1),
(32964, 3, 0, 3, 0, 8, 3, 3, 6, 1),
(32963, 3, 0, 3, 0, 8, 3, 2, 6, 1),
(32962, 3, 0, 3, 0, 37, 3, 1, 6, 1),
(32961, 3, 0, 3, 0, 37, 2, 6, 6, 1),
(32960, 3, 0, 3, 0, 34, 2, 5, 6, 1),
(32959, 3, 0, 3, 0, 34, 2, 4, 6, 1),
(32958, 3, 0, 3, 0, 43, 2, 3, 6, 1),
(32957, 3, 0, 3, 0, 49, 2, 2, 6, 1),
(32956, 3, 0, 3, 0, 23, 2, 1, 6, 1),
(32955, 3, 0, 3, 0, 8, 1, 6, 6, 1),
(32954, 3, 0, 3, 0, 38, 1, 5, 6, 1),
(32953, 3, 0, 3, 0, 38, 1, 4, 6, 1),
(32952, 3, 0, 3, 0, 21, 1, 3, 6, 1),
(32951, 3, 0, 3, 0, 41, 1, 2, 6, 1),
(32950, 3, 0, 3, 0, 34, 1, 1, 6, 1),
(33011, 3, 0, 4, 0, 37, 5, 6, 6, 1),
(33010, 3, 0, 4, 0, 18, 5, 5, 6, 1),
(33009, 3, 0, 4, 0, 23, 5, 4, 6, 1),
(33008, 3, 0, 4, 0, 38, 5, 3, 6, 1),
(33007, 3, 0, 4, 0, 34, 5, 2, 6, 1),
(33006, 3, 0, 4, 0, 18, 5, 1, 6, 1),
(33005, 3, 0, 4, 0, 43, 4, 6, 6, 1),
(33004, 3, 0, 4, 0, 41, 4, 5, 6, 1),
(33003, 3, 0, 4, 0, 49, 4, 4, 6, 1),
(33002, 3, 0, 4, 0, 43, 4, 3, 6, 1),
(33001, 3, 0, 4, 0, 41, 4, 2, 6, 1),
(33000, 3, 0, 4, 0, 8, 4, 1, 6, 1),
(32999, 3, 0, 4, 0, 34, 3, 6, 6, 1),
(32998, 3, 0, 4, 0, 43, 3, 5, 6, 1),
(32997, 3, 0, 4, 0, 38, 3, 4, 6, 1),
(32996, 3, 0, 4, 0, 21, 3, 3, 6, 1),
(32995, 3, 0, 4, 0, 43, 3, 2, 6, 1),
(32994, 3, 0, 4, 0, 41, 3, 1, 6, 1),
(32993, 3, 0, 4, 0, 49, 2, 6, 6, 1),
(32992, 3, 0, 4, 0, 37, 2, 5, 6, 1),
(32991, 3, 0, 4, 0, 8, 2, 4, 6, 1),
(32990, 3, 0, 4, 0, 8, 2, 3, 6, 1),
(32989, 3, 0, 4, 0, 21, 2, 2, 6, 1),
(32988, 3, 0, 4, 0, 38, 2, 1, 6, 1),
(32987, 3, 0, 4, 0, 23, 1, 6, 6, 1),
(32986, 3, 0, 4, 0, 34, 1, 5, 6, 1),
(32985, 3, 0, 4, 0, 37, 1, 4, 6, 1),
(32984, 3, 0, 4, 0, 34, 1, 3, 6, 1),
(32983, 3, 0, 4, 0, 23, 1, 2, 6, 1),
(32982, 3, 0, 4, 0, 21, 1, 1, 6, 1),
(34736, 3, 0, 7, 0, 46, 9, 2, 6, 1),
(34735, 3, 0, 7, 0, 46, 8, 4, 6, 1),
(34734, 3, 0, 7, 0, 8, 5, 6, 6, 1),
(34733, 3, 0, 7, 0, 41, 5, 5, 6, 1),
(34732, 3, 0, 7, 0, 34, 5, 4, 6, 1),
(34731, 3, 0, 7, 0, 37, 5, 3, 6, 1),
(34730, 3, 0, 7, 0, 34, 5, 2, 6, 1),
(34729, 3, 0, 7, 0, 8, 5, 1, 6, 1),
(34728, 3, 0, 7, 0, 37, 4, 6, 6, 1),
(34727, 3, 0, 7, 0, 43, 4, 5, 6, 1),
(34726, 3, 0, 7, 0, 4, 4, 4, 6, 1),
(34725, 3, 0, 7, 0, 34, 4, 3, 6, 1),
(34724, 3, 0, 7, 0, 43, 4, 2, 6, 1),
(34723, 3, 0, 7, 0, 4, 4, 1, 6, 1),
(34722, 3, 0, 7, 0, 49, 3, 6, 6, 1),
(34721, 3, 0, 7, 0, 21, 3, 5, 6, 1),
(34720, 3, 0, 7, 0, 38, 3, 4, 6, 1),
(34719, 3, 0, 7, 0, 43, 3, 3, 6, 1),
(34718, 3, 0, 7, 0, 21, 3, 2, 6, 1),
(34717, 3, 0, 7, 0, 38, 3, 1, 6, 1),
(34716, 3, 0, 7, 0, 23, 2, 6, 6, 1),
(34715, 3, 0, 7, 0, 34, 2, 5, 6, 1),
(34714, 3, 0, 7, 0, 49, 2, 4, 6, 1),
(34713, 3, 0, 7, 0, 21, 2, 3, 6, 1),
(34712, 3, 0, 7, 0, 8, 2, 2, 6, 1),
(34711, 3, 0, 7, 0, 41, 2, 1, 6, 1),
(34710, 3, 0, 7, 0, 41, 1, 6, 6, 1),
(34709, 3, 0, 7, 0, 23, 1, 5, 6, 1),
(34708, 3, 0, 7, 0, 23, 1, 4, 6, 1),
(34707, 3, 0, 7, 0, 38, 1, 3, 6, 1),
(34704, 3, 0, 6, 0, 46, 9, 4, 6, 1),
(34703, 3, 0, 6, 0, 46, 8, 2, 6, 1),
(34702, 3, 0, 6, 0, 43, 5, 6, 6, 1),
(34701, 3, 0, 6, 0, 34, 5, 5, 6, 1),
(34700, 3, 0, 6, 0, 49, 5, 4, 6, 1),
(34699, 3, 0, 6, 0, 43, 5, 3, 6, 1),
(34698, 3, 0, 6, 0, 4, 5, 2, 6, 1),
(34697, 3, 0, 6, 0, 37, 5, 1, 6, 1),
(34696, 3, 0, 6, 0, 41, 4, 6, 6, 1),
(34695, 3, 0, 6, 0, 23, 4, 5, 6, 1),
(34694, 3, 0, 6, 0, 38, 4, 4, 6, 1),
(34693, 3, 0, 6, 0, 23, 4, 3, 6, 1),
(34692, 3, 0, 6, 0, 34, 4, 2, 6, 1),
(34691, 3, 0, 6, 0, 8, 4, 1, 6, 1),
(34690, 3, 0, 6, 0, 21, 3, 6, 6, 1),
(34689, 3, 0, 6, 0, 37, 3, 5, 6, 1),
(34688, 3, 0, 6, 0, 34, 3, 4, 6, 1),
(34687, 3, 0, 6, 0, 37, 3, 3, 6, 1),
(34686, 3, 0, 6, 0, 38, 3, 2, 6, 1),
(34685, 3, 0, 6, 0, 23, 3, 1, 6, 1),
(34684, 3, 0, 6, 0, 49, 2, 6, 6, 1),
(34683, 3, 0, 6, 0, 4, 2, 5, 6, 1),
(34682, 3, 0, 6, 0, 8, 2, 4, 6, 1),
(34681, 3, 0, 6, 0, 34, 2, 3, 6, 1),
(34680, 3, 0, 6, 0, 43, 2, 2, 6, 1),
(34679, 3, 0, 6, 0, 21, 2, 1, 6, 1),
(34678, 3, 0, 6, 0, 38, 1, 6, 6, 1),
(33043, 3, 0, 5, 0, 37, 5, 6, 6, 1),
(33042, 3, 0, 5, 0, 23, 5, 5, 6, 1),
(33041, 3, 0, 5, 0, 4, 5, 4, 6, 1),
(33040, 3, 0, 5, 0, 41, 5, 3, 6, 1),
(33039, 3, 0, 5, 0, 43, 5, 2, 6, 1),
(33038, 3, 0, 5, 0, 34, 5, 1, 6, 1),
(33037, 3, 0, 5, 0, 23, 4, 6, 6, 1),
(33036, 3, 0, 5, 0, 21, 4, 5, 6, 1),
(33035, 3, 0, 5, 0, 21, 4, 4, 6, 1),
(33034, 3, 0, 5, 0, 49, 4, 3, 6, 1),
(33033, 3, 0, 5, 0, 38, 4, 2, 6, 1),
(33032, 3, 0, 5, 0, 43, 4, 1, 6, 1),
(33031, 3, 0, 5, 0, 41, 3, 6, 6, 1),
(33030, 3, 0, 5, 0, 34, 3, 5, 6, 1),
(33029, 3, 0, 5, 0, 8, 3, 4, 6, 1),
(33028, 3, 0, 5, 0, 21, 3, 3, 6, 1),
(33027, 3, 0, 5, 0, 8, 3, 2, 6, 1),
(33026, 3, 0, 5, 0, 37, 3, 1, 6, 1),
(33025, 3, 0, 5, 0, 43, 2, 6, 6, 1),
(33024, 3, 0, 5, 0, 49, 2, 5, 6, 1),
(33023, 3, 0, 5, 0, 38, 2, 4, 6, 1),
(33022, 3, 0, 5, 0, 37, 2, 3, 6, 1),
(33021, 3, 0, 5, 0, 41, 2, 2, 6, 1),
(33020, 3, 0, 5, 0, 38, 2, 1, 6, 1),
(33019, 3, 0, 5, 0, 34, 1, 6, 6, 1),
(34677, 3, 0, 6, 0, 21, 1, 5, 6, 1),
(33018, 3, 0, 5, 0, 43, 1, 5, 6, 1),
(33017, 3, 0, 5, 0, 34, 1, 4, 6, 1),
(33016, 3, 0, 5, 0, 4, 1, 3, 6, 1),
(33015, 3, 0, 5, 0, 23, 1, 2, 6, 1),
(33014, 3, 0, 5, 0, 8, 1, 1, 6, 1),
(34676, 3, 0, 6, 0, 43, 1, 4, 6, 1),
(34675, 3, 0, 6, 0, 8, 1, 3, 6, 1),
(28708, 10, 0, 10001, 0, 68, 3, 5, 6, 2),
(28709, 10, 0, 10001, 0, 23, 7, 1, 6, 1),
(28710, 10, 0, 10001, 0, 67, 7, 1, 6, 2),
(28711, 10, 0, 10001, 0, 16, 7, 1, 6, 3),
(28712, 10, 0, 10001, 0, 69, 7, 2, 6, 1),
(28713, 10, 0, 10001, 0, 20, 7, 2, 6, 2),
(28714, 10, 0, 10001, 0, 29, 7, 3, 6, 1),
(28715, 10, 0, 10001, 0, 47, 7, 3, 6, 1),
(28716, 10, 0, 10001, 0, 21, 7, 4, 6, 1),
(28717, 10, 0, 10001, 0, 42, 7, 4, 6, 1),
(28718, 10, 0, 10001, 0, 23, 8, 1, 6, 1),
(28719, 10, 0, 10001, 0, 67, 8, 1, 6, 2),
(28720, 10, 0, 10001, 0, 16, 8, 1, 6, 3),
(28721, 10, 0, 10001, 0, 69, 8, 2, 6, 1),
(28722, 10, 0, 10001, 0, 20, 8, 2, 6, 2),
(28723, 10, 0, 10001, 0, 29, 8, 3, 6, 1),
(28724, 10, 0, 10001, 0, 47, 8, 3, 6, 1),
(28725, 10, 0, 10001, 0, 21, 8, 4, 6, 1),
(28726, 10, 0, 10001, 0, 42, 8, 4, 6, 1),
(28727, 10, 0, 10001, 0, 27, 8, 5, 6, 1),
(28728, 10, 0, 10001, 0, 8, 8, 5, 6, 2),
(28729, 10, 0, 10001, 0, 51, 8, 5, 6, 2),
(28730, 10, 0, 10001, 0, 70, 8, 5, 6, 3),
(36552, 5, 3, 1, 0, 51, 1, 4, 6, 1),
(32259, 6, 1, 1, 0, 47, 1, 1, 6, 1),
(35667, 1, 0, 2, 0, 26, 3, 4, 6, 1),
(35666, 1, 0, 2, 0, 26, 2, 2, 6, 1),
(36458, 1, 0, 3, 0, 26, 3, 2, 6, 1),
(36457, 1, 0, 3, 0, 26, 1, 4, 6, 1),
(36663, 4, 0, 3, 0, 46, 4, 3, 6, 1),
(36662, 4, 0, 3, 0, 46, 1, 1, 6, 1),
(36693, 4, 0, 4, 0, 46, 3, 3, 6, 1),
(36692, 4, 0, 4, 0, 46, 2, 1, 6, 1),
(36723, 4, 0, 5, 0, 46, 3, 1, 6, 1),
(36722, 4, 0, 5, 0, 46, 1, 3, 6, 1),
(36753, 4, 0, 6, 0, 46, 4, 1, 6, 1),
(36752, 4, 0, 6, 0, 46, 2, 3, 6, 1),
(36551, 5, 3, 1, 0, 42, 1, 3, 6, 1),
(36550, 5, 3, 1, 0, 42, 1, 2, 6, 1),
(36576, 5, 3, 2, 0, 52, 1, 2, 6, 1),
(36575, 5, 3, 2, 0, 42, 1, 1, 6, 1),
(31988, 5, 2, 1, 0, 46, 8, 3, 6, 1),
(31989, 5, 2, 1, 0, 46, 9, 1, 6, 1),
(32016, 5, 2, 2, 0, 46, 7, 3, 6, 1),
(32017, 5, 2, 2, 0, 46, 10, 1, 6, 1),
(32045, 5, 1, 1, 0, 46, 7, 2, 6, 1),
(32046, 5, 1, 1, 0, 46, 10, 4, 6, 1),
(34456, 5, 1, 2, 0, 15, 1, 3, 6, 1),
(34455, 5, 1, 2, 0, 52, 1, 2, 6, 1),
(33324, 4, 0, 1, 0, 43, 1, 2, 6, 1),
(33323, 4, 0, 1, 0, 20, 1, 1, 6, 1),
(32143, 4, 0, 2, 0, 46, 7, 4, 6, 1),
(32144, 4, 0, 2, 0, 46, 10, 2, 6, 1),
(39080, 6, 3, 1, 0, 42, 1, 2, 6, 1),
(39079, 6, 3, 1, 0, 27, 1, 1, 6, 1),
(34615, 6, 3, 2, 0, 18, 1, 2, 6, 1),
(34614, 6, 3, 2, 0, 40, 1, 1, 6, 1),
(35765, 6, 2, 1, 0, 44, 1, 2, 6, 1),
(35764, 6, 2, 1, 0, 18, 1, 1, 6, 1),
(34802, 6, 2, 2, 0, 51, 1, 2, 6, 1),
(34801, 6, 2, 2, 0, 52, 1, 1, 6, 1),
(32288, 6, 1, 1, 0, 46, 7, 2, 6, 1),
(32289, 6, 1, 1, 0, 46, 10, 4, 6, 1),
(35729, 6, 1, 2, 0, 17, 1, 2, 6, 1),
(35728, 6, 1, 2, 0, 44, 1, 1, 6, 1),
(34738, 3, 0, 8, 0, 21, 1, 2, 6, 1),
(34737, 3, 0, 8, 0, 41, 1, 1, 6, 1),
(34642, 3, 0, 9, 0, 43, 1, 2, 6, 1),
(34641, 3, 0, 9, 0, 34, 1, 1, 6, 1),
(35481, 1, 0, 8, 0, 26, 2, 4, 6, 1),
(35480, 1, 0, 8, 0, 26, 1, 2, 6, 1),
(36307, 1, 0, 9, 0, 26, 3, 4, 6, 1),
(36306, 1, 0, 9, 0, 26, 2, 2, 6, 1),
(35326, 2, 0, 8, 0, 26, 4, 5, 6, 1),
(35325, 2, 0, 8, 0, 26, 1, 3, 6, 1),
(35574, 1, 0, 4, 0, 26, 4, 4, 6, 1),
(35573, 1, 0, 4, 0, 26, 4, 2, 6, 1),
(36489, 1, 0, 5, 0, 26, 2, 5, 6, 1),
(36488, 1, 0, 5, 0, 26, 1, 5, 6, 1),
(35636, 1, 0, 6, 0, 26, 4, 5, 6, 1),
(35635, 1, 0, 6, 0, 26, 3, 5, 6, 1),
(36632, 1, 0, 7, 0, 26, 3, 5, 6, 1),
(36631, 1, 0, 7, 0, 26, 2, 3, 6, 1),
(36186, 1, 0, 17, 0, 26, 3, 2, 6, 1),
(36185, 1, 0, 17, 0, 26, 1, 4, 6, 1),
(35698, 2, 0, 1, 0, 26, 2, 4, 6, 1),
(35697, 2, 0, 1, 0, 26, 1, 1, 6, 1),
(36365, 2, 0, 2, 0, 26, 2, 1, 6, 1),
(36364, 2, 0, 2, 0, 26, 1, 4, 6, 1),
(35357, 2, 0, 3, 0, 26, 4, 3, 6, 1),
(35356, 2, 0, 3, 0, 26, 3, 1, 6, 1),
(35202, 2, 0, 4, 0, 26, 4, 1, 6, 1),
(35201, 2, 0, 4, 0, 26, 3, 3, 6, 1),
(35419, 2, 0, 5, 0, 26, 2, 5, 6, 1),
(35418, 2, 0, 5, 0, 26, 1, 2, 6, 1),
(35295, 2, 0, 6, 0, 26, 2, 2, 6, 1),
(35294, 2, 0, 6, 0, 26, 1, 5, 6, 1),
(35388, 2, 0, 7, 0, 26, 4, 4, 6, 1),
(35387, 2, 0, 7, 0, 26, 3, 2, 6, 1),
(36396, 2, 0, 17, 0, 26, 4, 2, 6, 1),
(36395, 2, 0, 17, 0, 26, 3, 4, 6, 1),
(32916, 3, 0, 1, 0, 46, 7, 1, 6, 1),
(32917, 3, 0, 1, 0, 46, 10, 3, 6, 1),
(32948, 3, 0, 2, 0, 46, 8, 1, 6, 1),
(32949, 3, 0, 2, 0, 46, 9, 3, 6, 1),
(32980, 3, 0, 3, 0, 46, 7, 3, 6, 1),
(32981, 3, 0, 3, 0, 46, 9, 1, 6, 1),
(33012, 3, 0, 4, 0, 46, 8, 3, 6, 1),
(33013, 3, 0, 4, 0, 46, 10, 1, 6, 1),
(33044, 3, 0, 5, 0, 46, 7, 2, 6, 1),
(33045, 3, 0, 5, 0, 46, 10, 4, 6, 1),
(34674, 3, 0, 6, 0, 41, 1, 2, 6, 1),
(34673, 3, 0, 6, 0, 41, 1, 1, 6, 1),
(34706, 3, 0, 7, 0, 37, 1, 2, 6, 1),
(34705, 3, 0, 7, 0, 43, 1, 1, 6, 1),
(34770, 3, 0, 17, 0, 34, 1, 2, 6, 1),
(34769, 3, 0, 17, 0, 4, 1, 1, 6, 1),
(34454, 5, 1, 2, 0, 27, 1, 1, 6, 1),
(37967, 1, 0, 1, 0, 26, 8, 1, 7, 1),
(37966, 1, 0, 1, 0, 71, 7, 1, 7, 1),
(37965, 1, 0, 1, 0, 66, 5, 4, 7, 1),
(37964, 1, 0, 1, 0, 1, 5, 3, 7, 1),
(37963, 1, 0, 1, 0, 68, 5, 2, 7, 1),
(37962, 1, 0, 1, 0, 2, 5, 1, 7, 1),
(37961, 1, 0, 1, 0, 67, 4, 6, 7, 1),
(37960, 1, 0, 1, 0, 1, 4, 5, 7, 1),
(37959, 1, 0, 1, 0, 68, 4, 4, 7, 1),
(37958, 1, 0, 1, 0, 67, 4, 3, 7, 1),
(37957, 1, 0, 1, 0, 2, 4, 2, 7, 1),
(37956, 1, 0, 1, 0, 68, 4, 1, 7, 1),
(37955, 1, 0, 1, 0, 66, 3, 6, 7, 1),
(37954, 1, 0, 1, 0, 3, 3, 5, 7, 1),
(37953, 1, 0, 1, 0, 70, 3, 4, 7, 1),
(37952, 1, 0, 1, 0, 22, 3, 3, 7, 1),
(37951, 1, 0, 1, 0, 22, 3, 2, 7, 1),
(37950, 1, 0, 1, 0, 1, 3, 1, 7, 1),
(37949, 1, 0, 1, 0, 69, 2, 6, 7, 1),
(37948, 1, 0, 1, 0, 69, 2, 5, 7, 1),
(37947, 1, 0, 1, 0, 1, 2, 4, 7, 1),
(37946, 1, 0, 1, 0, 66, 2, 3, 7, 1),
(37945, 1, 0, 1, 0, 3, 2, 2, 7, 1),
(37944, 1, 0, 1, 0, 3, 2, 1, 7, 1),
(40508, 1, 0, 2, 0, 26, 10, 3, 7, 1),
(40507, 1, 0, 2, 0, 71, 10, 2, 7, 1),
(40506, 1, 0, 2, 0, 26, 9, 1, 7, 1),
(40505, 1, 0, 2, 0, 3, 5, 5, 7, 1),
(40504, 1, 0, 2, 0, 69, 5, 4, 7, 1),
(40503, 1, 0, 2, 0, 2, 5, 2, 7, 1),
(40502, 1, 0, 2, 0, 70, 5, 1, 7, 1),
(40501, 1, 0, 2, 0, 69, 4, 6, 7, 1),
(40500, 1, 0, 2, 0, 67, 4, 5, 7, 1),
(40499, 1, 0, 2, 0, 1, 4, 4, 7, 1),
(40498, 1, 0, 2, 0, 69, 4, 3, 7, 1),
(40497, 1, 0, 2, 0, 22, 4, 2, 7, 1),
(40496, 1, 0, 2, 0, 1, 4, 1, 7, 1),
(40495, 1, 0, 2, 0, 3, 3, 6, 7, 1),
(40494, 1, 0, 2, 0, 66, 3, 5, 7, 1),
(40493, 1, 0, 2, 0, 66, 3, 4, 7, 1),
(40492, 1, 0, 2, 0, 1, 3, 3, 7, 1),
(40491, 1, 0, 2, 0, 70, 3, 2, 7, 1),
(40490, 1, 0, 2, 0, 3, 3, 1, 7, 1),
(40489, 1, 0, 2, 0, 22, 2, 6, 7, 1),
(40488, 1, 0, 2, 0, 2, 2, 5, 7, 1),
(40487, 1, 0, 2, 0, 68, 2, 4, 7, 1),
(40486, 1, 0, 2, 0, 22, 2, 3, 7, 1),
(40485, 1, 0, 2, 0, 68, 2, 2, 7, 1);
INSERT INTO `horario` (`id`, `nivel_id`, `area_id`, `periodo_id`, `tipo_insc_id`, `disciplina_id`, `tempo_id`, `semana_id`, `ano_lec_id`, `posicao_id`) VALUES
(40484, 1, 0, 2, 0, 67, 2, 1, 7, 1),
(40483, 1, 0, 2, 0, 2, 1, 6, 7, 1),
(40482, 1, 0, 2, 0, 1, 1, 5, 7, 1),
(40481, 1, 0, 2, 0, 22, 1, 4, 7, 1),
(37814, 1, 0, 3, 0, 2, 5, 5, 7, 1),
(37813, 1, 0, 3, 0, 68, 5, 4, 7, 1),
(37812, 1, 0, 3, 0, 70, 5, 3, 7, 1),
(37811, 1, 0, 3, 0, 67, 5, 2, 7, 1),
(37810, 1, 0, 3, 0, 68, 5, 1, 7, 1),
(37809, 1, 0, 3, 0, 66, 4, 6, 7, 1),
(37808, 1, 0, 3, 0, 67, 4, 5, 7, 1),
(37807, 1, 0, 3, 0, 22, 4, 4, 7, 1),
(37806, 1, 0, 3, 0, 66, 4, 3, 7, 1),
(37805, 1, 0, 3, 0, 68, 4, 2, 7, 1),
(37804, 1, 0, 3, 0, 22, 4, 1, 7, 1),
(37803, 1, 0, 3, 0, 69, 3, 6, 7, 1),
(37802, 1, 0, 3, 0, 1, 3, 5, 7, 1),
(37801, 1, 0, 3, 0, 1, 3, 4, 7, 1),
(37800, 1, 0, 3, 0, 1, 3, 3, 7, 1),
(37799, 1, 0, 3, 0, 2, 3, 2, 7, 1),
(37798, 1, 0, 3, 0, 3, 3, 1, 7, 1),
(37797, 1, 0, 3, 0, 22, 2, 6, 7, 1),
(37796, 1, 0, 3, 0, 22, 2, 5, 7, 1),
(37795, 1, 0, 3, 0, 3, 2, 4, 7, 1),
(37794, 1, 0, 3, 0, 69, 2, 3, 7, 1),
(37793, 1, 0, 3, 0, 3, 2, 2, 7, 1),
(37792, 1, 0, 3, 0, 69, 2, 1, 7, 1),
(37791, 1, 0, 3, 0, 1, 1, 6, 7, 1),
(37790, 1, 0, 3, 0, 2, 1, 4, 7, 1),
(39261, 6, 1, 2, 0, 47, 1, 2, 7, 2),
(39260, 6, 1, 2, 0, 15, 1, 2, 7, 1),
(39259, 6, 1, 2, 0, 16, 1, 1, 7, 2),
(39835, 1, 0, 4, 0, 70, 5, 5, 7, 1),
(39834, 1, 0, 4, 0, 67, 5, 4, 7, 1),
(39833, 1, 0, 4, 0, 1, 5, 3, 7, 1),
(39832, 1, 0, 4, 0, 1, 5, 2, 7, 1),
(39831, 1, 0, 4, 0, 68, 5, 1, 7, 1),
(39830, 1, 0, 4, 0, 3, 4, 6, 7, 1),
(39829, 1, 0, 4, 0, 66, 4, 5, 7, 1),
(39828, 1, 0, 4, 0, 68, 4, 4, 7, 1),
(39827, 1, 0, 4, 0, 3, 4, 3, 7, 1),
(39826, 1, 0, 4, 0, 3, 4, 2, 7, 1),
(39825, 1, 0, 4, 0, 69, 4, 1, 7, 1),
(39824, 1, 0, 4, 0, 68, 3, 6, 7, 1),
(39823, 1, 0, 4, 0, 1, 3, 5, 7, 1),
(39822, 1, 0, 4, 0, 22, 3, 4, 7, 1),
(39821, 1, 0, 4, 0, 22, 3, 3, 7, 1),
(39820, 1, 0, 4, 0, 67, 3, 2, 7, 1),
(39819, 1, 0, 4, 0, 1, 3, 1, 7, 1),
(39818, 1, 0, 4, 0, 2, 2, 6, 7, 1),
(39817, 1, 0, 4, 0, 67, 2, 5, 7, 1),
(39816, 1, 0, 4, 0, 2, 2, 4, 7, 1),
(39815, 1, 0, 4, 0, 70, 2, 3, 7, 1),
(39814, 1, 0, 4, 0, 2, 2, 1, 7, 1),
(39813, 1, 0, 4, 0, 22, 1, 6, 7, 1),
(39812, 1, 0, 4, 0, 69, 1, 5, 7, 1),
(39811, 1, 0, 4, 0, 66, 1, 4, 7, 1),
(40538, 4, 0, 1, 0, 46, 10, 1, 7, 1),
(38060, 1, 0, 5, 0, 71, 9, 4, 7, 1),
(38059, 1, 0, 5, 0, 26, 8, 2, 7, 1),
(38058, 1, 0, 5, 0, 66, 5, 5, 7, 1),
(38057, 1, 0, 5, 0, 66, 5, 4, 7, 1),
(38056, 1, 0, 5, 0, 68, 5, 3, 7, 1),
(38055, 1, 0, 5, 0, 3, 5, 2, 7, 1),
(38054, 1, 0, 5, 0, 67, 5, 1, 7, 1),
(38053, 1, 0, 5, 0, 1, 4, 6, 7, 1),
(38052, 1, 0, 5, 0, 69, 4, 5, 7, 1),
(38051, 1, 0, 5, 0, 69, 4, 4, 7, 1),
(38050, 1, 0, 5, 0, 1, 4, 3, 7, 1),
(38049, 1, 0, 5, 0, 70, 4, 2, 7, 1),
(38048, 1, 0, 5, 0, 2, 4, 1, 7, 1),
(38047, 1, 0, 5, 0, 67, 3, 6, 7, 1),
(38046, 1, 0, 5, 0, 22, 3, 4, 7, 1),
(38045, 1, 0, 5, 0, 66, 3, 3, 7, 1),
(38044, 1, 0, 5, 0, 68, 3, 2, 7, 1),
(38043, 1, 0, 5, 0, 68, 3, 1, 7, 1),
(38042, 1, 0, 5, 0, 3, 2, 6, 7, 1),
(38041, 1, 0, 5, 0, 67, 2, 5, 7, 1),
(38040, 1, 0, 5, 0, 2, 2, 4, 7, 1),
(38039, 1, 0, 5, 0, 3, 2, 3, 7, 1),
(38038, 1, 0, 5, 0, 2, 2, 2, 7, 1),
(38037, 1, 0, 5, 0, 22, 2, 1, 7, 1),
(37575, 1, 0, 6, 0, 71, 9, 5, 7, 1),
(37574, 1, 0, 6, 0, 26, 9, 2, 7, 1),
(37573, 1, 0, 6, 0, 67, 5, 5, 7, 1),
(37572, 1, 0, 6, 0, 1, 5, 4, 7, 1),
(37571, 1, 0, 6, 0, 22, 5, 3, 7, 1),
(37570, 1, 0, 6, 0, 70, 5, 2, 7, 1),
(37569, 1, 0, 6, 0, 1, 5, 1, 7, 1),
(37568, 1, 0, 6, 0, 22, 4, 6, 7, 1),
(37567, 1, 0, 6, 0, 66, 4, 5, 7, 1),
(37566, 1, 0, 6, 0, 69, 4, 4, 7, 1),
(37565, 1, 0, 6, 0, 1, 4, 3, 7, 1),
(37564, 1, 0, 6, 0, 1, 4, 2, 7, 1),
(37563, 1, 0, 6, 0, 68, 4, 1, 7, 1),
(37562, 1, 0, 6, 0, 69, 3, 6, 7, 1),
(37561, 1, 0, 6, 0, 70, 3, 5, 7, 1),
(37560, 1, 0, 6, 0, 3, 3, 4, 7, 1),
(37559, 1, 0, 6, 0, 69, 3, 3, 7, 1),
(37558, 1, 0, 6, 0, 22, 3, 2, 7, 1),
(37557, 1, 0, 6, 0, 67, 3, 1, 7, 1),
(37556, 1, 0, 6, 0, 66, 2, 6, 7, 1),
(37555, 1, 0, 6, 0, 3, 2, 5, 7, 1),
(37554, 1, 0, 6, 0, 22, 2, 4, 7, 1),
(37553, 1, 0, 6, 0, 67, 2, 2, 7, 1),
(37552, 1, 0, 6, 0, 3, 2, 1, 7, 1),
(37551, 1, 0, 6, 0, 68, 1, 6, 7, 1),
(37550, 1, 0, 6, 0, 2, 1, 5, 7, 1),
(37549, 1, 0, 6, 0, 66, 1, 4, 7, 1),
(37548, 1, 0, 6, 0, 68, 1, 3, 7, 1),
(37943, 1, 0, 1, 0, 2, 1, 6, 7, 1),
(37942, 1, 0, 1, 0, 67, 1, 5, 7, 1),
(40480, 1, 0, 2, 0, 66, 1, 3, 7, 1),
(40479, 1, 0, 2, 0, 67, 1, 2, 7, 1),
(37789, 1, 0, 3, 0, 67, 1, 3, 7, 1),
(37788, 1, 0, 3, 0, 66, 1, 2, 7, 1),
(37903, 1, 0, 7, 0, 67, 5, 5, 7, 1),
(37902, 1, 0, 7, 0, 69, 5, 4, 7, 1),
(37901, 1, 0, 7, 0, 2, 5, 3, 7, 1),
(37900, 1, 0, 7, 0, 1, 5, 2, 7, 1),
(37899, 1, 0, 7, 0, 22, 5, 1, 7, 1),
(37898, 1, 0, 7, 0, 68, 4, 6, 7, 1),
(37897, 1, 0, 7, 0, 2, 4, 5, 7, 1),
(37896, 1, 0, 7, 0, 66, 4, 3, 7, 1),
(37895, 1, 0, 7, 0, 66, 4, 2, 7, 1),
(37894, 1, 0, 7, 0, 66, 4, 1, 7, 1),
(37893, 1, 0, 7, 0, 1, 3, 6, 7, 1),
(37892, 1, 0, 7, 0, 22, 3, 5, 7, 1),
(37891, 1, 0, 7, 0, 68, 3, 4, 7, 1),
(37890, 1, 0, 7, 0, 70, 3, 3, 7, 1),
(37889, 1, 0, 7, 0, 67, 3, 2, 7, 1),
(37888, 1, 0, 7, 0, 69, 3, 1, 7, 1),
(37887, 1, 0, 7, 0, 67, 2, 6, 7, 1),
(37886, 1, 0, 7, 0, 1, 2, 5, 7, 1),
(37885, 1, 0, 7, 0, 70, 2, 4, 7, 1),
(37884, 1, 0, 7, 0, 22, 2, 3, 7, 1),
(37883, 1, 0, 7, 0, 22, 2, 2, 7, 1),
(37882, 1, 0, 7, 0, 68, 2, 1, 7, 1),
(37881, 1, 0, 7, 0, 69, 1, 6, 7, 1),
(37880, 1, 0, 7, 0, 3, 1, 5, 7, 1),
(37879, 1, 0, 7, 0, 1, 1, 4, 7, 1),
(40477, 1, 0, 17, 0, 71, 10, 3, 7, 1),
(40476, 1, 0, 17, 0, 26, 8, 5, 7, 1),
(40475, 1, 0, 17, 0, 26, 8, 3, 7, 1),
(40474, 1, 0, 17, 0, 68, 5, 5, 7, 1),
(40473, 1, 0, 17, 0, 2, 5, 4, 7, 1),
(40472, 1, 0, 17, 0, 69, 5, 3, 7, 1),
(40471, 1, 0, 17, 0, 70, 5, 2, 7, 1),
(40470, 1, 0, 17, 0, 3, 5, 1, 7, 1),
(40469, 1, 0, 17, 0, 67, 4, 6, 7, 1),
(40468, 1, 0, 17, 0, 66, 4, 4, 7, 1),
(40467, 1, 0, 17, 0, 66, 4, 3, 7, 1),
(40466, 1, 0, 17, 0, 2, 4, 2, 7, 1),
(40465, 1, 0, 17, 0, 67, 4, 1, 7, 1),
(40464, 1, 0, 17, 0, 22, 3, 6, 7, 1),
(40463, 1, 0, 17, 0, 22, 3, 5, 7, 1),
(40462, 1, 0, 17, 0, 1, 3, 4, 7, 1),
(40461, 1, 0, 17, 0, 22, 3, 3, 7, 1),
(40460, 1, 0, 17, 0, 68, 3, 2, 7, 1),
(40459, 1, 0, 17, 0, 69, 3, 1, 7, 1),
(40458, 1, 0, 17, 0, 68, 2, 6, 7, 1),
(40457, 1, 0, 17, 0, 3, 2, 5, 7, 1),
(40456, 1, 0, 17, 0, 3, 2, 4, 7, 1),
(40455, 1, 0, 17, 0, 1, 2, 3, 7, 1),
(40454, 1, 0, 17, 0, 22, 2, 2, 7, 1),
(40453, 1, 0, 17, 0, 66, 2, 1, 7, 1),
(40452, 1, 0, 17, 0, 69, 1, 6, 7, 1),
(40451, 1, 0, 17, 0, 67, 1, 5, 7, 1),
(40450, 1, 0, 17, 0, 70, 1, 4, 7, 1),
(39780, 1, 0, 8, 0, 26, 9, 1, 7, 1),
(39779, 1, 0, 8, 0, 26, 8, 3, 7, 1),
(39778, 1, 0, 8, 0, 71, 8, 1, 7, 1),
(39777, 1, 0, 8, 0, 1, 5, 5, 7, 1),
(39776, 1, 0, 8, 0, 22, 5, 4, 7, 1),
(39775, 1, 0, 8, 0, 2, 5, 3, 7, 1),
(39774, 1, 0, 8, 0, 68, 5, 2, 7, 1),
(39773, 1, 0, 8, 0, 66, 5, 1, 7, 1),
(39772, 1, 0, 8, 0, 69, 4, 6, 7, 1),
(39771, 1, 0, 8, 0, 68, 4, 5, 7, 1),
(39770, 1, 0, 8, 0, 3, 4, 4, 7, 1),
(39769, 1, 0, 8, 0, 22, 4, 3, 7, 1),
(39768, 1, 0, 8, 0, 1, 4, 2, 7, 1),
(39767, 1, 0, 8, 0, 69, 4, 1, 7, 1),
(39766, 1, 0, 8, 0, 22, 3, 6, 7, 1),
(39765, 1, 0, 8, 0, 2, 3, 5, 7, 1),
(39764, 1, 0, 8, 0, 2, 3, 4, 7, 1),
(39763, 1, 0, 8, 0, 68, 3, 3, 7, 1),
(39762, 1, 0, 8, 0, 70, 3, 2, 7, 1),
(39761, 1, 0, 8, 0, 22, 3, 1, 7, 1),
(39760, 1, 0, 8, 0, 1, 2, 6, 7, 1),
(39759, 1, 0, 8, 0, 70, 2, 5, 7, 1),
(39758, 1, 0, 8, 0, 67, 2, 3, 7, 1),
(39757, 1, 0, 8, 0, 67, 2, 2, 7, 1),
(39756, 1, 0, 8, 0, 1, 2, 1, 7, 1),
(37665, 1, 0, 9, 0, 71, 9, 2, 7, 1),
(37664, 1, 0, 9, 0, 26, 7, 3, 7, 1),
(37663, 1, 0, 9, 0, 22, 5, 5, 7, 1),
(37662, 1, 0, 9, 0, 66, 5, 4, 7, 1),
(37661, 1, 0, 9, 0, 1, 5, 2, 7, 1),
(37660, 1, 0, 9, 0, 69, 5, 1, 7, 1),
(37659, 1, 0, 9, 0, 22, 4, 6, 7, 1),
(37658, 1, 0, 9, 0, 3, 4, 5, 7, 1),
(37657, 1, 0, 9, 0, 67, 4, 4, 7, 1),
(37656, 1, 0, 9, 0, 70, 4, 3, 7, 1),
(37655, 1, 0, 9, 0, 68, 4, 2, 7, 1),
(37654, 1, 0, 9, 0, 66, 4, 1, 7, 1),
(37653, 1, 0, 9, 0, 67, 3, 6, 7, 1),
(37652, 1, 0, 9, 0, 67, 3, 5, 7, 1),
(37651, 1, 0, 9, 0, 2, 3, 4, 7, 1),
(37650, 1, 0, 9, 0, 1, 3, 3, 7, 1),
(37649, 1, 0, 9, 0, 3, 3, 2, 7, 1),
(37648, 1, 0, 9, 0, 68, 3, 1, 7, 1),
(37647, 1, 0, 9, 0, 69, 2, 6, 7, 1),
(37646, 1, 0, 9, 0, 2, 2, 5, 7, 1),
(37645, 1, 0, 9, 0, 1, 2, 4, 7, 1),
(37644, 1, 0, 9, 0, 69, 2, 3, 7, 1),
(37643, 1, 0, 9, 0, 66, 2, 2, 7, 1),
(37642, 1, 0, 9, 0, 70, 2, 1, 7, 1),
(37641, 1, 0, 9, 0, 1, 1, 6, 7, 1),
(37640, 1, 0, 9, 0, 68, 1, 5, 7, 1),
(37639, 1, 0, 9, 0, 3, 1, 4, 7, 1),
(37638, 1, 0, 9, 0, 2, 1, 3, 7, 1),
(39810, 1, 0, 4, 0, 69, 1, 3, 7, 1),
(39809, 1, 0, 4, 0, 66, 1, 2, 7, 1),
(38036, 1, 0, 5, 0, 22, 1, 6, 7, 1),
(38035, 1, 0, 5, 0, 1, 1, 5, 7, 1),
(37547, 1, 0, 6, 0, 2, 1, 2, 7, 1),
(37546, 1, 0, 6, 0, 2, 1, 1, 7, 1),
(37878, 1, 0, 7, 0, 3, 1, 3, 7, 1),
(37877, 1, 0, 7, 0, 2, 1, 2, 7, 1),
(40449, 1, 0, 17, 0, 2, 1, 3, 7, 1),
(40448, 1, 0, 17, 0, 1, 1, 2, 7, 1),
(39755, 1, 0, 8, 0, 67, 1, 6, 7, 1),
(39754, 1, 0, 8, 0, 3, 1, 5, 7, 1),
(37637, 1, 0, 9, 0, 22, 1, 2, 7, 1),
(37636, 1, 0, 9, 0, 22, 1, 1, 7, 1),
(39485, 2, 0, 1, 0, 22, 10, 3, 7, 1),
(39484, 2, 0, 1, 0, 67, 10, 2, 7, 1),
(39483, 2, 0, 1, 0, 2, 10, 1, 7, 1),
(39482, 2, 0, 1, 0, 2, 9, 6, 7, 1),
(39481, 2, 0, 1, 0, 70, 9, 5, 7, 1),
(39480, 2, 0, 1, 0, 66, 9, 4, 7, 1),
(39479, 2, 0, 1, 0, 68, 9, 3, 7, 1),
(39478, 2, 0, 1, 0, 66, 9, 2, 7, 1),
(39477, 2, 0, 1, 0, 3, 9, 1, 7, 1),
(39476, 2, 0, 1, 0, 67, 8, 6, 7, 1),
(39475, 2, 0, 1, 0, 68, 8, 5, 7, 1),
(39474, 2, 0, 1, 0, 70, 8, 4, 7, 1),
(39473, 2, 0, 1, 0, 1, 8, 3, 7, 1),
(39472, 2, 0, 1, 0, 22, 8, 2, 7, 1),
(39471, 2, 0, 1, 0, 66, 7, 6, 7, 1),
(39470, 2, 0, 1, 0, 22, 7, 5, 7, 1),
(39469, 2, 0, 1, 0, 1, 7, 4, 7, 1),
(39468, 2, 0, 1, 0, 3, 7, 3, 7, 1),
(39467, 2, 0, 1, 0, 69, 7, 2, 7, 1),
(39466, 2, 0, 1, 0, 1, 7, 1, 7, 1),
(39465, 2, 0, 1, 0, 22, 6, 6, 7, 1),
(39464, 2, 0, 1, 0, 2, 6, 5, 7, 1),
(39463, 2, 0, 1, 0, 69, 6, 4, 7, 1),
(39462, 2, 0, 1, 0, 67, 6, 3, 7, 1),
(39461, 2, 0, 1, 0, 68, 6, 2, 7, 1),
(39460, 2, 0, 1, 0, 69, 6, 1, 7, 1),
(39459, 2, 0, 1, 0, 26, 2, 4, 7, 1),
(39458, 2, 0, 1, 0, 26, 1, 1, 7, 1),
(38385, 3, 0, 2, 0, 38, 6, 2, 7, 1),
(38384, 3, 0, 2, 0, 23, 6, 1, 7, 1),
(38383, 3, 0, 2, 0, 46, 4, 3, 7, 1),
(38382, 3, 0, 2, 0, 46, 1, 1, 7, 1),
(39961, 3, 0, 4, 0, 37, 10, 3, 7, 1),
(39960, 3, 0, 4, 0, 23, 10, 2, 7, 1),
(39959, 3, 0, 4, 0, 37, 10, 1, 7, 1),
(39958, 3, 0, 4, 0, 49, 9, 6, 7, 1),
(39993, 3, 0, 6, 0, 34, 10, 3, 7, 1),
(39992, 3, 0, 6, 0, 38, 10, 2, 7, 1),
(39991, 3, 0, 6, 0, 37, 10, 1, 7, 1),
(39990, 3, 0, 6, 0, 8, 9, 6, 7, 1),
(39957, 3, 0, 4, 0, 34, 9, 5, 7, 1),
(39956, 3, 0, 4, 0, 23, 9, 4, 7, 1),
(37941, 1, 0, 1, 0, 22, 1, 4, 7, 1),
(40478, 1, 0, 2, 0, 68, 1, 1, 7, 1),
(37787, 1, 0, 3, 0, 70, 1, 1, 7, 1),
(39808, 1, 0, 4, 0, 22, 1, 1, 7, 1),
(38034, 1, 0, 5, 0, 70, 1, 4, 7, 1),
(37576, 1, 0, 6, 0, 26, 10, 5, 7, 1),
(40447, 1, 0, 17, 0, 1, 1, 1, 7, 1),
(39753, 1, 0, 8, 0, 69, 1, 4, 7, 1),
(37666, 1, 0, 9, 0, 26, 10, 2, 7, 1),
(37876, 1, 0, 7, 0, 3, 1, 1, 7, 1),
(40537, 4, 0, 1, 0, 46, 9, 4, 7, 1),
(40536, 4, 0, 1, 0, 23, 5, 5, 7, 1),
(37940, 1, 0, 1, 0, 70, 1, 3, 7, 1),
(37939, 1, 0, 1, 0, 69, 1, 2, 7, 1),
(37938, 1, 0, 1, 0, 22, 1, 1, 7, 1),
(37815, 1, 0, 3, 0, 71, 7, 4, 7, 1),
(37816, 1, 0, 3, 0, 26, 8, 4, 7, 1),
(37817, 1, 0, 3, 0, 26, 10, 1, 7, 1),
(38033, 1, 0, 5, 0, 69, 1, 3, 7, 1),
(38032, 1, 0, 5, 0, 22, 1, 2, 7, 1),
(38031, 1, 0, 5, 0, 1, 1, 1, 7, 1),
(37904, 1, 0, 7, 0, 71, 8, 4, 7, 1),
(37905, 1, 0, 7, 0, 26, 9, 4, 7, 1),
(37906, 1, 0, 7, 0, 26, 10, 2, 7, 1),
(39752, 1, 0, 8, 0, 66, 1, 3, 7, 1),
(39751, 1, 0, 8, 0, 66, 1, 2, 7, 1),
(39750, 1, 0, 8, 0, 3, 1, 1, 7, 1),
(38061, 1, 0, 5, 0, 26, 10, 4, 7, 1),
(39515, 2, 0, 2, 0, 1, 10, 3, 7, 1),
(39514, 2, 0, 2, 0, 69, 10, 2, 7, 1),
(39513, 2, 0, 2, 0, 68, 10, 1, 7, 1),
(39512, 2, 0, 2, 0, 68, 9, 6, 7, 1),
(39511, 2, 0, 2, 0, 69, 9, 5, 7, 1),
(39510, 2, 0, 2, 0, 3, 9, 4, 7, 1),
(39509, 2, 0, 2, 0, 2, 9, 3, 7, 1),
(39508, 2, 0, 2, 0, 3, 9, 2, 7, 1),
(39507, 2, 0, 2, 0, 22, 9, 1, 7, 1),
(39506, 2, 0, 2, 0, 67, 8, 6, 7, 1),
(39505, 2, 0, 2, 0, 1, 8, 4, 7, 1),
(39504, 2, 0, 2, 0, 3, 8, 3, 7, 1),
(39503, 2, 0, 2, 0, 66, 8, 2, 7, 1),
(39502, 2, 0, 2, 0, 1, 8, 1, 7, 1),
(39501, 2, 0, 2, 0, 1, 7, 6, 7, 1),
(39500, 2, 0, 2, 0, 2, 7, 5, 7, 1),
(39499, 2, 0, 2, 0, 68, 7, 4, 7, 1),
(39498, 2, 0, 2, 0, 22, 7, 3, 7, 1),
(39497, 2, 0, 2, 0, 2, 7, 2, 7, 1),
(39496, 2, 0, 2, 0, 70, 7, 1, 7, 1),
(39495, 2, 0, 2, 0, 22, 6, 6, 7, 1),
(39494, 2, 0, 2, 0, 70, 6, 5, 7, 1),
(39493, 2, 0, 2, 0, 22, 6, 4, 7, 1),
(39492, 2, 0, 2, 0, 69, 6, 3, 7, 1),
(39491, 2, 0, 2, 0, 67, 6, 2, 7, 1),
(39490, 2, 0, 2, 0, 66, 6, 1, 7, 1),
(39489, 2, 0, 2, 0, 26, 2, 1, 7, 1),
(39488, 2, 0, 2, 0, 26, 1, 4, 7, 1),
(38125, 2, 0, 3, 0, 26, 2, 3, 7, 1),
(38126, 2, 0, 3, 0, 26, 3, 1, 7, 1),
(38127, 2, 0, 3, 0, 67, 6, 1, 7, 1),
(38128, 2, 0, 3, 0, 69, 6, 2, 7, 1),
(38129, 2, 0, 3, 0, 3, 6, 3, 7, 1),
(38130, 2, 0, 3, 0, 66, 6, 4, 7, 1),
(38131, 2, 0, 3, 0, 69, 6, 5, 7, 1),
(38132, 2, 0, 3, 0, 1, 6, 6, 7, 1),
(38133, 2, 0, 3, 0, 69, 7, 1, 7, 1),
(38134, 2, 0, 3, 0, 68, 7, 2, 7, 1),
(38135, 2, 0, 3, 0, 1, 7, 3, 7, 1),
(38136, 2, 0, 3, 0, 2, 7, 4, 7, 1),
(38137, 2, 0, 3, 0, 70, 7, 5, 7, 1),
(38138, 2, 0, 3, 0, 2, 7, 6, 7, 1),
(38139, 2, 0, 3, 0, 2, 8, 1, 7, 1),
(38140, 2, 0, 3, 0, 67, 8, 2, 7, 1),
(38141, 2, 0, 3, 0, 22, 8, 3, 7, 1),
(38142, 2, 0, 3, 0, 22, 8, 4, 7, 1),
(38143, 2, 0, 3, 0, 3, 8, 5, 7, 1),
(38144, 2, 0, 3, 0, 66, 8, 6, 7, 1),
(38145, 2, 0, 3, 0, 1, 9, 1, 7, 1),
(38146, 2, 0, 3, 0, 22, 9, 2, 7, 1),
(38147, 2, 0, 3, 0, 1, 9, 4, 7, 1),
(38148, 2, 0, 3, 0, 66, 9, 5, 7, 1),
(38149, 2, 0, 3, 0, 68, 9, 6, 7, 1),
(38150, 2, 0, 3, 0, 22, 10, 1, 7, 1),
(38151, 2, 0, 3, 0, 70, 10, 2, 7, 1),
(38152, 2, 0, 3, 0, 67, 10, 3, 7, 1),
(38153, 2, 0, 3, 0, 3, 10, 4, 7, 1),
(38154, 2, 0, 3, 0, 68, 10, 5, 7, 1),
(38155, 2, 0, 4, 0, 26, 1, 3, 7, 1),
(38156, 2, 0, 4, 0, 26, 4, 1, 7, 1),
(38157, 2, 0, 4, 0, 22, 6, 1, 7, 1),
(38158, 2, 0, 4, 0, 1, 6, 2, 7, 1),
(38159, 2, 0, 4, 0, 3, 6, 3, 7, 1),
(38160, 2, 0, 4, 0, 2, 6, 4, 7, 1),
(38161, 2, 0, 4, 0, 22, 6, 5, 7, 1),
(38162, 2, 0, 4, 0, 1, 6, 6, 7, 1),
(38163, 2, 0, 4, 0, 68, 7, 1, 7, 1),
(38164, 2, 0, 4, 0, 22, 7, 2, 7, 1),
(38165, 2, 0, 4, 0, 68, 7, 3, 7, 1),
(38166, 2, 0, 4, 0, 3, 7, 4, 7, 1),
(38167, 2, 0, 4, 0, 1, 7, 5, 7, 1),
(38168, 2, 0, 4, 0, 66, 7, 6, 7, 1),
(38169, 2, 0, 4, 0, 66, 8, 1, 7, 1),
(38170, 2, 0, 4, 0, 69, 8, 3, 7, 1),
(38171, 2, 0, 4, 0, 67, 8, 4, 7, 1),
(38172, 2, 0, 4, 0, 70, 8, 5, 7, 1),
(38173, 2, 0, 4, 0, 3, 8, 6, 7, 1),
(38174, 2, 0, 4, 0, 1, 9, 1, 7, 1),
(38175, 2, 0, 4, 0, 67, 9, 2, 7, 1),
(38176, 2, 0, 4, 0, 70, 9, 3, 7, 1),
(38177, 2, 0, 4, 0, 69, 9, 4, 7, 1),
(38178, 2, 0, 4, 0, 66, 9, 5, 7, 1),
(38179, 2, 0, 4, 0, 69, 9, 6, 7, 1),
(38180, 2, 0, 4, 0, 67, 10, 1, 7, 1),
(38181, 2, 0, 4, 0, 2, 10, 2, 7, 1),
(38182, 2, 0, 4, 0, 2, 10, 3, 7, 1),
(38183, 2, 0, 4, 0, 22, 10, 4, 7, 1),
(38184, 2, 0, 4, 0, 68, 10, 5, 7, 1),
(38238, 2, 0, 5, 0, 3, 10, 2, 7, 1),
(38237, 2, 0, 5, 0, 67, 10, 1, 7, 1),
(38236, 2, 0, 5, 0, 1, 9, 6, 7, 1),
(38235, 2, 0, 5, 0, 3, 9, 5, 7, 1),
(38234, 2, 0, 5, 0, 67, 9, 4, 7, 1),
(38233, 2, 0, 5, 0, 1, 9, 3, 7, 1),
(38232, 2, 0, 5, 0, 70, 9, 2, 7, 1),
(38231, 2, 0, 5, 0, 22, 9, 1, 7, 1),
(38230, 2, 0, 5, 0, 2, 8, 6, 7, 1),
(38229, 2, 0, 5, 0, 2, 8, 5, 7, 1),
(38228, 2, 0, 5, 0, 2, 8, 4, 7, 1),
(38227, 2, 0, 5, 0, 66, 8, 2, 7, 1),
(38226, 2, 0, 5, 0, 70, 8, 1, 7, 1),
(38225, 2, 0, 5, 0, 3, 7, 6, 7, 1),
(38224, 2, 0, 5, 0, 68, 7, 5, 7, 1),
(38223, 2, 0, 5, 0, 22, 7, 4, 7, 1),
(38222, 2, 0, 5, 0, 67, 7, 3, 7, 1),
(38221, 2, 0, 5, 0, 69, 7, 2, 7, 1),
(38220, 2, 0, 5, 0, 66, 7, 1, 7, 1),
(38219, 2, 0, 5, 0, 69, 6, 6, 7, 1),
(38218, 2, 0, 5, 0, 66, 6, 5, 7, 1),
(38217, 2, 0, 5, 0, 1, 6, 4, 7, 1),
(38216, 2, 0, 5, 0, 22, 6, 3, 7, 1),
(38215, 2, 0, 5, 0, 22, 6, 2, 7, 1),
(38214, 2, 0, 5, 0, 1, 6, 1, 7, 1),
(38213, 2, 0, 5, 0, 26, 1, 5, 7, 1),
(38212, 2, 0, 5, 0, 26, 1, 2, 7, 1),
(38239, 2, 0, 5, 0, 68, 10, 3, 7, 1),
(38240, 2, 0, 5, 0, 68, 10, 4, 7, 1),
(38241, 2, 0, 5, 0, 69, 10, 5, 7, 1),
(39576, 2, 0, 6, 0, 66, 10, 4, 7, 1),
(39575, 2, 0, 6, 0, 3, 10, 3, 7, 1),
(39574, 2, 0, 6, 0, 67, 10, 2, 7, 1),
(39573, 2, 0, 6, 0, 3, 10, 1, 7, 1),
(39572, 2, 0, 6, 0, 1, 9, 6, 7, 1),
(39571, 2, 0, 6, 0, 70, 9, 5, 7, 1),
(39570, 2, 0, 6, 0, 69, 9, 3, 7, 1),
(39569, 2, 0, 6, 0, 2, 9, 2, 7, 1),
(39568, 2, 0, 6, 0, 68, 9, 1, 7, 1),
(39567, 2, 0, 6, 0, 22, 8, 6, 7, 1),
(39566, 2, 0, 6, 0, 66, 8, 5, 7, 1),
(39565, 2, 0, 6, 0, 3, 8, 4, 7, 1),
(39564, 2, 0, 6, 0, 1, 8, 3, 7, 1),
(39563, 2, 0, 6, 0, 22, 8, 2, 7, 1),
(39562, 2, 0, 6, 0, 1, 8, 1, 7, 1),
(39561, 2, 0, 6, 0, 69, 7, 6, 7, 1),
(39560, 2, 0, 6, 0, 69, 7, 5, 7, 1),
(39559, 2, 0, 6, 0, 22, 7, 4, 7, 1),
(39558, 2, 0, 6, 0, 68, 7, 3, 7, 1),
(39557, 2, 0, 6, 0, 1, 7, 2, 7, 1),
(39556, 2, 0, 6, 0, 2, 7, 1, 7, 1),
(39555, 2, 0, 6, 0, 67, 6, 6, 7, 1),
(39554, 2, 0, 6, 0, 2, 6, 5, 7, 1),
(39553, 2, 0, 6, 0, 67, 6, 4, 7, 1),
(39552, 2, 0, 6, 0, 22, 6, 3, 7, 1),
(39551, 2, 0, 6, 0, 70, 6, 2, 7, 1),
(39550, 2, 0, 6, 0, 66, 6, 1, 7, 1),
(39549, 2, 0, 6, 0, 26, 3, 4, 7, 1),
(39548, 2, 0, 6, 0, 26, 1, 2, 7, 1),
(39606, 2, 0, 7, 0, 70, 10, 4, 7, 1),
(39605, 2, 0, 7, 0, 2, 10, 3, 7, 1),
(39604, 2, 0, 7, 0, 22, 10, 2, 7, 1),
(39603, 2, 0, 7, 0, 1, 10, 1, 7, 1),
(39602, 2, 0, 7, 0, 3, 9, 6, 7, 1),
(39601, 2, 0, 7, 0, 1, 9, 5, 7, 1),
(39600, 2, 0, 7, 0, 22, 9, 4, 7, 1),
(39599, 2, 0, 7, 0, 67, 9, 3, 7, 1),
(39598, 2, 0, 7, 0, 69, 9, 2, 7, 1),
(39597, 2, 0, 7, 0, 67, 9, 1, 7, 1),
(39596, 2, 0, 7, 0, 1, 8, 6, 7, 1),
(39595, 2, 0, 7, 0, 22, 8, 5, 7, 1),
(39594, 2, 0, 7, 0, 69, 8, 4, 7, 1),
(39593, 2, 0, 7, 0, 70, 8, 3, 7, 1),
(39592, 2, 0, 7, 0, 68, 8, 2, 7, 1),
(39591, 2, 0, 7, 0, 66, 8, 1, 7, 1),
(39590, 2, 0, 7, 0, 68, 7, 6, 7, 1),
(39589, 2, 0, 7, 0, 66, 7, 4, 7, 1),
(39588, 2, 0, 7, 0, 22, 7, 3, 7, 1),
(39587, 2, 0, 7, 0, 66, 7, 2, 7, 1),
(39586, 2, 0, 7, 0, 2, 7, 1, 7, 1),
(39585, 2, 0, 7, 0, 2, 6, 6, 7, 1),
(39584, 2, 0, 7, 0, 69, 6, 5, 7, 1),
(39583, 2, 0, 7, 0, 3, 6, 4, 7, 1),
(39582, 2, 0, 7, 0, 1, 6, 3, 7, 1),
(39581, 2, 0, 7, 0, 67, 6, 2, 7, 1),
(39580, 2, 0, 7, 0, 68, 6, 1, 7, 1),
(39579, 2, 0, 7, 0, 26, 2, 2, 7, 1),
(39578, 2, 0, 7, 0, 26, 1, 4, 7, 1),
(39636, 2, 0, 17, 0, 70, 10, 4, 7, 1),
(39635, 2, 0, 17, 0, 1, 10, 3, 7, 1),
(39634, 2, 0, 17, 0, 66, 10, 2, 7, 1),
(39633, 2, 0, 17, 0, 22, 10, 1, 7, 1),
(39632, 2, 0, 17, 0, 66, 9, 6, 7, 1),
(39631, 2, 0, 17, 0, 22, 9, 5, 7, 1),
(39630, 2, 0, 17, 0, 68, 9, 4, 7, 1),
(39629, 2, 0, 17, 0, 3, 9, 3, 7, 1),
(39628, 2, 0, 17, 0, 22, 9, 2, 7, 1),
(39627, 2, 0, 17, 0, 67, 9, 1, 7, 1),
(39626, 2, 0, 17, 0, 69, 8, 6, 7, 1),
(39625, 2, 0, 17, 0, 3, 8, 5, 7, 1),
(39624, 2, 0, 17, 0, 66, 8, 4, 7, 1),
(39623, 2, 0, 17, 0, 22, 8, 3, 7, 1),
(39622, 2, 0, 17, 0, 1, 8, 2, 7, 1),
(39621, 2, 0, 17, 0, 69, 8, 1, 7, 1),
(39620, 2, 0, 17, 0, 1, 7, 6, 7, 1),
(39619, 2, 0, 17, 0, 2, 7, 5, 7, 1),
(39618, 2, 0, 17, 0, 67, 7, 4, 7, 1),
(39617, 2, 0, 17, 0, 69, 7, 3, 7, 1),
(39616, 2, 0, 17, 0, 68, 7, 2, 7, 1),
(39615, 2, 0, 17, 0, 68, 7, 1, 7, 1),
(39614, 2, 0, 17, 0, 3, 6, 6, 7, 1),
(39613, 2, 0, 17, 0, 1, 6, 5, 7, 1),
(39612, 2, 0, 17, 0, 2, 6, 4, 7, 1),
(39611, 2, 0, 17, 0, 67, 6, 3, 7, 1),
(39610, 2, 0, 17, 0, 2, 6, 1, 7, 1),
(39609, 2, 0, 17, 0, 26, 3, 2, 7, 1),
(39608, 2, 0, 17, 0, 26, 2, 4, 7, 1),
(39867, 3, 0, 1, 0, 43, 10, 3, 7, 1),
(39866, 3, 0, 1, 0, 37, 10, 2, 7, 1),
(39865, 3, 0, 1, 0, 23, 10, 1, 7, 1),
(39864, 3, 0, 1, 0, 38, 9, 6, 7, 1),
(39863, 3, 0, 1, 0, 34, 9, 5, 7, 1),
(39862, 3, 0, 1, 0, 34, 9, 4, 7, 1),
(39861, 3, 0, 1, 0, 8, 9, 3, 7, 1),
(39860, 3, 0, 1, 0, 38, 9, 2, 7, 1),
(39859, 3, 0, 1, 0, 37, 9, 1, 7, 1),
(39858, 3, 0, 1, 0, 41, 8, 6, 7, 1),
(39857, 3, 0, 1, 0, 21, 8, 5, 7, 1),
(39856, 3, 0, 1, 0, 23, 8, 4, 7, 1),
(39855, 3, 0, 1, 0, 21, 8, 3, 7, 1),
(39854, 3, 0, 1, 0, 8, 8, 2, 7, 1),
(39853, 3, 0, 1, 0, 38, 8, 1, 7, 1),
(39852, 3, 0, 1, 0, 43, 7, 6, 7, 1),
(39851, 3, 0, 1, 0, 41, 7, 5, 7, 1),
(39850, 3, 0, 1, 0, 41, 7, 4, 7, 1),
(39849, 3, 0, 1, 0, 20, 7, 3, 7, 1),
(39848, 3, 0, 1, 0, 43, 7, 2, 7, 1),
(39847, 3, 0, 1, 0, 49, 7, 1, 7, 1),
(39846, 3, 0, 1, 0, 34, 6, 6, 7, 1),
(39845, 3, 0, 1, 0, 49, 6, 5, 7, 1),
(39844, 3, 0, 1, 0, 37, 6, 4, 7, 1),
(39843, 3, 0, 1, 0, 20, 6, 3, 7, 1),
(39842, 3, 0, 1, 0, 21, 6, 2, 7, 1),
(39841, 3, 0, 1, 0, 34, 6, 1, 7, 1),
(38386, 3, 0, 2, 0, 43, 6, 3, 7, 1),
(38387, 3, 0, 2, 0, 43, 6, 4, 7, 1),
(38388, 3, 0, 2, 0, 8, 6, 5, 7, 1),
(38389, 3, 0, 2, 0, 41, 6, 6, 7, 1),
(38390, 3, 0, 2, 0, 34, 7, 1, 7, 1),
(38391, 3, 0, 2, 0, 43, 7, 2, 7, 1),
(38392, 3, 0, 2, 0, 38, 7, 3, 7, 1),
(38393, 3, 0, 2, 0, 49, 7, 4, 7, 1),
(38394, 3, 0, 2, 0, 21, 7, 5, 7, 1),
(38395, 3, 0, 2, 0, 37, 7, 6, 7, 1),
(38396, 3, 0, 2, 0, 41, 8, 1, 7, 1),
(38397, 3, 0, 2, 0, 41, 8, 2, 7, 1),
(38398, 3, 0, 2, 0, 23, 8, 3, 7, 1),
(38399, 3, 0, 2, 0, 23, 8, 4, 7, 1),
(38400, 3, 0, 2, 0, 37, 8, 5, 7, 1),
(38401, 3, 0, 2, 0, 34, 8, 6, 7, 1),
(38402, 3, 0, 2, 0, 37, 9, 1, 7, 1),
(38403, 3, 0, 2, 0, 49, 9, 2, 7, 1),
(38404, 3, 0, 2, 0, 34, 9, 3, 7, 1),
(38405, 3, 0, 2, 0, 21, 9, 4, 7, 1),
(38406, 3, 0, 2, 0, 38, 9, 5, 7, 1),
(38407, 3, 0, 2, 0, 20, 9, 6, 7, 1),
(38408, 3, 0, 2, 0, 43, 10, 1, 7, 1),
(38409, 3, 0, 2, 0, 8, 10, 2, 7, 1),
(38410, 3, 0, 2, 0, 21, 10, 3, 7, 1),
(38411, 3, 0, 2, 0, 8, 10, 4, 7, 1),
(38412, 3, 0, 2, 0, 34, 10, 5, 7, 1),
(38413, 3, 0, 2, 0, 20, 10, 6, 7, 1),
(39840, 3, 0, 1, 0, 46, 3, 3, 7, 1),
(39839, 3, 0, 1, 0, 46, 2, 1, 7, 1),
(39929, 3, 0, 3, 0, 49, 10, 3, 7, 1),
(39928, 3, 0, 3, 0, 21, 10, 2, 7, 1),
(39927, 3, 0, 3, 0, 38, 10, 1, 7, 1),
(39926, 3, 0, 3, 0, 4, 9, 6, 7, 1),
(39925, 3, 0, 3, 0, 43, 9, 5, 7, 1),
(39924, 3, 0, 3, 0, 38, 9, 4, 7, 1),
(39923, 3, 0, 3, 0, 8, 9, 3, 7, 1),
(39922, 3, 0, 3, 0, 34, 9, 2, 7, 1),
(39921, 3, 0, 3, 0, 23, 9, 1, 7, 1),
(39920, 3, 0, 3, 0, 37, 8, 6, 7, 1),
(39919, 3, 0, 3, 0, 37, 8, 5, 7, 1),
(39918, 3, 0, 3, 0, 41, 8, 4, 7, 1),
(39917, 3, 0, 3, 0, 21, 8, 3, 7, 1),
(39916, 3, 0, 3, 0, 8, 8, 2, 7, 1),
(39915, 3, 0, 3, 0, 49, 8, 1, 7, 1),
(39914, 3, 0, 3, 0, 43, 7, 6, 7, 1),
(39913, 3, 0, 3, 0, 23, 7, 5, 7, 1),
(39912, 3, 0, 3, 0, 43, 7, 4, 7, 1),
(39911, 3, 0, 3, 0, 23, 7, 3, 7, 1),
(39910, 3, 0, 3, 0, 4, 7, 2, 7, 1),
(39909, 3, 0, 3, 0, 34, 7, 1, 7, 1),
(39908, 3, 0, 3, 0, 21, 6, 6, 7, 1),
(39907, 3, 0, 3, 0, 34, 6, 5, 7, 1),
(39906, 3, 0, 3, 0, 8, 6, 4, 7, 1),
(39905, 3, 0, 3, 0, 41, 6, 3, 7, 1),
(39904, 3, 0, 3, 0, 43, 6, 2, 7, 1),
(39903, 3, 0, 3, 0, 37, 6, 1, 7, 1),
(39902, 3, 0, 3, 0, 46, 3, 1, 7, 1),
(39901, 3, 0, 3, 0, 46, 1, 4, 7, 1),
(39955, 3, 0, 4, 0, 34, 9, 3, 7, 1),
(39954, 3, 0, 4, 0, 8, 9, 2, 7, 1),
(39953, 3, 0, 4, 0, 43, 9, 1, 7, 1),
(39952, 3, 0, 4, 0, 8, 8, 6, 7, 1),
(39951, 3, 0, 4, 0, 23, 8, 5, 7, 1),
(39950, 3, 0, 4, 0, 49, 8, 4, 7, 1),
(39949, 3, 0, 4, 0, 38, 8, 3, 7, 1),
(39948, 3, 0, 4, 0, 37, 8, 2, 7, 1),
(39947, 3, 0, 4, 0, 34, 8, 1, 7, 1),
(39946, 3, 0, 4, 0, 41, 7, 6, 7, 1),
(39945, 3, 0, 4, 0, 8, 7, 5, 7, 1),
(39944, 3, 0, 4, 0, 43, 7, 4, 7, 1),
(39943, 3, 0, 4, 0, 18, 7, 3, 7, 1),
(39942, 3, 0, 4, 0, 41, 7, 2, 7, 1),
(39941, 3, 0, 4, 0, 21, 7, 1, 7, 1),
(39940, 3, 0, 4, 0, 43, 6, 6, 7, 1),
(39939, 3, 0, 4, 0, 41, 6, 5, 7, 1),
(39938, 3, 0, 4, 0, 21, 6, 4, 7, 1),
(39937, 3, 0, 4, 0, 18, 6, 3, 7, 1),
(39936, 3, 0, 4, 0, 38, 6, 2, 7, 1),
(39935, 3, 0, 4, 0, 38, 6, 1, 7, 1),
(39934, 3, 0, 4, 0, 46, 4, 1, 7, 1),
(39933, 3, 0, 4, 0, 46, 2, 4, 7, 1),
(38501, 3, 0, 5, 0, 46, 1, 2, 7, 1),
(38502, 3, 0, 5, 0, 46, 3, 4, 7, 1),
(38503, 3, 0, 5, 0, 23, 6, 1, 7, 1),
(38504, 3, 0, 5, 0, 8, 6, 2, 7, 1),
(38505, 3, 0, 5, 0, 8, 6, 3, 7, 1),
(38506, 3, 0, 5, 0, 4, 6, 4, 7, 1),
(38507, 3, 0, 5, 0, 23, 6, 5, 7, 1),
(38508, 3, 0, 5, 0, 49, 6, 6, 7, 1),
(38509, 3, 0, 5, 0, 41, 7, 1, 7, 1),
(38510, 3, 0, 5, 0, 41, 7, 2, 7, 1),
(38511, 3, 0, 5, 0, 49, 7, 3, 7, 1),
(38512, 3, 0, 5, 0, 23, 7, 4, 7, 1),
(38513, 3, 0, 5, 0, 43, 7, 5, 7, 1),
(38514, 3, 0, 5, 0, 8, 7, 6, 7, 1),
(38515, 3, 0, 5, 0, 37, 8, 1, 7, 1),
(38516, 3, 0, 5, 0, 43, 8, 2, 7, 1),
(38517, 3, 0, 5, 0, 38, 8, 3, 7, 1),
(38518, 3, 0, 5, 0, 34, 8, 4, 7, 1),
(38519, 3, 0, 5, 0, 21, 8, 5, 7, 1),
(38520, 3, 0, 5, 0, 34, 8, 6, 7, 1),
(38521, 3, 0, 5, 0, 34, 9, 1, 7, 1),
(38522, 3, 0, 5, 0, 21, 9, 2, 7, 1),
(38523, 3, 0, 5, 0, 37, 9, 3, 7, 1),
(38524, 3, 0, 5, 0, 37, 9, 4, 7, 1),
(38525, 3, 0, 5, 0, 4, 9, 5, 7, 1),
(38526, 3, 0, 5, 0, 41, 9, 6, 7, 1),
(38527, 3, 0, 5, 0, 43, 10, 1, 7, 1),
(38528, 3, 0, 5, 0, 38, 10, 2, 7, 1),
(38529, 3, 0, 5, 0, 34, 10, 3, 7, 1),
(38530, 3, 0, 5, 0, 21, 10, 4, 7, 1),
(38531, 3, 0, 5, 0, 38, 10, 5, 7, 1),
(38532, 3, 0, 5, 0, 43, 10, 6, 7, 1),
(39989, 3, 0, 6, 0, 23, 9, 5, 7, 1),
(39988, 3, 0, 6, 0, 34, 9, 4, 7, 1),
(39987, 3, 0, 6, 0, 21, 9, 3, 7, 1),
(39986, 3, 0, 6, 0, 4, 9, 2, 7, 1),
(39985, 3, 0, 6, 0, 41, 9, 1, 7, 1),
(39984, 3, 0, 6, 0, 41, 8, 6, 7, 1),
(39983, 3, 0, 6, 0, 38, 8, 5, 7, 1),
(39982, 3, 0, 6, 0, 43, 8, 4, 7, 1),
(39258, 6, 1, 2, 0, 17, 1, 1, 7, 1),
(40057, 3, 0, 7, 0, 38, 10, 3, 7, 1),
(40056, 3, 0, 7, 0, 8, 10, 2, 7, 1),
(40055, 3, 0, 7, 0, 34, 10, 1, 7, 1),
(40054, 3, 0, 7, 0, 43, 9, 6, 7, 1),
(40053, 3, 0, 7, 0, 38, 9, 5, 7, 1),
(40052, 3, 0, 7, 0, 43, 9, 4, 7, 1),
(40051, 3, 0, 7, 0, 21, 9, 3, 7, 1),
(40050, 3, 0, 7, 0, 37, 9, 2, 7, 1),
(40049, 3, 0, 7, 0, 38, 9, 1, 7, 1),
(40048, 3, 0, 7, 0, 8, 8, 6, 7, 1),
(40047, 3, 0, 7, 0, 8, 8, 5, 7, 1),
(40046, 3, 0, 7, 0, 37, 8, 4, 7, 1),
(40045, 3, 0, 7, 0, 4, 8, 3, 7, 1),
(40044, 3, 0, 7, 0, 23, 8, 2, 7, 1),
(40043, 3, 0, 7, 0, 41, 8, 1, 7, 1),
(40042, 3, 0, 7, 0, 49, 7, 6, 7, 1),
(40041, 3, 0, 7, 0, 34, 7, 5, 7, 1),
(40040, 3, 0, 7, 0, 34, 7, 4, 7, 1),
(40039, 3, 0, 7, 0, 34, 7, 3, 7, 1),
(40038, 3, 0, 7, 0, 21, 7, 2, 7, 1),
(40037, 3, 0, 7, 0, 4, 7, 1, 7, 1),
(40036, 3, 0, 7, 0, 21, 6, 6, 7, 1),
(40035, 3, 0, 7, 0, 43, 6, 5, 7, 1),
(40034, 3, 0, 7, 0, 41, 6, 4, 7, 1),
(40033, 3, 0, 7, 0, 49, 6, 3, 7, 1),
(40032, 3, 0, 7, 0, 41, 6, 2, 7, 1),
(40031, 3, 0, 7, 0, 43, 6, 1, 7, 1),
(40030, 3, 0, 7, 0, 46, 4, 2, 7, 1),
(40029, 3, 0, 7, 0, 46, 2, 5, 7, 1),
(38606, 3, 0, 17, 0, 46, 1, 5, 7, 1),
(38607, 3, 0, 17, 0, 46, 3, 2, 7, 1),
(38608, 3, 0, 17, 0, 34, 6, 1, 7, 1),
(38609, 3, 0, 17, 0, 34, 6, 2, 7, 1),
(38610, 3, 0, 17, 0, 23, 6, 3, 7, 1),
(38611, 3, 0, 17, 0, 41, 6, 4, 7, 1),
(38612, 3, 0, 17, 0, 38, 6, 5, 7, 1),
(38613, 3, 0, 17, 0, 4, 6, 6, 7, 1),
(38614, 3, 0, 17, 0, 37, 7, 1, 7, 1),
(38615, 3, 0, 17, 0, 49, 7, 2, 7, 1),
(38616, 3, 0, 17, 0, 37, 7, 3, 7, 1),
(38617, 3, 0, 17, 0, 37, 7, 4, 7, 1),
(38618, 3, 0, 17, 0, 23, 7, 5, 7, 1),
(38619, 3, 0, 17, 0, 49, 7, 6, 7, 1),
(38620, 3, 0, 17, 0, 21, 8, 1, 7, 1),
(38621, 3, 0, 17, 0, 21, 8, 2, 7, 1),
(38622, 3, 0, 17, 0, 41, 8, 3, 7, 1),
(38623, 3, 0, 17, 0, 21, 8, 4, 7, 1),
(38624, 3, 0, 17, 0, 8, 8, 5, 7, 1),
(38625, 3, 0, 17, 0, 43, 8, 6, 7, 1),
(38626, 3, 0, 17, 0, 23, 9, 1, 7, 1),
(38627, 3, 0, 17, 0, 38, 9, 2, 7, 1),
(38628, 3, 0, 17, 0, 38, 9, 3, 7, 1),
(38629, 3, 0, 17, 0, 8, 9, 4, 7, 1),
(38630, 3, 0, 17, 0, 34, 9, 5, 7, 1),
(38631, 3, 0, 17, 0, 34, 9, 6, 7, 1),
(38632, 3, 0, 17, 0, 41, 10, 1, 7, 1),
(38633, 3, 0, 17, 0, 43, 10, 2, 7, 1),
(38634, 3, 0, 17, 0, 4, 10, 3, 7, 1),
(38635, 3, 0, 17, 0, 43, 10, 4, 7, 1),
(38636, 3, 0, 17, 0, 43, 10, 5, 7, 1),
(38637, 3, 0, 17, 0, 8, 10, 6, 7, 1),
(40025, 3, 0, 8, 0, 21, 10, 3, 7, 1),
(40024, 3, 0, 8, 0, 4, 10, 2, 7, 1),
(40023, 3, 0, 8, 0, 41, 10, 1, 7, 1),
(40022, 3, 0, 8, 0, 21, 9, 6, 7, 1),
(40021, 3, 0, 8, 0, 37, 9, 5, 7, 1),
(40020, 3, 0, 8, 0, 41, 9, 4, 7, 1),
(40019, 3, 0, 8, 0, 38, 9, 3, 7, 1),
(40018, 3, 0, 8, 0, 21, 9, 2, 7, 1),
(40017, 3, 0, 8, 0, 43, 9, 1, 7, 1),
(40016, 3, 0, 8, 0, 37, 8, 6, 7, 1),
(40015, 3, 0, 8, 0, 43, 8, 5, 7, 1),
(40014, 3, 0, 8, 0, 43, 8, 4, 7, 1),
(40013, 3, 0, 8, 0, 49, 8, 3, 7, 1),
(40012, 3, 0, 8, 0, 41, 8, 2, 7, 1),
(40011, 3, 0, 8, 0, 34, 8, 1, 7, 1),
(40010, 3, 0, 8, 0, 4, 7, 6, 7, 1),
(40009, 3, 0, 8, 0, 8, 7, 5, 7, 1),
(40008, 3, 0, 8, 0, 23, 7, 4, 7, 1),
(40007, 3, 0, 8, 0, 8, 7, 3, 7, 1),
(40006, 3, 0, 8, 0, 23, 7, 2, 7, 1),
(40005, 3, 0, 8, 0, 38, 7, 1, 7, 1),
(40004, 3, 0, 8, 0, 43, 6, 6, 7, 1),
(40003, 3, 0, 8, 0, 23, 6, 5, 7, 1),
(40002, 3, 0, 8, 0, 34, 6, 4, 7, 1),
(40001, 3, 0, 8, 0, 34, 6, 3, 7, 1),
(40000, 3, 0, 8, 0, 49, 6, 2, 7, 1),
(39999, 3, 0, 8, 0, 37, 6, 1, 7, 1),
(39998, 3, 0, 8, 0, 46, 4, 5, 7, 1),
(39997, 3, 0, 8, 0, 46, 1, 3, 7, 1),
(40535, 4, 0, 1, 0, 29, 5, 4, 7, 1),
(40534, 4, 0, 1, 0, 29, 5, 3, 7, 1),
(40533, 4, 0, 1, 0, 43, 5, 2, 7, 1),
(40532, 4, 0, 1, 0, 43, 5, 1, 7, 1),
(40531, 4, 0, 1, 0, 34, 4, 5, 7, 1),
(40530, 4, 0, 1, 0, 37, 4, 4, 7, 1),
(40529, 4, 0, 1, 0, 37, 4, 3, 7, 1),
(40528, 4, 0, 1, 0, 25, 4, 2, 7, 1),
(40527, 4, 0, 1, 0, 34, 4, 1, 7, 1),
(40526, 4, 0, 1, 0, 38, 3, 6, 7, 1),
(40525, 4, 0, 1, 0, 20, 3, 5, 7, 1),
(40524, 4, 0, 1, 0, 43, 3, 4, 7, 1),
(40523, 4, 0, 1, 0, 23, 3, 3, 7, 1),
(40522, 4, 0, 1, 0, 37, 3, 2, 7, 1),
(40521, 4, 0, 1, 0, 23, 3, 1, 7, 1),
(40520, 4, 0, 1, 0, 25, 2, 6, 7, 1),
(40519, 4, 0, 1, 0, 20, 2, 5, 7, 1),
(40518, 4, 0, 1, 0, 34, 2, 4, 7, 1),
(40517, 4, 0, 1, 0, 49, 2, 3, 7, 1),
(40516, 4, 0, 1, 0, 29, 2, 2, 7, 1),
(40515, 4, 0, 1, 0, 20, 2, 1, 7, 1),
(40514, 4, 0, 1, 0, 34, 1, 6, 7, 1),
(40513, 4, 0, 1, 0, 43, 1, 5, 7, 1),
(40512, 4, 0, 1, 0, 38, 1, 4, 7, 1),
(40511, 4, 0, 1, 0, 38, 1, 3, 7, 1),
(40510, 4, 0, 1, 0, 49, 1, 2, 7, 1),
(40509, 4, 0, 1, 0, 25, 1, 1, 7, 1),
(40327, 4, 0, 2, 0, 23, 10, 5, 7, 1),
(40326, 4, 0, 2, 0, 37, 10, 4, 7, 1),
(40325, 4, 0, 2, 0, 34, 10, 3, 7, 1),
(40324, 4, 0, 2, 0, 43, 10, 2, 7, 1),
(40323, 4, 0, 2, 0, 25, 10, 1, 7, 1),
(40322, 4, 0, 2, 0, 38, 9, 5, 7, 1),
(40321, 4, 0, 2, 0, 49, 9, 4, 7, 1),
(40320, 4, 0, 2, 0, 20, 9, 3, 7, 1),
(40319, 4, 0, 2, 0, 34, 9, 2, 7, 1),
(40318, 4, 0, 2, 0, 43, 9, 1, 7, 1),
(40317, 4, 0, 2, 0, 18, 8, 6, 7, 2),
(40316, 4, 0, 2, 0, 20, 8, 6, 7, 1),
(40315, 4, 0, 2, 0, 49, 8, 5, 7, 1),
(40314, 4, 0, 2, 0, 29, 8, 4, 7, 1),
(40313, 4, 0, 2, 0, 38, 8, 3, 7, 1),
(40312, 4, 0, 2, 0, 29, 8, 2, 7, 1),
(40311, 4, 0, 2, 0, 29, 8, 1, 7, 1),
(40310, 4, 0, 2, 0, 18, 7, 6, 7, 2),
(40309, 4, 0, 2, 0, 20, 7, 6, 7, 1),
(40308, 4, 0, 2, 0, 43, 7, 5, 7, 1),
(40307, 4, 0, 2, 0, 34, 7, 4, 7, 1),
(40306, 4, 0, 2, 0, 37, 7, 3, 7, 1),
(40305, 4, 0, 2, 0, 25, 7, 2, 7, 1),
(40304, 4, 0, 2, 0, 34, 7, 1, 7, 1),
(40303, 4, 0, 2, 0, 25, 6, 6, 7, 1),
(40302, 4, 0, 2, 0, 37, 6, 5, 7, 1),
(40301, 4, 0, 2, 0, 43, 6, 4, 7, 1),
(40300, 4, 0, 2, 0, 23, 6, 3, 7, 1),
(40299, 4, 0, 2, 0, 38, 6, 2, 7, 1),
(40298, 4, 0, 2, 0, 23, 6, 1, 7, 1),
(40568, 4, 0, 3, 0, 38, 10, 5, 7, 1),
(40567, 4, 0, 3, 0, 4, 10, 4, 7, 1),
(40566, 4, 0, 3, 0, 38, 10, 3, 7, 1),
(40565, 4, 0, 3, 0, 38, 10, 2, 7, 1),
(40564, 4, 0, 3, 0, 43, 10, 1, 7, 1),
(40563, 4, 0, 3, 0, 25, 9, 5, 7, 1),
(40562, 4, 0, 3, 0, 23, 9, 4, 7, 1),
(40561, 4, 0, 3, 0, 23, 9, 3, 7, 1),
(40560, 4, 0, 3, 0, 37, 9, 2, 7, 1),
(40559, 4, 0, 3, 0, 34, 9, 1, 7, 1),
(40558, 4, 0, 3, 0, 43, 8, 6, 7, 1),
(40557, 4, 0, 3, 0, 43, 8, 5, 7, 1),
(40556, 4, 0, 3, 0, 34, 8, 4, 7, 1),
(40555, 4, 0, 3, 0, 25, 8, 3, 7, 1),
(40554, 4, 0, 3, 0, 34, 8, 2, 7, 1),
(40553, 4, 0, 3, 0, 25, 8, 1, 7, 1),
(40552, 4, 0, 3, 0, 37, 7, 6, 7, 1),
(40551, 4, 0, 3, 0, 34, 7, 5, 7, 1),
(40550, 4, 0, 3, 0, 43, 7, 4, 7, 1),
(40549, 4, 0, 3, 0, 4, 7, 3, 7, 1),
(40548, 4, 0, 3, 0, 49, 7, 2, 7, 1),
(40547, 4, 0, 3, 0, 29, 7, 1, 7, 1),
(40546, 4, 0, 3, 0, 4, 6, 6, 7, 1),
(40545, 4, 0, 3, 0, 23, 6, 5, 7, 1),
(40544, 4, 0, 3, 0, 29, 6, 4, 7, 1),
(40543, 4, 0, 3, 0, 37, 6, 3, 7, 1),
(40542, 4, 0, 3, 0, 29, 6, 2, 7, 1),
(40541, 4, 0, 3, 0, 49, 6, 1, 7, 1),
(40540, 4, 0, 3, 0, 46, 4, 4, 7, 1),
(40539, 4, 0, 3, 0, 46, 3, 2, 7, 1),
(40387, 4, 0, 4, 0, 34, 10, 5, 7, 1),
(40386, 4, 0, 4, 0, 23, 10, 4, 7, 1),
(40385, 4, 0, 4, 0, 25, 10, 3, 7, 1),
(40384, 4, 0, 4, 0, 29, 10, 2, 7, 1),
(40383, 4, 0, 4, 0, 37, 10, 1, 7, 1),
(40382, 4, 0, 4, 0, 23, 9, 5, 7, 1),
(40381, 4, 0, 4, 0, 34, 9, 4, 7, 1),
(40380, 4, 0, 4, 0, 38, 9, 3, 7, 1),
(40379, 4, 0, 4, 0, 23, 9, 2, 7, 1),
(40378, 4, 0, 4, 0, 25, 9, 1, 7, 1),
(40377, 4, 0, 4, 0, 4, 8, 6, 7, 1),
(40376, 4, 0, 4, 0, 37, 8, 5, 7, 1),
(40375, 4, 0, 4, 0, 43, 8, 4, 7, 1),
(40374, 4, 0, 4, 0, 43, 8, 3, 7, 1),
(40373, 4, 0, 4, 0, 25, 8, 2, 7, 1),
(40372, 4, 0, 4, 0, 34, 8, 1, 7, 1),
(40371, 4, 0, 4, 0, 43, 7, 6, 7, 1),
(40370, 4, 0, 4, 0, 49, 7, 5, 7, 1),
(40369, 4, 0, 4, 0, 38, 7, 4, 7, 1),
(40368, 4, 0, 4, 0, 29, 7, 3, 7, 1),
(40367, 4, 0, 4, 0, 43, 7, 2, 7, 1),
(40366, 4, 0, 4, 0, 38, 7, 1, 7, 1),
(40365, 4, 0, 4, 0, 37, 6, 6, 7, 1),
(40364, 4, 0, 4, 0, 4, 6, 5, 7, 1),
(40363, 4, 0, 4, 0, 49, 6, 4, 7, 1),
(40362, 4, 0, 4, 0, 4, 6, 3, 7, 1),
(40361, 4, 0, 4, 0, 34, 6, 2, 7, 1),
(40360, 4, 0, 4, 0, 29, 6, 1, 7, 1),
(40446, 4, 0, 5, 0, 37, 10, 5, 7, 1),
(40445, 4, 0, 5, 0, 43, 10, 4, 7, 1),
(40444, 4, 0, 5, 0, 37, 10, 3, 7, 1),
(40443, 4, 0, 5, 0, 34, 10, 2, 7, 1),
(40442, 4, 0, 5, 0, 29, 10, 1, 7, 1),
(40441, 4, 0, 5, 0, 29, 9, 5, 7, 1),
(40440, 4, 0, 5, 0, 38, 9, 4, 7, 1),
(40439, 4, 0, 5, 0, 43, 9, 3, 7, 1),
(40438, 4, 0, 5, 0, 43, 9, 2, 7, 1),
(40437, 4, 0, 5, 0, 23, 9, 1, 7, 1),
(40436, 4, 0, 5, 0, 4, 8, 6, 7, 1),
(40435, 4, 0, 5, 0, 34, 8, 5, 7, 1),
(40434, 4, 0, 5, 0, 23, 8, 4, 7, 1),
(40433, 4, 0, 5, 0, 34, 8, 3, 7, 1),
(40432, 4, 0, 5, 0, 37, 8, 2, 7, 1),
(40431, 4, 0, 5, 0, 49, 8, 1, 7, 1),
(40430, 4, 0, 5, 0, 25, 7, 6, 7, 1),
(40429, 4, 0, 5, 0, 23, 7, 5, 7, 1),
(40428, 4, 0, 5, 0, 49, 7, 4, 7, 1),
(40427, 4, 0, 5, 0, 38, 7, 3, 7, 1),
(40426, 4, 0, 5, 0, 29, 7, 2, 7, 1),
(40425, 4, 0, 5, 0, 4, 7, 1, 7, 1),
(40424, 4, 0, 5, 0, 43, 6, 6, 7, 1),
(40423, 4, 0, 5, 0, 4, 6, 5, 7, 1),
(40422, 4, 0, 5, 0, 34, 6, 4, 7, 1),
(40421, 4, 0, 5, 0, 25, 6, 3, 7, 1),
(40420, 4, 0, 5, 0, 25, 6, 2, 7, 1),
(40419, 4, 0, 5, 0, 38, 6, 1, 7, 1),
(40418, 4, 0, 5, 0, 46, 4, 5, 7, 1),
(40417, 4, 0, 5, 0, 46, 3, 3, 7, 1),
(40357, 4, 0, 6, 0, 4, 10, 5, 7, 1),
(40356, 4, 0, 6, 0, 34, 10, 4, 7, 1),
(40355, 4, 0, 6, 0, 43, 10, 3, 7, 1),
(40354, 4, 0, 6, 0, 23, 10, 2, 7, 1),
(40353, 4, 0, 6, 0, 34, 10, 1, 7, 1),
(40352, 4, 0, 6, 0, 37, 9, 5, 7, 1),
(40351, 4, 0, 6, 0, 4, 9, 4, 7, 1),
(40350, 4, 0, 6, 0, 34, 9, 3, 7, 1),
(40349, 4, 0, 6, 0, 38, 9, 2, 7, 1),
(40348, 4, 0, 6, 0, 29, 9, 1, 7, 1),
(40347, 4, 0, 6, 0, 25, 8, 6, 7, 1),
(40346, 4, 0, 6, 0, 23, 8, 5, 7, 1),
(40345, 4, 0, 6, 0, 49, 8, 4, 7, 1),
(40344, 4, 0, 6, 0, 37, 8, 3, 7, 1),
(40343, 4, 0, 6, 0, 43, 8, 2, 7, 1),
(40342, 4, 0, 6, 0, 4, 8, 1, 7, 1),
(40341, 4, 0, 6, 0, 49, 7, 6, 7, 1),
(40340, 4, 0, 6, 0, 38, 7, 5, 7, 1),
(40339, 4, 0, 6, 0, 29, 7, 4, 7, 1),
(40338, 4, 0, 6, 0, 25, 7, 3, 7, 1),
(40337, 4, 0, 6, 0, 34, 7, 2, 7, 1),
(40336, 4, 0, 6, 0, 25, 7, 1, 7, 1),
(40335, 4, 0, 6, 0, 23, 6, 6, 7, 1),
(40334, 4, 0, 6, 0, 43, 6, 5, 7, 1),
(40333, 4, 0, 6, 0, 38, 6, 4, 7, 1),
(40332, 4, 0, 6, 0, 29, 6, 3, 7, 1),
(40331, 4, 0, 6, 0, 37, 6, 2, 7, 1),
(40330, 4, 0, 6, 0, 43, 6, 1, 7, 1),
(40329, 4, 0, 6, 0, 46, 4, 3, 7, 1),
(40328, 4, 0, 6, 0, 46, 3, 5, 7, 1),
(39663, 5, 3, 1, 0, 46, 8, 1, 7, 1),
(39662, 5, 3, 1, 0, 40, 5, 5, 7, 1),
(39661, 5, 3, 1, 0, 27, 5, 4, 7, 1),
(39660, 5, 3, 1, 0, 52, 5, 3, 7, 1),
(39659, 5, 3, 1, 0, 51, 5, 2, 7, 1),
(39658, 5, 3, 1, 0, 40, 5, 1, 7, 1),
(39657, 5, 3, 1, 0, 27, 4, 5, 7, 1),
(39656, 5, 3, 1, 0, 51, 4, 4, 7, 1),
(39655, 5, 3, 1, 0, 39, 4, 3, 7, 1),
(39654, 5, 3, 1, 0, 40, 4, 2, 7, 1),
(39653, 5, 3, 1, 0, 40, 4, 1, 7, 1),
(39652, 5, 3, 1, 0, 7, 3, 5, 7, 1),
(39651, 5, 3, 1, 0, 39, 3, 4, 7, 1),
(39650, 5, 3, 1, 0, 7, 3, 3, 7, 1),
(39649, 5, 3, 1, 0, 42, 3, 2, 7, 1),
(39648, 5, 3, 1, 0, 42, 3, 1, 7, 1),
(39647, 5, 3, 1, 0, 39, 2, 5, 7, 1),
(39646, 5, 3, 1, 0, 70, 2, 4, 7, 1),
(39645, 5, 3, 1, 0, 42, 2, 3, 7, 1),
(39644, 5, 3, 1, 0, 42, 2, 2, 7, 1),
(39643, 5, 3, 1, 0, 7, 2, 1, 7, 1),
(39642, 5, 3, 1, 0, 51, 1, 5, 7, 1),
(39641, 5, 3, 1, 0, 70, 1, 4, 7, 1),
(39640, 5, 3, 1, 0, 27, 1, 3, 7, 1),
(39639, 5, 3, 1, 0, 52, 1, 2, 7, 1),
(39638, 5, 3, 1, 0, 52, 1, 1, 7, 1),
(39806, 5, 3, 2, 0, 46, 7, 1, 7, 1),
(39805, 5, 3, 2, 0, 27, 5, 5, 7, 1),
(39804, 5, 3, 2, 0, 52, 5, 4, 7, 1),
(39803, 5, 3, 2, 0, 42, 5, 3, 7, 1),
(39802, 5, 3, 2, 0, 42, 5, 2, 7, 1),
(39801, 5, 3, 2, 0, 27, 5, 1, 7, 1),
(39800, 5, 3, 2, 0, 7, 4, 5, 7, 1),
(39799, 5, 3, 2, 0, 70, 4, 4, 7, 1),
(39798, 5, 3, 2, 0, 7, 4, 3, 7, 1),
(39797, 5, 3, 2, 0, 27, 4, 2, 7, 1),
(39796, 5, 3, 2, 0, 52, 4, 1, 7, 1),
(39795, 5, 3, 2, 0, 40, 3, 5, 7, 1),
(39794, 5, 3, 2, 0, 70, 3, 4, 7, 1),
(39793, 5, 3, 2, 0, 52, 3, 3, 7, 1),
(39792, 5, 3, 2, 0, 40, 3, 2, 7, 1),
(39791, 5, 3, 2, 0, 7, 3, 1, 7, 1),
(39790, 5, 3, 2, 0, 51, 2, 5, 7, 1),
(39789, 5, 3, 2, 0, 51, 2, 4, 7, 1),
(39788, 5, 3, 2, 0, 40, 2, 3, 7, 1),
(39787, 5, 3, 2, 0, 51, 2, 2, 7, 1),
(39786, 5, 3, 2, 0, 42, 2, 1, 7, 1),
(39785, 5, 3, 2, 0, 39, 1, 5, 7, 1),
(39784, 5, 3, 2, 0, 39, 1, 4, 7, 1),
(39783, 5, 3, 2, 0, 40, 1, 3, 7, 1),
(39782, 5, 3, 2, 0, 39, 1, 2, 7, 1),
(39456, 5, 2, 1, 0, 46, 9, 3, 7, 1),
(39455, 5, 2, 1, 0, 44, 5, 5, 7, 1),
(39454, 5, 2, 1, 0, 51, 5, 4, 7, 1),
(39453, 5, 2, 1, 0, 7, 5, 3, 7, 1),
(39452, 5, 2, 1, 0, 39, 5, 2, 7, 1),
(39451, 5, 2, 1, 0, 32, 5, 1, 7, 1),
(39450, 5, 2, 1, 0, 44, 4, 5, 7, 1),
(39449, 5, 2, 1, 0, 52, 4, 4, 7, 1),
(39448, 5, 2, 1, 0, 39, 4, 3, 7, 1),
(39447, 5, 2, 1, 0, 27, 4, 2, 7, 1),
(39446, 5, 2, 1, 0, 7, 4, 1, 7, 1),
(39445, 5, 2, 1, 0, 39, 3, 5, 7, 1),
(39444, 5, 2, 1, 0, 32, 3, 4, 7, 1),
(39443, 5, 2, 1, 0, 27, 3, 3, 7, 1),
(39442, 5, 2, 1, 0, 51, 3, 2, 7, 1),
(39441, 5, 2, 1, 0, 70, 3, 1, 7, 1),
(39440, 5, 2, 1, 0, 7, 2, 5, 7, 1),
(39439, 5, 2, 1, 0, 32, 2, 4, 7, 1),
(39438, 5, 2, 1, 0, 51, 2, 3, 7, 1),
(39437, 5, 2, 1, 0, 44, 2, 2, 7, 1),
(39436, 5, 2, 1, 0, 70, 2, 1, 7, 1),
(39435, 5, 2, 1, 0, 52, 1, 5, 7, 1),
(39434, 5, 2, 1, 0, 27, 1, 4, 7, 1),
(39433, 5, 2, 1, 0, 32, 1, 3, 7, 1),
(39432, 5, 2, 1, 0, 52, 1, 2, 7, 1),
(39431, 5, 2, 1, 0, 44, 1, 1, 7, 1),
(39428, 5, 1, 1, 0, 52, 5, 5, 7, 1),
(39427, 5, 1, 1, 0, 52, 5, 4, 7, 1),
(39426, 5, 1, 1, 0, 39, 5, 3, 7, 1),
(39425, 5, 1, 1, 0, 16, 5, 2, 7, 1),
(39424, 5, 1, 1, 0, 70, 5, 1, 7, 1),
(39423, 5, 1, 1, 0, 27, 4, 5, 7, 1),
(39422, 5, 1, 1, 0, 39, 4, 4, 7, 1),
(39421, 5, 1, 1, 0, 47, 4, 3, 7, 1),
(39420, 5, 1, 1, 0, 47, 4, 2, 7, 1),
(39419, 5, 1, 1, 0, 47, 4, 1, 7, 1),
(39418, 5, 1, 1, 0, 44, 3, 5, 7, 1),
(39417, 5, 1, 1, 0, 44, 3, 4, 7, 1),
(39416, 5, 1, 1, 0, 15, 3, 3, 7, 1),
(39415, 5, 1, 1, 0, 47, 3, 2, 7, 1),
(39414, 5, 1, 1, 0, 52, 3, 1, 7, 1),
(39413, 5, 1, 1, 0, 16, 2, 6, 7, 1),
(39412, 5, 1, 1, 0, 44, 2, 5, 7, 1),
(39411, 5, 1, 1, 0, 27, 2, 4, 7, 1),
(39410, 5, 1, 1, 0, 15, 2, 3, 7, 1),
(39409, 5, 1, 1, 0, 39, 2, 2, 7, 1),
(39408, 5, 1, 1, 0, 15, 2, 1, 7, 1),
(39407, 5, 1, 1, 0, 15, 1, 5, 7, 1),
(39406, 5, 1, 1, 0, 16, 1, 4, 7, 1),
(39405, 5, 1, 1, 0, 70, 1, 3, 7, 1),
(39404, 5, 1, 1, 0, 44, 1, 2, 7, 1),
(39403, 5, 1, 1, 0, 27, 1, 1, 7, 1),
(40087, 5, 1, 2, 0, 46, 8, 1, 7, 1),
(40086, 5, 1, 2, 0, 46, 7, 4, 7, 1),
(40085, 5, 1, 2, 0, 17, 5, 5, 7, 1),
(40084, 5, 1, 2, 0, 44, 5, 4, 7, 1),
(40083, 5, 1, 2, 0, 47, 5, 3, 7, 1),
(40082, 5, 1, 2, 0, 44, 5, 2, 7, 1),
(40081, 5, 1, 2, 0, 52, 5, 1, 7, 1),
(40080, 5, 1, 2, 0, 47, 4, 5, 7, 1),
(40079, 5, 1, 2, 0, 44, 4, 4, 7, 1),
(40078, 5, 1, 2, 0, 18, 4, 3, 7, 1),
(40077, 5, 1, 2, 0, 52, 4, 2, 7, 1),
(40076, 5, 1, 2, 0, 27, 4, 1, 7, 1),
(40075, 5, 1, 2, 0, 52, 3, 5, 7, 1),
(40074, 5, 1, 2, 0, 27, 3, 4, 7, 1),
(40073, 5, 1, 2, 0, 18, 3, 3, 7, 1),
(40072, 5, 1, 2, 0, 39, 3, 2, 7, 1),
(40071, 5, 1, 2, 0, 17, 3, 1, 7, 1),
(40070, 5, 1, 2, 0, 27, 2, 5, 7, 1),
(40069, 5, 1, 2, 0, 39, 2, 4, 7, 1),
(40068, 5, 1, 2, 0, 70, 2, 3, 7, 1),
(40067, 5, 1, 2, 0, 17, 2, 2, 7, 1),
(40066, 5, 1, 2, 0, 47, 2, 1, 7, 1),
(40065, 5, 1, 2, 0, 44, 1, 5, 7, 1),
(40064, 5, 1, 2, 0, 18, 1, 4, 7, 1),
(40063, 5, 1, 2, 0, 70, 1, 3, 7, 1),
(39050, 5, 1, 3, 0, 15, 1, 1, 7, 1),
(39051, 5, 1, 3, 0, 15, 1, 2, 7, 1),
(39052, 5, 1, 3, 0, 39, 1, 3, 7, 1),
(39053, 5, 1, 3, 0, 44, 1, 4, 7, 1),
(39054, 5, 1, 3, 0, 27, 1, 5, 7, 1),
(39055, 5, 1, 3, 0, 16, 1, 6, 7, 1),
(39056, 5, 1, 3, 0, 44, 2, 1, 7, 1),
(39057, 5, 1, 3, 0, 15, 2, 2, 7, 1),
(39058, 5, 1, 3, 0, 18, 2, 3, 7, 1),
(39059, 5, 1, 3, 0, 16, 2, 4, 7, 1),
(39060, 5, 1, 3, 0, 52, 2, 5, 7, 1),
(39061, 5, 1, 3, 0, 44, 3, 1, 7, 1),
(39062, 5, 1, 3, 0, 44, 3, 2, 7, 1),
(39063, 5, 1, 3, 0, 70, 3, 3, 7, 1),
(39064, 5, 1, 3, 0, 52, 3, 4, 7, 1),
(39065, 5, 1, 3, 0, 39, 3, 5, 7, 1),
(39066, 5, 1, 3, 0, 18, 4, 1, 7, 1),
(39067, 5, 1, 3, 0, 16, 4, 2, 7, 1),
(39068, 5, 1, 3, 0, 70, 4, 3, 7, 1),
(39069, 5, 1, 3, 0, 27, 4, 4, 7, 1),
(39070, 5, 1, 3, 0, 15, 4, 5, 7, 1),
(39071, 5, 1, 3, 0, 18, 5, 1, 7, 1),
(39072, 5, 1, 3, 0, 52, 5, 2, 7, 1),
(39073, 5, 1, 3, 0, 27, 5, 3, 7, 1),
(39074, 5, 1, 3, 0, 39, 5, 4, 7, 1),
(39075, 5, 1, 3, 0, 46, 9, 1, 7, 1),
(39076, 5, 1, 3, 0, 46, 10, 3, 7, 1),
(39170, 6, 3, 1, 0, 18, 4, 5, 7, 1),
(39169, 6, 3, 1, 0, 52, 4, 4, 7, 1),
(39168, 6, 3, 1, 0, 39, 4, 3, 7, 1),
(39167, 6, 3, 1, 0, 39, 4, 2, 7, 1),
(39166, 6, 3, 1, 0, 11, 4, 1, 7, 1),
(39165, 6, 3, 1, 0, 52, 3, 5, 7, 1),
(39164, 6, 3, 1, 0, 39, 3, 4, 7, 1),
(39163, 6, 3, 1, 0, 51, 3, 3, 7, 1),
(39162, 6, 3, 1, 0, 27, 3, 2, 7, 1),
(39161, 6, 3, 1, 0, 40, 3, 1, 7, 1),
(39160, 6, 3, 1, 0, 42, 2, 5, 7, 1),
(39159, 6, 3, 1, 0, 40, 2, 4, 7, 1),
(39158, 6, 3, 1, 0, 27, 2, 3, 7, 1),
(39157, 6, 3, 1, 0, 51, 2, 2, 7, 1),
(39156, 6, 3, 1, 0, 40, 2, 1, 7, 1),
(39155, 6, 3, 1, 0, 42, 1, 5, 7, 1),
(39154, 6, 3, 1, 0, 51, 1, 4, 7, 1),
(39153, 6, 3, 1, 0, 52, 1, 3, 7, 1),
(39152, 6, 3, 1, 0, 42, 1, 2, 7, 1),
(39151, 6, 3, 1, 0, 27, 1, 1, 7, 1),
(40172, 6, 3, 2, 0, 39, 5, 5, 7, 1),
(40171, 6, 3, 2, 0, 40, 5, 4, 7, 1),
(40170, 6, 3, 2, 0, 6, 5, 3, 7, 1),
(40169, 6, 3, 2, 0, 51, 5, 2, 7, 1),
(40168, 6, 3, 2, 0, 51, 5, 1, 7, 1),
(40167, 6, 3, 2, 0, 40, 4, 5, 7, 1),
(40166, 6, 3, 2, 0, 40, 4, 4, 7, 1),
(40165, 6, 3, 2, 0, 27, 4, 3, 7, 1),
(40164, 6, 3, 2, 0, 52, 4, 2, 7, 1),
(40163, 6, 3, 2, 0, 6, 4, 1, 7, 1),
(40162, 6, 3, 2, 0, 42, 3, 5, 7, 1),
(40161, 6, 3, 2, 0, 51, 3, 4, 7, 1),
(40160, 6, 3, 2, 0, 40, 3, 3, 7, 1),
(40159, 6, 3, 2, 0, 42, 3, 2, 7, 1),
(40158, 6, 3, 2, 0, 18, 3, 1, 7, 1),
(40157, 6, 3, 2, 0, 6, 2, 5, 7, 1),
(40156, 6, 3, 2, 0, 39, 2, 4, 7, 1),
(40155, 6, 3, 2, 0, 42, 2, 3, 7, 1),
(40154, 6, 3, 2, 0, 18, 2, 2, 7, 1),
(40153, 6, 3, 2, 0, 52, 2, 1, 7, 1),
(40152, 6, 3, 2, 0, 27, 1, 5, 7, 1),
(40151, 6, 3, 2, 0, 52, 1, 4, 7, 1),
(40150, 6, 3, 2, 0, 42, 1, 3, 7, 1),
(40149, 6, 3, 2, 0, 27, 1, 2, 7, 1),
(40148, 6, 3, 2, 0, 39, 1, 1, 7, 1),
(39173, 6, 3, 1, 0, 11, 5, 3, 7, 1),
(39174, 6, 3, 1, 0, 11, 5, 4, 7, 1),
(39175, 6, 3, 1, 0, 18, 5, 5, 7, 1),
(39176, 6, 3, 1, 0, 46, 7, 2, 7, 1),
(39177, 6, 3, 1, 0, 46, 8, 5, 7, 1),
(39178, 6, 2, 1, 0, 18, 1, 1, 7, 1),
(39179, 6, 2, 1, 0, 27, 1, 2, 7, 1),
(39180, 6, 2, 1, 0, 51, 1, 3, 7, 1),
(39181, 6, 2, 1, 0, 32, 1, 4, 7, 1),
(39182, 6, 2, 1, 0, 52, 1, 5, 7, 1),
(39183, 6, 2, 1, 0, 18, 2, 1, 7, 1),
(39184, 6, 2, 1, 0, 44, 2, 2, 7, 1),
(39185, 6, 2, 1, 0, 11, 2, 3, 7, 1),
(39186, 6, 2, 1, 0, 52, 2, 4, 7, 1),
(39187, 6, 2, 1, 0, 27, 2, 5, 7, 1),
(39188, 6, 2, 1, 0, 32, 3, 1, 7, 1),
(39189, 6, 2, 1, 0, 44, 3, 2, 7, 1),
(39190, 6, 2, 1, 0, 27, 3, 3, 7, 1),
(39191, 6, 2, 1, 0, 11, 3, 4, 7, 1),
(39192, 6, 2, 1, 0, 44, 3, 5, 7, 1),
(39193, 6, 2, 1, 0, 32, 4, 1, 7, 1),
(39194, 6, 2, 1, 0, 51, 4, 2, 7, 1),
(39195, 6, 2, 1, 0, 39, 4, 3, 7, 1),
(39196, 6, 2, 1, 0, 51, 4, 4, 7, 1),
(39197, 6, 2, 1, 0, 32, 4, 5, 7, 1),
(39198, 6, 2, 1, 0, 52, 5, 1, 7, 1),
(39199, 6, 2, 1, 0, 11, 5, 2, 7, 1),
(39200, 6, 2, 1, 0, 44, 5, 3, 7, 1),
(39201, 6, 2, 1, 0, 39, 5, 4, 7, 1),
(39202, 6, 2, 1, 0, 39, 5, 5, 7, 1),
(39203, 6, 2, 1, 0, 46, 9, 2, 7, 1),
(39204, 6, 2, 1, 0, 46, 10, 4, 7, 1),
(39205, 6, 2, 2, 0, 6, 1, 1, 7, 1),
(39206, 6, 2, 2, 0, 44, 1, 2, 7, 1),
(39207, 6, 2, 2, 0, 39, 1, 3, 7, 1),
(39208, 6, 2, 2, 0, 39, 1, 4, 7, 1),
(39209, 6, 2, 2, 0, 32, 1, 5, 7, 1),
(39210, 6, 2, 2, 0, 32, 2, 1, 7, 1),
(39211, 6, 2, 2, 0, 6, 2, 2, 7, 1),
(39212, 6, 2, 2, 0, 27, 2, 3, 7, 1),
(39213, 6, 2, 2, 0, 51, 2, 4, 7, 1),
(39214, 6, 2, 2, 0, 32, 2, 5, 7, 1),
(39215, 6, 2, 2, 0, 44, 3, 1, 7, 1),
(39216, 6, 2, 2, 0, 51, 3, 2, 7, 1),
(39217, 6, 2, 2, 0, 6, 3, 3, 7, 1),
(39218, 6, 2, 2, 0, 52, 3, 4, 7, 1),
(39219, 6, 2, 2, 0, 27, 3, 5, 7, 1),
(39220, 6, 2, 2, 0, 44, 4, 1, 7, 1),
(39221, 6, 2, 2, 0, 18, 4, 2, 7, 1),
(39222, 6, 2, 2, 0, 52, 4, 3, 7, 1),
(39223, 6, 2, 2, 0, 32, 4, 4, 7, 1),
(39224, 6, 2, 2, 0, 52, 4, 5, 7, 1),
(39225, 6, 2, 2, 0, 39, 5, 1, 7, 1),
(39226, 6, 2, 2, 0, 18, 5, 2, 7, 1),
(39227, 6, 2, 2, 0, 51, 5, 3, 7, 1),
(39228, 6, 2, 2, 0, 27, 5, 4, 7, 1),
(39229, 6, 2, 2, 0, 44, 5, 5, 7, 1),
(39230, 6, 2, 2, 0, 46, 9, 4, 7, 1),
(39231, 6, 2, 2, 0, 46, 10, 2, 7, 1),
(40264, 6, 1, 1, 0, 46, 7, 3, 7, 1),
(40263, 6, 1, 1, 0, 15, 5, 5, 7, 1),
(40262, 6, 1, 1, 0, 15, 5, 4, 7, 1),
(40261, 6, 1, 1, 0, 18, 5, 3, 7, 1),
(40260, 6, 1, 1, 0, 27, 5, 2, 7, 1),
(40259, 6, 1, 1, 0, 27, 5, 1, 7, 1),
(40258, 6, 1, 1, 0, 44, 4, 5, 7, 1),
(40257, 6, 1, 1, 0, 27, 4, 4, 7, 1),
(40256, 6, 1, 1, 0, 44, 4, 3, 7, 1),
(40255, 6, 1, 1, 0, 16, 4, 2, 7, 1),
(40254, 6, 1, 1, 0, 39, 4, 1, 7, 1),
(40253, 6, 1, 1, 0, 39, 3, 5, 7, 1),
(40252, 6, 1, 1, 0, 44, 3, 4, 7, 1),
(40251, 6, 1, 1, 0, 16, 3, 3, 7, 1),
(40250, 6, 1, 1, 0, 39, 3, 2, 7, 1),
(40249, 6, 1, 1, 0, 47, 3, 1, 7, 1),
(40248, 6, 1, 1, 0, 47, 2, 5, 7, 1),
(40247, 6, 1, 1, 0, 44, 2, 4, 7, 1),
(40246, 6, 1, 1, 0, 47, 2, 3, 7, 1),
(40245, 6, 1, 1, 0, 15, 2, 2, 7, 1),
(40244, 6, 1, 1, 0, 52, 2, 1, 7, 1),
(40243, 6, 1, 1, 0, 47, 1, 5, 7, 1),
(40242, 6, 1, 1, 0, 52, 1, 4, 7, 1),
(40241, 6, 1, 1, 0, 52, 1, 3, 7, 1),
(40240, 6, 1, 1, 0, 15, 1, 2, 7, 1),
(40239, 6, 1, 1, 0, 16, 1, 1, 7, 1),
(39262, 6, 1, 2, 0, 44, 1, 3, 7, 1),
(39263, 6, 1, 2, 0, 44, 1, 4, 7, 1),
(39264, 6, 1, 2, 0, 39, 2, 1, 7, 1),
(39265, 6, 1, 2, 0, 15, 2, 2, 7, 1),
(39266, 6, 1, 2, 0, 47, 2, 2, 7, 2),
(39267, 6, 1, 2, 0, 44, 2, 3, 7, 1),
(39268, 6, 1, 2, 0, 18, 2, 4, 7, 1),
(39269, 6, 1, 2, 0, 52, 2, 5, 7, 1),
(39270, 6, 1, 2, 0, 52, 3, 1, 7, 1),
(39271, 6, 1, 2, 0, 18, 3, 2, 7, 1),
(39272, 6, 1, 2, 0, 17, 3, 3, 7, 1),
(39273, 6, 1, 2, 0, 16, 3, 3, 7, 2),
(39274, 6, 1, 2, 0, 18, 3, 4, 7, 1),
(39275, 6, 1, 2, 0, 27, 3, 5, 7, 1),
(39276, 6, 1, 2, 0, 27, 4, 1, 7, 1),
(39277, 6, 1, 2, 0, 17, 4, 2, 7, 1),
(39278, 6, 1, 2, 0, 16, 4, 2, 7, 2),
(39279, 6, 1, 2, 0, 27, 4, 3, 7, 1),
(39280, 6, 1, 2, 0, 52, 4, 4, 7, 1),
(39281, 6, 1, 2, 0, 39, 4, 5, 7, 1),
(39282, 6, 1, 2, 0, 44, 5, 1, 7, 1),
(39283, 6, 1, 2, 0, 17, 5, 2, 7, 1),
(39284, 6, 1, 2, 0, 39, 5, 3, 7, 1),
(39285, 6, 1, 2, 0, 15, 5, 4, 7, 1),
(39286, 6, 1, 2, 0, 47, 5, 4, 7, 2),
(39287, 6, 1, 2, 0, 15, 5, 5, 7, 1),
(39288, 6, 1, 2, 0, 47, 5, 5, 7, 2),
(39289, 6, 1, 2, 0, 46, 8, 3, 7, 1),
(39290, 6, 1, 2, 0, 46, 9, 5, 7, 1),
(39981, 3, 0, 6, 0, 8, 8, 3, 7, 1),
(39980, 3, 0, 6, 0, 43, 8, 2, 7, 1),
(39979, 3, 0, 6, 0, 8, 8, 1, 7, 1),
(39978, 3, 0, 6, 0, 21, 7, 6, 7, 1),
(39977, 3, 0, 6, 0, 37, 7, 5, 7, 1),
(39976, 3, 0, 6, 0, 37, 7, 4, 7, 1),
(39975, 3, 0, 6, 0, 43, 7, 3, 7, 1),
(39974, 3, 0, 6, 0, 21, 7, 2, 7, 1),
(39973, 3, 0, 6, 0, 34, 7, 1, 7, 1),
(39972, 3, 0, 6, 0, 49, 6, 6, 7, 1),
(39971, 3, 0, 6, 0, 4, 6, 5, 7, 1),
(39970, 3, 0, 6, 0, 23, 6, 4, 7, 1),
(39969, 3, 0, 6, 0, 41, 6, 3, 7, 1),
(39968, 3, 0, 6, 0, 23, 6, 2, 7, 1),
(39967, 3, 0, 6, 0, 43, 6, 1, 7, 1),
(39966, 3, 0, 6, 0, 46, 4, 4, 7, 1),
(39965, 3, 0, 6, 0, 46, 2, 2, 7, 1),
(39344, 3, 0, 9, 0, 46, 2, 3, 7, 1),
(39345, 3, 0, 9, 0, 46, 3, 5, 7, 1),
(39346, 3, 0, 9, 0, 21, 6, 1, 7, 1),
(39347, 3, 0, 9, 0, 21, 6, 2, 7, 1),
(39348, 3, 0, 9, 0, 34, 6, 3, 7, 1),
(39349, 3, 0, 9, 0, 34, 6, 4, 7, 1),
(39350, 3, 0, 9, 0, 41, 6, 5, 7, 1),
(39351, 3, 0, 9, 0, 37, 6, 6, 7, 1),
(39352, 3, 0, 9, 0, 8, 7, 1, 7, 1),
(39353, 3, 0, 9, 0, 8, 7, 2, 7, 1),
(39354, 3, 0, 9, 0, 41, 7, 3, 7, 1),
(39355, 3, 0, 9, 0, 49, 7, 4, 7, 1),
(39356, 3, 0, 9, 0, 38, 7, 5, 7, 1),
(39357, 3, 0, 9, 0, 8, 7, 6, 7, 1),
(39358, 3, 0, 9, 0, 37, 8, 1, 7, 1),
(39359, 3, 0, 9, 0, 37, 8, 2, 7, 1),
(39360, 3, 0, 9, 0, 4, 8, 3, 7, 1),
(39361, 3, 0, 9, 0, 38, 8, 4, 7, 1),
(39362, 3, 0, 9, 0, 43, 8, 5, 7, 1),
(39363, 3, 0, 9, 0, 49, 8, 6, 7, 1),
(39364, 3, 0, 9, 0, 41, 9, 1, 7, 1),
(39365, 3, 0, 9, 0, 23, 9, 2, 7, 1),
(39366, 3, 0, 9, 0, 43, 9, 3, 7, 1),
(39367, 3, 0, 9, 0, 4, 9, 4, 7, 1),
(39368, 3, 0, 9, 0, 21, 9, 5, 7, 1),
(39369, 3, 0, 9, 0, 43, 9, 6, 7, 1),
(39370, 3, 0, 9, 0, 23, 10, 1, 7, 1),
(39371, 3, 0, 9, 0, 43, 10, 2, 7, 1),
(39372, 3, 0, 9, 0, 38, 10, 3, 7, 1),
(39373, 3, 0, 9, 0, 23, 10, 4, 7, 1),
(39374, 3, 0, 9, 0, 34, 10, 5, 7, 1),
(39375, 3, 0, 9, 0, 34, 10, 6, 7, 1),
(40062, 5, 1, 2, 0, 17, 1, 2, 7, 1),
(40061, 5, 1, 2, 0, 47, 1, 1, 7, 1),
(39429, 5, 1, 1, 0, 46, 7, 1, 7, 1),
(39430, 5, 1, 1, 0, 46, 8, 4, 7, 1),
(39457, 5, 2, 1, 0, 46, 10, 1, 7, 1),
(39486, 2, 0, 1, 0, 3, 10, 4, 7, 1),
(39487, 2, 0, 1, 0, 1, 10, 5, 7, 1),
(39516, 2, 0, 2, 0, 67, 10, 4, 7, 1),
(39517, 2, 0, 2, 0, 66, 10, 5, 7, 1),
(40359, 4, 0, 4, 0, 46, 4, 2, 7, 1),
(40358, 4, 0, 4, 0, 46, 3, 4, 7, 1),
(39577, 2, 0, 6, 0, 68, 10, 5, 7, 1),
(39607, 2, 0, 7, 0, 3, 10, 5, 7, 1),
(39637, 2, 0, 17, 0, 70, 10, 5, 7, 1),
(39664, 5, 3, 1, 0, 46, 10, 3, 7, 1),
(39781, 5, 3, 2, 0, 42, 1, 1, 7, 1),
(39807, 5, 3, 2, 0, 46, 9, 3, 7, 1),
(39836, 1, 0, 4, 0, 26, 7, 2, 7, 1),
(39837, 1, 0, 4, 0, 71, 8, 5, 7, 1),
(39838, 1, 0, 4, 0, 26, 9, 5, 7, 1),
(39868, 3, 0, 1, 0, 8, 10, 4, 7, 1),
(39869, 3, 0, 1, 0, 43, 10, 5, 7, 1),
(39870, 3, 0, 1, 0, 23, 10, 6, 7, 1),
(39930, 3, 0, 3, 0, 34, 10, 4, 7, 1),
(39931, 3, 0, 3, 0, 38, 10, 5, 7, 1),
(39932, 3, 0, 3, 0, 41, 10, 6, 7, 1),
(39962, 3, 0, 4, 0, 34, 10, 4, 7, 1),
(39963, 3, 0, 4, 0, 43, 10, 5, 7, 1),
(39964, 3, 0, 4, 0, 21, 10, 6, 7, 1),
(39994, 3, 0, 6, 0, 49, 10, 4, 7, 1),
(39995, 3, 0, 6, 0, 34, 10, 5, 7, 1),
(39996, 3, 0, 6, 0, 38, 10, 6, 7, 1),
(40026, 3, 0, 8, 0, 38, 10, 4, 7, 1),
(40027, 3, 0, 8, 0, 34, 10, 5, 7, 1),
(40028, 3, 0, 8, 0, 8, 10, 6, 7, 1),
(40058, 3, 0, 7, 0, 23, 10, 4, 7, 1),
(40059, 3, 0, 7, 0, 37, 10, 5, 7, 1),
(40060, 3, 0, 7, 0, 23, 10, 6, 7, 1),
(40173, 6, 3, 2, 0, 46, 7, 5, 7, 1),
(40174, 6, 3, 2, 0, 46, 8, 2, 7, 1),
(40297, 4, 0, 2, 0, 46, 2, 5, 7, 1),
(40296, 4, 0, 2, 0, 46, 2, 2, 7, 1),
(40265, 6, 1, 1, 0, 46, 10, 5, 7, 1),
(40569, 2, 0, 1, 1, 1, 7, 1, 8, 1),
(40570, 2, 0, 1, 1, 68, 7, 3, 8, 1),
(40571, 2, 0, 1, 1, 68, 8, 2, 8, 1),
(40572, 2, 0, 1, 1, 1, 8, 3, 8, 1),
(40573, 2, 0, 1, 1, 1, 8, 5, 8, 1),
(40574, 2, 0, 1, 1, 1, 9, 4, 8, 1),
(40575, 2, 0, 1, 1, 68, 9, 5, 8, 1);

-- --------------------------------------------------------

--
-- Estrutura da tabela `inscr_prof`
--

CREATE TABLE IF NOT EXISTS `inscr_prof` (
  `id` int(11) NOT NULL AUTO_INCREMENT,
  `prof_id` int(11) NOT NULL,
  `nivel_id` int(11) NOT NULL,
  `area_id` int(11) NOT NULL,
  `periodo_id` int(11) NOT NULL,
  `ano_lec_id` int(11) NOT NULL,
  `referencia_id` int(11) NOT NULL,
  `escalao_id` int(11) NOT NULL,
  `quadro_id` int(11) NOT NULL,
  PRIMARY KEY (`id`)
) ENGINE=MyISAM AUTO_INCREMENT=970 DEFAULT CHARSET=latin1;

--
-- Extraindo dados da tabela `inscr_prof`
--

INSERT INTO `inscr_prof` (`id`, `prof_id`, `nivel_id`, `area_id`, `periodo_id`, `ano_lec_id`, `referencia_id`, `escalao_id`, `quadro_id`) VALUES
(3, 3, 0, 0, 0, 4, 0, 0, 0),
(21, 22, 5, 1, 2, 4, 0, 0, 0),
(23, 24, 0, 0, 0, 4, 0, 0, 0),
(25, 26, 5, 2, 1, 4, 0, 0, 0),
(30, 31, 3, 0, 2, 4, 0, 0, 0),
(41, 42, 1, 0, 17, 4, 0, 0, 0),
(521, 7, 0, 0, 0, 4, 0, 0, 0),
(54, 55, 0, 0, 0, 4, 0, 0, 0),
(59, 60, 1, 0, 8, 4, 0, 0, 0),
(70, 71, 0, 0, 0, 4, 0, 0, 0),
(72, 73, 4, 0, 6, 4, 0, 0, 0),
(78, 79, 5, 3, 2, 4, 0, 0, 0),
(87, 88, 0, 0, 0, 4, 0, 0, 0),
(100, 14, 3, 0, 4, 4, 0, 0, 0),
(104, 18, 6, 1, 1, 4, 0, 0, 0),
(105, 19, 4, 0, 17, 4, 0, 0, 0),
(120, 34, 2, 0, 5, 4, 0, 0, 0),
(121, 35, 6, 3, 2, 4, 0, 0, 0),
(129, 43, 0, 0, 0, 4, 0, 0, 0),
(137, 51, 6, 3, 3, 4, 0, 0, 0),
(522, 89, 0, 0, 0, 4, 0, 0, 0),
(142, 56, 0, 0, 0, 4, 0, 0, 0),
(518, 1, 0, 0, 0, 4, 8, 1, 1),
(151, 65, 5, 3, 1, 4, 0, 0, 0),
(161, 75, 6, 1, 2, 4, 0, 0, 0),
(170, 84, 1, 0, 7, 4, 0, 0, 0),
(175, 2, 0, 0, 0, 4, 0, 0, 0),
(178, 6, 1, 0, 2, 4, 0, 0, 0),
(184, 12, 6, 2, 2, 4, 0, 0, 0),
(187, 15, 0, 0, 0, 4, 0, 0, 0),
(197, 25, 4, 0, 7, 4, 0, 0, 0),
(199, 27, 0, 0, 0, 4, 0, 0, 0),
(200, 28, 1, 0, 1, 4, 0, 0, 0),
(201, 29, 3, 0, 3, 4, 0, 0, 0),
(202, 30, 0, 0, 0, 4, 0, 0, 0),
(210, 38, 2, 0, 1, 4, 0, 0, 0),
(212, 40, 1, 0, 3, 4, 0, 0, 0),
(225, 53, 1, 0, 10, 4, 0, 0, 0),
(234, 62, 1, 0, 6, 4, 0, 0, 0),
(248, 76, 0, 0, 0, 4, 0, 0, 0),
(252, 80, 0, 0, 0, 4, 0, 0, 0),
(266, 8, 6, 2, 1, 4, 0, 0, 0),
(267, 9, 3, 0, 1, 4, 0, 0, 0),
(268, 10, 0, 0, 0, 4, 0, 0, 0),
(271, 13, 4, 0, 1, 4, 0, 0, 0),
(275, 17, 4, 0, 4, 4, 0, 0, 0),
(305, 47, 2, 0, 4, 4, 0, 0, 0),
(520, 5, 0, 0, 0, 4, 0, 0, 0),
(312, 54, 3, 0, 17, 4, 0, 0, 0),
(321, 63, 0, 0, 0, 4, 0, 0, 0),
(322, 64, 4, 0, 3, 4, 0, 0, 0),
(328, 70, 0, 0, 0, 4, 0, 0, 0),
(330, 72, 1, 0, 11, 4, 0, 0, 0),
(335, 77, 0, 0, 0, 4, 8, 1, 0),
(344, 86, 0, 0, 0, 4, 0, 0, 0),
(345, 87, 2, 0, 6, 4, 0, 0, 0),
(377, 33, 2, 0, 2, 4, 0, 0, 0),
(381, 37, 0, 0, 0, 4, 0, 0, 0),
(385, 41, 5, 2, 2, 4, 0, 0, 0),
(389, 45, 0, 0, 0, 4, 0, 0, 0),
(392, 48, 3, 0, 7, 4, 0, 0, 0),
(394, 50, 1, 0, 4, 4, 0, 0, 0),
(402, 58, 3, 0, 5, 4, 0, 0, 0),
(403, 59, 0, 0, 0, 4, 0, 0, 0),
(411, 67, 0, 0, 0, 4, 1, 1, 0),
(412, 68, 0, 0, 0, 4, 0, 0, 0),
(413, 69, 0, 0, 0, 4, 0, 0, 0),
(418, 74, 3, 0, 6, 4, 0, 0, 0),
(426, 82, 1, 0, 5, 4, 0, 0, 0),
(429, 85, 5, 1, 3, 4, 0, 0, 0),
(441, 11, 6, 1, 3, 4, 0, 0, 0),
(446, 16, 6, 3, 1, 4, 0, 0, 0),
(450, 20, 2, 0, 17, 4, 0, 0, 0),
(451, 21, 0, 0, 0, 4, 0, 0, 0),
(453, 23, 0, 0, 0, 4, 0, 0, 0),
(458, 28, 1, 0, 1, 4, 0, 0, 0),
(462, 32, 4, 0, 5, 4, 0, 0, 0),
(466, 36, 0, 0, 0, 4, 0, 0, 0),
(469, 39, 2, 0, 8, 4, 0, 0, 0),
(474, 44, 0, 0, 0, 4, 0, 0, 0),
(476, 46, 0, 0, 0, 4, 0, 0, 0),
(479, 49, 0, 0, 0, 4, 0, 0, 0),
(482, 52, 5, 1, 1, 4, 0, 0, 0),
(519, 4, 0, 0, 0, 4, 0, 0, 0),
(487, 57, 2, 0, 7, 4, 0, 0, 0),
(488, 58, 3, 0, 5, 4, 0, 0, 0),
(491, 61, 1, 0, 9, 4, 0, 0, 0),
(496, 66, 0, 0, 0, 4, 0, 0, 0),
(508, 78, 2, 0, 3, 4, 0, 0, 0),
(511, 81, 0, 0, 0, 4, 0, 0, 0),
(513, 83, 4, 0, 2, 4, 0, 0, 0),
(523, 90, 0, 0, 0, 4, 0, 0, 0),
(524, 3, 0, 0, 0, 5, 0, 0, 0),
(525, 22, 5, 2, 2, 5, 0, 0, 0),
(526, 24, 0, 0, 0, 5, 0, 0, 0),
(527, 26, 5, 2, 1, 5, 0, 0, 0),
(528, 101, 1, 0, 1, 5, 0, 0, 0),
(529, 42, 2, 0, 17, 5, 0, 0, 0),
(530, 7, 0, 0, 0, 5, 0, 0, 0),
(531, 55, 0, 0, 0, 5, 0, 0, 0),
(532, 60, 0, 0, 0, 5, 0, 0, 0),
(533, 71, 0, 0, 0, 5, 0, 0, 0),
(534, 73, 0, 0, 0, 5, 0, 0, 0),
(535, 79, 5, 3, 1, 5, 0, 0, 0),
(536, 88, 0, 0, 0, 5, 0, 0, 0),
(537, 14, 3, 0, 7, 5, 1, 1, 0),
(538, 18, 2, 0, 9, 5, 0, 0, 0),
(539, 19, 0, 0, 0, 5, 0, 0, 0),
(540, 34, 2, 0, 1, 5, 0, 0, 0),
(541, 35, 0, 0, 0, 5, 0, 0, 0),
(542, 43, 3, 0, 5, 5, 0, 0, 0),
(543, 51, 4, 0, 6, 5, 8, 1, 1),
(544, 89, 0, 0, 0, 5, 0, 0, 0),
(545, 56, 0, 0, 0, 5, 1, 1, 0),
(546, 1, 0, 0, 0, 5, 9, 1, 0),
(547, 65, 5, 3, 2, 5, 0, 0, 0),
(548, 75, 6, 1, 2, 5, 0, 0, 0),
(549, 84, 1, 0, 5, 5, 1, 1, 0),
(550, 2, 5, 1, 2, 5, 0, 0, 0),
(551, 6, 6, 3, 2, 5, 0, 0, 0),
(552, 12, 0, 0, 0, 5, 0, 0, 0),
(553, 15, 0, 0, 0, 5, 0, 0, 0),
(554, 25, 6, 1, 1, 5, 0, 0, 0),
(555, 27, 0, 0, 0, 5, 0, 0, 0),
(750, 115, 1, 0, 3, 6, 0, 0, 0),
(557, 29, 0, 0, 0, 5, 0, 0, 0),
(558, 30, 0, 0, 0, 5, 1, 1, 0),
(559, 38, 1, 0, 2, 5, 0, 0, 0),
(560, 40, 2, 0, 5, 5, 0, 0, 0),
(561, 53, 1, 0, 4, 5, 0, 0, 0),
(562, 62, 6, 2, 1, 5, 0, 0, 0),
(563, 76, 0, 0, 0, 5, 0, 0, 0),
(564, 80, 3, 0, 3, 5, 0, 0, 0),
(565, 8, 4, 0, 3, 5, 0, 0, 0),
(566, 9, 2, 0, 6, 5, 8, 1, 0),
(567, 10, 0, 0, 0, 5, 1, 1, 0),
(568, 13, 4, 0, 5, 5, 0, 0, 0),
(569, 17, 4, 0, 1, 5, 0, 0, 0),
(570, 47, 2, 0, 7, 5, 0, 0, 0),
(571, 5, 0, 0, 0, 5, 0, 0, 0),
(572, 54, 0, 0, 0, 5, 0, 0, 0),
(573, 63, 0, 0, 0, 5, 1, 1, 0),
(574, 64, 3, 0, 1, 5, 0, 0, 0),
(575, 70, 0, 0, 0, 5, 0, 0, 0),
(576, 72, 3, 0, 6, 5, 0, 0, 0),
(577, 77, 0, 0, 0, 5, 0, 0, 0),
(578, 86, 0, 0, 0, 5, 1, 1, 0),
(579, 87, 1, 0, 17, 5, 0, 0, 0),
(580, 33, 2, 0, 2, 5, 0, 0, 0),
(581, 37, 1, 0, 10, 5, 0, 0, 0),
(582, 41, 6, 2, 2, 5, 0, 0, 0),
(583, 45, 0, 0, 0, 5, 0, 0, 0),
(584, 48, 0, 0, 0, 5, 0, 0, 0),
(585, 50, 1, 0, 7, 5, 0, 0, 0),
(586, 58, 0, 0, 0, 5, 0, 0, 0),
(587, 59, 4, 0, 4, 5, 1, 1, 0),
(588, 67, 0, 0, 0, 5, 0, 0, 0),
(589, 68, 2, 0, 8, 5, 0, 0, 0),
(590, 69, 0, 0, 0, 5, 0, 0, 0),
(591, 74, 0, 0, 0, 5, 0, 0, 0),
(592, 82, 0, 0, 0, 5, 0, 0, 0),
(593, 85, 0, 0, 0, 5, 0, 0, 0),
(594, 11, 5, 1, 1, 5, 0, 0, 0),
(595, 16, 4, 0, 2, 5, 0, 0, 0),
(596, 20, 2, 0, 3, 5, 0, 0, 0),
(597, 21, 0, 0, 0, 5, 0, 0, 0),
(598, 23, 3, 0, 4, 5, 0, 0, 0),
(599, 28, 0, 0, 0, 5, 0, 0, 0),
(600, 32, 3, 0, 2, 5, 0, 0, 0),
(601, 36, 0, 0, 0, 5, 1, 1, 0),
(602, 39, 1, 0, 3, 5, 1, 1, 0),
(603, 44, 0, 0, 0, 5, 0, 0, 0),
(604, 46, 0, 0, 0, 5, 0, 0, 0),
(605, 49, 0, 0, 0, 5, 0, 0, 0),
(606, 52, 0, 0, 0, 5, 1, 1, 0),
(607, 4, 0, 0, 0, 5, 0, 0, 0),
(608, 57, 1, 0, 8, 5, 0, 0, 0),
(749, 114, 0, 0, 0, 6, 1, 1, 0),
(610, 61, 6, 1, 3, 5, 0, 0, 0),
(611, 66, 6, 3, 1, 5, 0, 0, 0),
(612, 78, 4, 0, 7, 5, 0, 0, 0),
(613, 81, 2, 0, 10, 5, 0, 0, 0),
(614, 83, 3, 0, 17, 5, 0, 0, 0),
(615, 90, 0, 0, 0, 5, 0, 0, 0),
(616, 91, 0, 0, 0, 4, 0, 0, 0),
(617, 92, 0, 0, 0, 4, 0, 0, 0),
(618, 93, 0, 0, 0, 4, 0, 0, 0),
(619, 94, 5, 1, 3, 5, 0, 0, 0),
(620, 95, 2, 0, 4, 5, 0, 0, 0),
(621, 96, 0, 0, 0, 5, 0, 0, 0),
(622, 97, 1, 0, 6, 5, 0, 0, 0),
(623, 98, 0, 0, 0, 5, 0, 0, 0),
(624, 99, 0, 0, 0, 4, 0, 0, 0),
(625, 100, 1, 0, 9, 5, 0, 0, 0),
(747, 110, 0, 0, 0, 6, 1, 1, 0),
(627, 102, 0, 0, 0, 5, 0, 0, 0),
(628, 103, 0, 0, 0, 5, 1, 1, 0),
(629, 104, 0, 0, 0, 5, 0, 0, 0),
(630, 105, 0, 0, 0, 5, 0, 0, 0),
(631, 106, 0, 0, 0, 5, 0, 0, 0),
(632, 107, 0, 0, 0, 5, 1, 1, 0),
(633, 108, 0, 0, 0, 5, 0, 0, 0),
(634, 109, 0, 0, 0, 5, 9, 1, 0),
(635, 110, 0, 0, 0, 5, 1, 1, 0),
(636, 3, 0, 0, 0, 6, 0, 0, 0),
(637, 22, 0, 0, 0, 6, 0, 0, 0),
(638, 24, 1, 0, 2, 6, 0, 0, 0),
(639, 26, 5, 2, 2, 6, 0, 0, 0),
(640, 31, 0, 0, 0, 6, 0, 0, 0),
(641, 42, 0, 0, 0, 6, 0, 0, 0),
(642, 7, 0, 0, 0, 6, 0, 0, 0),
(643, 55, 0, 0, 0, 6, 0, 0, 0),
(644, 60, 0, 0, 0, 6, 0, 0, 0),
(645, 71, 0, 0, 0, 6, 0, 0, 0),
(646, 73, 0, 0, 0, 6, 0, 0, 0),
(647, 79, 0, 0, 0, 6, 0, 0, 0),
(648, 88, 0, 0, 0, 6, 0, 0, 0),
(649, 14, 0, 0, 0, 6, 1, 1, 0),
(650, 44, 6, 3, 2, 6, 0, 0, 0),
(651, 19, 0, 0, 0, 6, 0, 0, 0),
(652, 34, 0, 0, 0, 6, 0, 0, 0),
(653, 35, 3, 0, 4, 6, 1, 1, 0),
(654, 43, 0, 0, 0, 6, 0, 0, 0),
(655, 51, 0, 0, 0, 6, 8, 1, 1),
(656, 89, 0, 0, 0, 6, 0, 0, 0),
(657, 56, 3, 0, 6, 6, 1, 1, 0),
(658, 1, 0, 0, 0, 6, 9, 1, 0),
(659, 65, 0, 0, 0, 6, 0, 0, 0),
(660, 75, 0, 0, 0, 6, 0, 0, 0),
(661, 84, 2, 0, 17, 6, 1, 1, 0),
(662, 2, 2, 0, 5, 6, 0, 0, 0),
(663, 6, 4, 0, 2, 6, 0, 0, 0),
(664, 12, 0, 0, 0, 6, 0, 0, 0),
(665, 15, 0, 0, 0, 6, 0, 0, 0),
(666, 25, 4, 0, 6, 6, 0, 0, 0),
(667, 23, 5, 3, 1, 6, 0, 0, 0),
(746, 54, 0, 0, 0, 6, 0, 0, 0),
(669, 29, 3, 0, 7, 6, 0, 0, 0),
(670, 30, 0, 0, 0, 6, 1, 1, 0),
(671, 38, 2, 0, 2, 6, 0, 0, 0),
(672, 40, 1, 0, 7, 6, 0, 0, 0),
(673, 87, 6, 3, 1, 6, 0, 0, 0),
(674, 62, 6, 2, 1, 6, 0, 0, 0),
(675, 76, 0, 0, 0, 6, 0, 0, 0),
(676, 111, 6, 2, 2, 6, 1, 1, 0),
(677, 66, 5, 3, 2, 6, 0, 0, 0),
(678, 9, 3, 0, 5, 6, 8, 1, 0),
(679, 10, 0, 0, 0, 6, 1, 1, 0),
(680, 13, 2, 0, 3, 6, 0, 0, 0),
(681, 17, 4, 0, 3, 6, 1, 1, 0),
(682, 47, 1, 0, 17, 6, 1, 1, 0),
(683, 5, 0, 0, 0, 6, 0, 0, 0),
(684, 112, 0, 0, 0, 6, 0, 0, 0),
(685, 63, 0, 0, 0, 6, 1, 1, 0),
(686, 64, 1, 0, 6, 6, 0, 0, 0),
(687, 70, 0, 0, 0, 6, 0, 0, 0),
(688, 72, 0, 0, 0, 6, 0, 0, 0),
(689, 77, 0, 0, 0, 6, 0, 0, 0),
(690, 86, 0, 0, 0, 6, 1, 1, 0),
(691, 53, 6, 1, 1, 6, 8, 1, 1),
(692, 33, 0, 0, 0, 6, 0, 0, 0),
(693, 37, 3, 0, 17, 6, 0, 0, 0),
(694, 41, 3, 0, 2, 6, 0, 0, 0),
(695, 45, 0, 0, 0, 6, 0, 0, 0),
(696, 48, 2, 0, 4, 6, 0, 0, 0),
(697, 50, 0, 0, 0, 6, 0, 0, 0),
(748, 113, 0, 0, 0, 6, 1, 1, 0),
(699, 59, 0, 0, 0, 6, 1, 1, 0),
(700, 67, 0, 0, 0, 6, 0, 0, 0),
(701, 68, 0, 0, 0, 6, 0, 0, 0),
(702, 69, 0, 0, 0, 6, 0, 0, 0),
(703, 74, 0, 0, 0, 6, 0, 0, 0),
(704, 82, 0, 0, 0, 6, 0, 0, 0),
(705, 85, 3, 0, 3, 6, 0, 0, 0),
(706, 11, 5, 2, 1, 6, 1, 1, 0),
(707, 16, 4, 0, 1, 6, 0, 0, 0),
(708, 20, 2, 0, 6, 6, 0, 0, 0),
(709, 21, 3, 0, 1, 6, 0, 0, 0),
(710, 27, 5, 1, 1, 6, 0, 0, 0),
(711, 28, 1, 0, 1, 6, 1, 1, 0),
(712, 32, 3, 0, 8, 6, 0, 0, 0),
(713, 36, 0, 0, 0, 6, 1, 1, 0),
(714, 39, 0, 0, 0, 6, 1, 1, 0),
(715, 18, 6, 1, 2, 6, 0, 0, 0),
(716, 46, 0, 0, 0, 6, 0, 0, 0),
(717, 49, 1, 0, 5, 6, 0, 0, 0),
(718, 52, 0, 0, 0, 6, 1, 1, 0),
(719, 4, 0, 0, 0, 6, 0, 0, 0),
(720, 57, 0, 0, 0, 6, 0, 0, 0),
(721, 58, 3, 0, 9, 6, 0, 0, 0),
(722, 61, 0, 0, 0, 6, 0, 0, 0),
(723, 8, 5, 1, 2, 6, 0, 0, 0),
(724, 78, 0, 0, 0, 6, 0, 0, 0),
(725, 81, 4, 0, 5, 6, 1, 1, 0),
(726, 83, 1, 0, 8, 6, 0, 0, 0),
(727, 90, 2, 0, 7, 6, 0, 0, 0),
(728, 94, 0, 0, 0, 6, 0, 0, 0),
(729, 95, 1, 0, 9, 6, 0, 0, 0),
(730, 96, 0, 0, 0, 6, 0, 0, 0),
(731, 97, 1, 0, 4, 6, 0, 0, 0),
(732, 98, 2, 0, 1, 6, 0, 0, 0),
(733, 100, 2, 0, 8, 6, 0, 0, 0),
(734, 101, 0, 0, 0, 6, 1, 1, 0),
(735, 102, 0, 0, 0, 6, 0, 0, 0),
(736, 103, 0, 0, 0, 6, 1, 1, 0),
(737, 104, 0, 0, 0, 6, 0, 0, 0),
(738, 105, 0, 0, 0, 6, 0, 0, 0),
(739, 106, 0, 0, 0, 6, 0, 0, 0),
(740, 107, 0, 0, 0, 6, 1, 1, 0),
(741, 108, 0, 0, 0, 6, 0, 0, 0),
(742, 109, 0, 0, 0, 6, 9, 1, 0),
(743, 110, 0, 0, 0, 6, 1, 1, 0),
(744, 111, 0, 0, 0, 6, 1, 1, 0),
(745, 112, 0, 0, 0, 6, 0, 0, 0),
(751, 116, 4, 0, 4, 6, 1, 1, 0),
(752, 117, 0, 0, 0, 6, 0, 0, 0),
(753, 118, 0, 0, 0, 6, 1, 1, 0),
(754, 119, 0, 0, 0, 6, 0, 0, 0),
(755, 115, 0, 0, 0, 7, 0, 0, 0),
(756, 114, 0, 0, 0, 7, 1, 1, 0),
(757, 110, 4, 0, 4, 7, 1, 1, 0),
(758, 3, 0, 0, 0, 7, 1, 1, 0),
(759, 22, 6, 3, 1, 7, 0, 0, 0),
(760, 24, 2, 0, 4, 7, 1, 1, 0),
(761, 26, 0, 0, 0, 7, 1, 1, 0),
(762, 31, 0, 0, 0, 7, 0, 0, 0),
(763, 42, 0, 0, 0, 7, 0, 0, 0),
(764, 7, 5, 1, 2, 7, 0, 0, 0),
(765, 55, 1, 0, 3, 7, 1, 1, 0),
(766, 60, 0, 0, 0, 7, 0, 0, 0),
(767, 71, 0, 0, 0, 7, 0, 0, 0),
(768, 73, 0, 0, 0, 7, 0, 0, 0),
(769, 79, 0, 0, 0, 7, 0, 0, 0),
(770, 88, 0, 0, 0, 7, 0, 0, 0),
(771, 14, 0, 0, 0, 7, 1, 1, 0),
(772, 44, 0, 0, 0, 7, 1, 1, 0),
(773, 19, 0, 0, 0, 7, 0, 0, 0),
(774, 34, 0, 0, 0, 7, 1, 1, 0),
(775, 35, 0, 0, 0, 7, 1, 1, 0),
(776, 43, 0, 0, 0, 7, 1, 1, 0),
(777, 51, 0, 0, 0, 7, 8, 1, 1),
(778, 89, 0, 0, 0, 7, 0, 0, 0),
(779, 56, 0, 0, 0, 7, 1, 1, 0),
(780, 1, 0, 0, 0, 7, 9, 1, 0),
(781, 65, 5, 1, 3, 7, 1, 1, 0),
(782, 75, 3, 0, 4, 7, 1, 1, 0),
(783, 84, 1, 0, 8, 7, 1, 1, 0),
(784, 2, 0, 0, 0, 7, 1, 1, 0),
(785, 6, 5, 3, 1, 7, 0, 0, 0),
(786, 12, 0, 0, 0, 7, 1, 1, 0),
(787, 15, 6, 3, 2, 7, 1, 1, 0),
(788, 25, 0, 0, 0, 7, 1, 1, 0),
(789, 23, 0, 0, 0, 7, 1, 1, 0),
(790, 54, 0, 0, 0, 7, 1, 1, 0),
(791, 29, 5, 1, 1, 7, 1, 1, 0),
(792, 30, 0, 0, 0, 7, 1, 1, 0),
(793, 38, 3, 0, 2, 7, 1, 1, 0),
(794, 40, 2, 0, 3, 7, 0, 0, 0),
(795, 87, 1, 0, 9, 7, 0, 0, 0),
(796, 62, 5, 2, 1, 7, 0, 0, 0),
(797, 76, 0, 0, 0, 7, 1, 1, 0),
(798, 111, 3, 0, 1, 7, 1, 1, 0),
(799, 66, 0, 0, 0, 7, 0, 0, 0),
(800, 9, 4, 0, 2, 7, 8, 1, 0),
(801, 10, 0, 0, 0, 7, 1, 1, 0),
(802, 13, 0, 0, 0, 7, 0, 0, 0),
(803, 17, 0, 0, 0, 7, 1, 1, 0),
(804, 47, 2, 0, 7, 7, 1, 1, 0),
(805, 5, 6, 2, 2, 7, 1, 1, 0),
(806, 112, 0, 0, 0, 7, 0, 0, 0),
(807, 63, 0, 0, 0, 7, 1, 1, 0),
(808, 64, 2, 0, 17, 7, 0, 0, 0),
(809, 70, 0, 0, 0, 7, 0, 0, 0),
(810, 72, 0, 0, 0, 7, 1, 1, 0),
(811, 77, 0, 0, 0, 7, 0, 0, 0),
(812, 86, 0, 0, 0, 7, 1, 1, 0),
(813, 53, 6, 1, 1, 7, 8, 1, 1),
(814, 33, 3, 0, 7, 7, 1, 1, 0),
(815, 37, 1, 0, 1, 7, 0, 0, 0),
(816, 41, 5, 3, 2, 7, 0, 0, 0),
(817, 45, 3, 0, 6, 7, 0, 0, 0),
(818, 48, 1, 0, 2, 7, 1, 1, 0),
(819, 50, 4, 0, 6, 7, 1, 1, 0),
(820, 113, 3, 0, 3, 7, 1, 1, 0),
(821, 59, 1, 0, 17, 7, 1, 1, 0),
(822, 67, 0, 0, 0, 7, 0, 0, 0),
(823, 68, 3, 0, 5, 7, 1, 1, 0),
(824, 69, 0, 0, 0, 7, 0, 0, 0),
(825, 74, 0, 0, 0, 7, 0, 0, 0),
(826, 82, 2, 0, 2, 7, 0, 0, 0),
(827, 85, 4, 0, 3, 7, 1, 1, 0),
(828, 11, 1, 0, 4, 7, 1, 1, 0),
(829, 16, 0, 0, 0, 7, 1, 1, 0),
(830, 20, 3, 0, 8, 7, 0, 0, 0),
(831, 21, 1, 0, 5, 7, 0, 0, 0),
(832, 27, 4, 0, 5, 7, 1, 1, 0),
(833, 28, 1, 0, 7, 7, 1, 1, 0),
(834, 32, 0, 0, 0, 7, 0, 0, 0),
(835, 36, 0, 0, 0, 7, 1, 1, 0),
(836, 39, 0, 0, 0, 7, 1, 1, 0),
(837, 18, 0, 0, 0, 7, 0, 0, 0),
(838, 46, 0, 0, 0, 7, 0, 0, 0),
(839, 49, 0, 0, 0, 7, 1, 1, 0),
(840, 52, 0, 0, 0, 7, 1, 1, 0),
(841, 4, 0, 0, 0, 7, 0, 0, 0),
(842, 57, 2, 0, 6, 7, 0, 0, 0),
(843, 58, 0, 0, 0, 7, 0, 0, 0),
(844, 61, 0, 0, 0, 7, 0, 0, 0),
(845, 8, 6, 2, 1, 7, 0, 0, 0),
(846, 78, 0, 0, 0, 7, 0, 0, 0),
(847, 81, 0, 0, 0, 7, 1, 1, 0),
(848, 83, 2, 0, 1, 7, 1, 1, 0),
(849, 90, 4, 0, 1, 7, 1, 1, 0),
(850, 94, 0, 0, 0, 7, 1, 1, 0),
(851, 95, 0, 0, 0, 7, 0, 0, 0),
(852, 96, 0, 0, 0, 7, 0, 0, 0),
(853, 97, 2, 0, 5, 7, 1, 1, 0),
(854, 98, 3, 0, 17, 7, 0, 0, 0),
(855, 100, 0, 0, 0, 7, 0, 0, 0),
(856, 101, 0, 0, 0, 7, 1, 1, 0),
(857, 102, 0, 0, 0, 7, 0, 0, 0),
(858, 103, 0, 0, 0, 7, 1, 1, 0),
(859, 104, 0, 0, 0, 7, 0, 0, 0),
(860, 105, 0, 0, 0, 7, 0, 0, 0),
(861, 106, 0, 0, 0, 7, 0, 0, 0),
(862, 107, 0, 0, 0, 7, 1, 1, 0),
(863, 108, 0, 0, 0, 7, 0, 0, 0),
(864, 109, 0, 0, 0, 7, 9, 1, 0),
(865, 110, 4, 0, 4, 7, 1, 1, 0),
(866, 111, 3, 0, 1, 7, 1, 1, 0),
(867, 112, 0, 0, 0, 7, 0, 0, 0),
(868, 116, 3, 0, 9, 7, 1, 1, 0),
(869, 117, 6, 1, 2, 7, 1, 1, 0),
(870, 118, 0, 0, 0, 7, 1, 1, 0),
(871, 119, 1, 0, 6, 7, 1, 1, 0),
(872, 120, 0, 0, 0, 7, 1, 1, 0),
(873, 9, 4, 0, 7, 8, 1, 1, 0),
(874, 10, 0, 0, 0, 8, 0, 0, 0),
(875, 109, 0, 0, 0, 8, 0, 0, 0),
(876, 68, 5, 1, 2, 8, 0, 0, 0),
(877, 11, 5, 2, 1, 8, 0, 0, 0),
(878, 2, 0, 0, 0, 8, 0, 0, 0),
(879, 58, 3, 0, 4, 8, 0, 0, 0),
(880, 72, 5, 1, 1, 8, 0, 0, 0),
(881, 12, 1, 0, 3, 8, 0, 0, 0),
(882, 13, 2, 0, 5, 8, 0, 0, 0),
(883, 14, 0, 0, 0, 8, 1, 1, 0),
(884, 15, 0, 0, 0, 8, 0, 0, 0),
(885, 16, 0, 0, 0, 8, 0, 0, 0),
(886, 17, 0, 0, 0, 8, 0, 0, 0),
(887, 116, 2, 0, 8, 8, 1, 1, 0),
(888, 79, 0, 0, 0, 8, 0, 0, 0),
(889, 20, 3, 0, 5, 8, 1, 1, 0),
(890, 21, 0, 0, 0, 8, 0, 0, 0),
(891, 22, 2, 0, 17, 8, 0, 0, 0),
(892, 98, 3, 0, 7, 8, 1, 1, 0),
(893, 6, 0, 0, 0, 8, 0, 0, 0),
(894, 23, 0, 0, 0, 8, 0, 0, 0),
(895, 24, 0, 0, 0, 8, 0, 0, 0),
(896, 83, 1, 0, 6, 8, 0, 0, 0),
(897, 25, 4, 0, 6, 8, 0, 0, 0),
(898, 8, 0, 0, 0, 8, 0, 0, 0),
(899, 26, 6, 2, 1, 8, 0, 0, 0),
(900, 27, 4, 0, 1, 8, 0, 0, 0),
(901, 114, 4, 0, 4, 8, 0, 0, 0),
(902, 29, 6, 1, 1, 8, 0, 0, 0),
(903, 30, 3, 0, 2, 8, 0, 0, 0),
(904, 3, 3, 0, 1, 8, 1, 1, 0),
(905, 119, 2, 0, 6, 8, 0, 0, 0),
(906, 31, 0, 0, 0, 8, 0, 0, 0),
(907, 32, 6, 3, 1, 8, 1, 1, 0),
(908, 1, 0, 0, 0, 8, 0, 0, 0),
(909, 33, 1, 0, 5, 8, 0, 0, 0),
(910, 34, 0, 0, 0, 8, 0, 0, 0),
(911, 87, 3, 0, 3, 8, 0, 0, 0),
(912, 35, 3, 0, 17, 8, 1, 1, 0),
(913, 75, 4, 0, 3, 8, 0, 0, 0),
(914, 36, 0, 0, 0, 8, 0, 0, 0),
(915, 37, 1, 0, 8, 8, 0, 0, 0),
(916, 90, 0, 0, 0, 8, 0, 0, 0),
(917, 38, 0, 0, 0, 8, 0, 0, 0),
(918, 7, 0, 0, 0, 8, 0, 0, 0),
(919, 40, 2, 0, 3, 8, 0, 0, 0),
(920, 117, 2, 0, 7, 8, 0, 0, 0),
(921, 86, 0, 0, 0, 8, 0, 0, 0),
(922, 44, 0, 0, 0, 8, 0, 0, 0),
(923, 45, 0, 0, 0, 8, 1, 1, 0),
(924, 97, 1, 0, 17, 8, 0, 0, 0),
(925, 84, 6, 3, 2, 8, 0, 0, 0),
(926, 94, 6, 1, 2, 8, 0, 0, 0),
(927, 95, 1, 0, 2, 8, 0, 0, 0),
(928, 46, 0, 0, 0, 8, 0, 0, 0),
(929, 47, 5, 3, 1, 8, 0, 0, 0),
(930, 48, 1, 0, 1, 8, 0, 0, 0),
(931, 49, 3, 0, 6, 8, 0, 0, 0),
(932, 70, 0, 0, 0, 8, 0, 0, 0),
(933, 50, 1, 0, 9, 8, 0, 0, 0),
(934, 82, 0, 0, 0, 8, 0, 0, 0),
(935, 53, 0, 0, 0, 8, 0, 0, 0),
(936, 54, 0, 0, 0, 8, 0, 0, 0),
(937, 55, 2, 0, 1, 8, 0, 0, 0),
(938, 56, 4, 0, 17, 8, 0, 0, 0),
(939, 111, 0, 0, 0, 8, 0, 0, 0),
(940, 57, 2, 0, 2, 8, 0, 0, 0),
(941, 69, 0, 0, 0, 8, 0, 0, 0),
(942, 59, 1, 0, 4, 8, 0, 0, 0),
(943, 118, 0, 0, 0, 8, 0, 0, 0),
(944, 62, 0, 0, 0, 8, 0, 0, 0),
(945, 113, 0, 0, 0, 8, 0, 0, 0),
(946, 64, 0, 0, 0, 8, 0, 0, 0),
(947, 65, 0, 0, 0, 8, 0, 0, 0),
(948, 66, 1, 0, 7, 8, 1, 1, 0),
(949, 5, 5, 3, 2, 8, 0, 0, 0),
(950, 76, 0, 0, 0, 8, 0, 0, 0),
(951, 85, 0, 0, 0, 8, 0, 0, 0),
(952, 110, 0, 0, 0, 8, 0, 0, 0),
(953, 28, 2, 0, 4, 8, 1, 1, 0),
(954, 41, 0, 0, 0, 8, 0, 0, 0),
(955, 121, 0, 0, 0, 8, 1, 1, 0),
(956, 122, 0, 0, 0, 8, 8, 0, 0),
(957, 123, 0, 0, 0, 8, 8, 0, 0),
(958, 124, 0, 0, 0, 8, 0, 0, 0),
(959, 125, 4, 0, 2, 8, 9, 1, 0),
(960, 126, 0, 0, 0, 8, 1, 1, 0),
(961, 127, 0, 0, 0, 8, 1, 1, 0),
(962, 128, 0, 0, 0, 8, 0, 0, 0),
(963, 129, 0, 0, 0, 8, 0, 0, 0),
(964, 130, 0, 0, 0, 8, 1, 1, 0),
(965, 131, 0, 0, 0, 8, 0, 0, 0),
(966, 132, 4, 0, 5, 8, 9, 1, 0),
(967, 133, 0, 0, 0, 8, 0, 0, 0),
(968, 134, 0, 0, 0, 8, 0, 0, 0),
(969, 135, 0, 0, 0, 8, 0, 0, 0);

-- --------------------------------------------------------

--
-- Estrutura da tabela `menu`
--

CREATE TABLE IF NOT EXISTS `menu` (
  `id` int(11) NOT NULL AUTO_INCREMENT,
  `descricao` varchar(100) NOT NULL,
  `abrv` varchar(20) NOT NULL,
  `modulo` int(11) NOT NULL,
  PRIMARY KEY (`id`)
) ENGINE=MyISAM AUTO_INCREMENT=29 DEFAULT CHARSET=latin1;

--
-- Extraindo dados da tabela `menu`
--

INSERT INTO `menu` (`id`, `descricao`, `abrv`, `modulo`) VALUES
(1, 'Avaliacao Especial', 'Especial', 1),
(2, 'Inscrever Aluno no Sistema', 'Novo Aluno', 3),
(3, 'Constituição de Nova Turma', 'Nova Turma', 3),
(4, 'Inscrever Prof no Sistema', 'Novo Prof', 3),
(5, 'Avaliar Professor', 'Avaliar Professor', 1),
(6, 'Imprimir Pauta e Termo', 'Imprimir Pauta e Ter', 3),
(7, 'Editar Aluno', 'Editar Aluno', 3),
(8, 'Alterar Palavra Passe Aluno', 'Palavra Passe Aluno', 3),
(9, 'Enviar Credencias aos Aluno', 'Credencias aos Aluno', 4),
(10, 'Mudar Aluno de Turma', 'Aluno Turma', 3),
(11, 'Ver Declarações', 'Declarações', 1),
(12, 'Ver Termo Aluno', 'Termo Aluno', 1),
(13, 'Ver Certificado Aluno', 'Certificado Aluno', 1),
(14, 'Efectuar Pagamento Propina', 'Pagamento Propina', 2),
(15, 'Configurar Propina Aluno', 'Configurar Propina A', 2),
(16, 'Editar Horários', 'Editar Horários', 3),
(17, 'Editar Profs', 'Editar Profs', 3),
(18, 'Enviar Credencias dos Profs', 'Credencias dos Profs', 3),
(19, 'Alterar Turmas dos Profs', 'Turmas dos Profs', 3),
(20, 'Pesquisa Balanço Propina', 'Balanço Propina', 2),
(21, 'Ver Lista Propina Instituições', 'Propina Instituições', 2),
(22, 'Efectuar Pag. Propinas Instituições', 'Pagamento Propinas I', 2),
(23, 'Enviar E-mail Dinâmico aos Professores', 'E-mail Dinâmico', 4),
(24, 'Gerir Conteúdo Portal', 'Gerir Conteúdo Porta', 4),
(25, 'Ver Avaliação Aluno (Pauta, Ata, Caderneta, Termo)', 'Editar Avaliação Alu', 1),
(26, 'Bloquear Aluno, Transferências e E-mail', 'Bloquear Aluno', 4),
(27, 'Editar Faltas Professor', 'Faltas Professor', 1),
(28, 'Ver Configuração de Turmas', 'Ver Config Turmas', 3);

-- --------------------------------------------------------

--
-- Estrutura da tabela `nivel`
--

CREATE TABLE IF NOT EXISTS `nivel` (
  `id` int(11) NOT NULL DEFAULT '0',
  `descricao` varchar(50) NOT NULL,
  `desc_simp` varchar(3) DEFAULT NULL,
  `ciclo_id` int(11) NOT NULL,
  PRIMARY KEY (`id`)
) ENGINE=MyISAM DEFAULT CHARSET=latin1;

--
-- Extraindo dados da tabela `nivel`
--

INSERT INTO `nivel` (`id`, `descricao`, `desc_simp`, `ciclo_id`) VALUES
(0, '...', NULL, 0),
(1, '7º Ano', '7º', 1),
(2, '8º Ano', '8º', 1),
(3, '9º Ano', '9º', 2),
(4, '10º Ano', '10º', 2),
(5, '11º Ano', '11º', 3),
(6, '12º Ano', '12º', 3);

-- --------------------------------------------------------

--
-- Estrutura da tabela `optativas`
--

CREATE TABLE IF NOT EXISTS `optativas` (
  `id` int(11) NOT NULL AUTO_INCREMENT,
  `disc_id` int(10) NOT NULL,
  `ciclo_id` int(11) NOT NULL,
  `area_id` int(11) NOT NULL,
  `grupo` int(11) NOT NULL,
  PRIMARY KEY (`id`)
) ENGINE=MyISAM AUTO_INCREMENT=28 DEFAULT CHARSET=latin1;

--
-- Extraindo dados da tabela `optativas`
--

INSERT INTO `optativas` (`id`, `disc_id`, `ciclo_id`, `area_id`, `grupo`) VALUES
(0, 0, 0, 0, 0),
(1, 40, 3, 1, 0),
(2, 47, 3, 1, 1),
(3, 15, 3, 1, 1),
(4, 39, 3, 1, 0),
(12, 40, 3, 2, 0),
(13, 39, 3, 2, 0),
(19, 4, 2, 0, 0),
(20, 20, 2, 0, 0),
(25, 15, 3, 1, 2),
(26, 47, 3, 1, 2);

-- --------------------------------------------------------

--
-- Estrutura da tabela `periodo`
--

CREATE TABLE IF NOT EXISTS `periodo` (
  `id` int(11) NOT NULL AUTO_INCREMENT,
  `descricao` varchar(15) NOT NULL,
  `abrv` varchar(1) NOT NULL,
  PRIMARY KEY (`id`)
) ENGINE=MyISAM AUTO_INCREMENT=101 DEFAULT CHARSET=latin1;

--
-- Extraindo dados da tabela `periodo`
--

INSERT INTO `periodo` (`id`, `descricao`, `abrv`) VALUES
(1, 'A', 'A'),
(2, 'B', 'B'),
(3, 'C', 'C'),
(4, 'D', 'D'),
(5, 'E', 'E'),
(6, 'F', 'F'),
(7, 'G', 'G'),
(8, 'I', 'I'),
(9, 'J', 'J'),
(10, 'K', 'K'),
(11, 'L', 'L'),
(12, 'M', 'M'),
(13, 'N', 'N'),
(14, 'O', 'O'),
(15, 'P', 'P'),
(16, 'Q', 'Q'),
(17, 'H', 'H'),
(100, 'Sem Turma', '');

-- --------------------------------------------------------

--
-- Estrutura da tabela `periodo_tempo`
--

CREATE TABLE IF NOT EXISTS `periodo_tempo` (
  `id` int(11) NOT NULL AUTO_INCREMENT,
  `descricao` varchar(100) NOT NULL,
  PRIMARY KEY (`id`)
) ENGINE=MyISAM AUTO_INCREMENT=4 DEFAULT CHARSET=latin1;

--
-- Extraindo dados da tabela `periodo_tempo`
--

INSERT INTO `periodo_tempo` (`id`, `descricao`) VALUES
(1, 'Manhã'),
(2, 'Tarde'),
(3, 'Noite');

-- --------------------------------------------------------

--
-- Estrutura da tabela `professor`
--

CREATE TABLE IF NOT EXISTS `professor` (
  `id` int(11) NOT NULL AUTO_INCREMENT,
  `nome` varchar(100) NOT NULL,
  `bi_pp` varchar(20) DEFAULT NULL,
  `local_nascimento` varchar(100) DEFAULT NULL,
  `natural_id` int(10) DEFAULT NULL,
  `concelho_id` int(11) DEFAULT NULL,
  `local_emissao_id` int(10) DEFAULT NULL,
  `dt_nascimento` varchar(100) DEFAULT NULL,
  `dt_emissao` varchar(50) DEFAULT NULL,
  `residencia` varchar(20) DEFAULT NULL,
  `email` varchar(1000) DEFAULT NULL,
  `nif` int(11) DEFAULT NULL,
  `tel` int(20) DEFAULT NULL,
  `movel` int(20) DEFAULT NULL,
  `ficheiro` varchar(500) DEFAULT NULL,
  `hab_literarias` varchar(1000) NOT NULL,
  `exp_profissional` varchar(1000) NOT NULL,
  `grau` int(11) NOT NULL,
  `ficheiro_curriculo` varchar(1000) NOT NULL,
  `dt_cadastro` date DEFAULT NULL,
  `user_id` int(11) DEFAULT NULL,
  PRIMARY KEY (`id`)
) ENGINE=MyISAM AUTO_INCREMENT=136 DEFAULT CHARSET=latin1;

--
-- Extraindo dados da tabela `professor`
--

INSERT INTO `professor` (`id`, `nome`, `bi_pp`, `local_nascimento`, `natural_id`, `concelho_id`, `local_emissao_id`, `dt_nascimento`, `dt_emissao`, `residencia`, `email`, `nif`, `tel`, `movel`, `ficheiro`, `hab_literarias`, `exp_profissional`, `grau`, `ficheiro_curriculo`, `dt_cadastro`, `user_id`) VALUES
(1, 'Henrique Pina Gomes', '85992', 'São Filipe', 0, 0, 0, '1982-04-04', '', 'Achada Baixo', 'henrique.gomes@govcv.gov.cv', 0, 9248762, NULL, '1302004_2.png', '', '', 0, '', '2016-12-10', 1),
(2, 'Alcides Varela Semedo', '', '', 0, 0, 0, '', '', '', 'alcidessemedo1695@hotmail.com', 0, 0, NULL, '1300011_2.png', '', '', 0, '', '2016-12-10', 2),
(3, 'Francisco da Cruz Lima', '', '', 0, 0, 0, '', '', '', 'francisco.c.lima79@gmail.com', 0, 0, NULL, '1300012_2.png', '', '', 0, '', '2017-12-20', 3),
(6, 'Crestino Elísio Tavares da Veiga ', '989345', '', 0, 0, 0, '1986-06-10', '', 'Tarrafal-Ponta Lagoa', 'cristinoveiga@gmail.com', 123989345, 9957617, NULL, '', '', '', 0, '', '2014-10-13', 2132),
(5, 'Ulisses Mendes de Carvalho Semedo', '', '', 0, 0, 0, '', '', '', 'uli.six@hotmail.com', 0, 0, NULL, '', '', '', 0, '', '2017-03-27', 2131),
(7, 'João Baptista Mendes Tavares', '38250', 'Tarrafal', 0, 0, 0, '1980-08-23', '', 'Tarrafal', 'djepatavares@hotmail.com', 0, 9380211, NULL, '', '', '', 0, '', '2014-12-11', 2147),
(8, 'Domingos  Dias Jorge ', '', '', 0, 0, 0, '', '', '', 'domingosdjorge@yahoo.com', 0, 0, NULL, '', '', '', 0, '', '2014-04-11', 2148),
(9, 'Abel Zenda Monteiro', '', '', 0, 0, 0, '', '', '', 'henryque.pyna@gmail.com', 0, 0, NULL, '1302009_2.png', '', '', 0, '', '2017-12-22', 2149),
(10, 'Adilson Lopes da Costa ', '', '', 0, 0, 0, '', '', '', 'adilsonlcosta@gmail.com', 0, 0, NULL, '1302010_2.png', '', '', 0, '', '2017-02-17', 2150),
(11, 'Alcides Ferreira Coelho', '65504', 'S. Miguel', 0, 0, 0, '1984-03-14', '', 'Tarrafal', 'alcidesdm@outlook.com', 0, 0, NULL, '', '', '', 0, '', '2015-12-15', 2151),
(12, 'Ana Isabel Sousa e Silva', '', '', 0, 0, 0, '', '', '', 'anasilvacv@yahoo.com.br', 0, 0, NULL, '1302012_2.png', '', '', 0, '', '2017-02-17', 2158),
(13, 'Ana Maria dos Reis Semedo', '', '', 0, 0, 0, '', '', '', 'ana.semedo15@hotmail.com', 0, 0, NULL, '', '', '', 0, '', '2014-12-17', 2159),
(14, 'André Gomes Semedo', '', '', 0, 0, 0, '', '', '', 'Henrique.gomes@govcv.gov.cv', 0, 0, NULL, '1302014_2.png', '', '', 0, '', '2017-12-22', 2160),
(15, 'Anselmina Marília Monteiro Tavares', '', '', 0, 0, 0, '', '', '', 'anselminatavares@hotmail.com', 0, 0, NULL, '1302015_2.png', '', '', 0, '', '2017-02-21', 2161),
(16, 'António Correia Mendes Lopes', '', '', 0, 0, 0, '', '', '', 'antoniocmlopes6@gmail.com', 0, 0, NULL, '1302016_2.png', '', '', 0, '', '2017-02-17', 2162),
(17, 'António Florêncio da Costa Carvalho ', '', '', 0, 0, 0, '', '', '', 'tcvtchoy@gmail.com', 0, 0, NULL, '', '', '', 0, '', '2016-03-30', 2163),
(18, 'António Pedro dos Reis Sanches ', '', '', 0, 0, 0, '', '', '', 'litchy@live.com.pt', 0, 0, NULL, '', '', '', 0, '', '2014-10-13', 2164),
(19, 'Avelino Emília Morais Rocha', '6579', 'Janela', 0, 0, 0, '1983-07-15', '', 'Vila do Tarrafal', 'avelinorocha84@hotmail.com', 100657923, 9, NULL, '', '', '', 0, '', '2013-09-23', 2165),
(20, 'Braima Seca', '', '', 0, 0, 0, '', '', '', '', 0, 0, NULL, '1302020_2.png', '', '', 0, '', '2017-12-22', 2166),
(21, 'Cecílio da Graça Teixeira', '4918', 'Safende', 0, 0, 0, '1983-11-22', '', 'Vila do Tarrafal', 'cecillogan@hotmail.com', 100491855, 9719245, NULL, '', '', '', 0, '', '2013-11-26', 2167),
(22, 'Clarindo dos Santos', '', '', 0, 0, 0, '', '', '', 'dindy_santos@hotmail.com', 0, 0, NULL, '', '', '', 0, '', '2014-04-11', 2168),
(23, 'Dany Zilena Mendes  Landim ', '', '', 0, 0, 0, '', '', '', 'dzilena@hotmail.com', 0, 0, NULL, '1302023_2.png', '', '', 0, '', '2017-02-17', 2169),
(24, 'Dasdores de Fátima Oliveira dos Santos Rosário', '', '', 0, 0, 0, '', '', '', 'Henrique.gomes@govcv.gov.cv', 0, 0, NULL, '1302024_2.png', '', '', 0, '', '2017-02-17', 2170),
(25, 'Dionísio Mendes Tavares ', '', '', 0, 0, 0, '', '', '', 'dmtiaia@hotmail.com', 0, 0, NULL, '1302025_2.png', '', '', 0, '', '2017-02-21', 2171),
(26, 'Emidío Anacleto dos Santos', '', '', 0, 0, 0, '', '', '', '', 0, 0, NULL, '', '', '', 0, '', '2017-06-12', 2172),
(27, 'Estevão Monteiro Borges ', '', '', 0, 0, 0, '', '', '', 'borgesem@hotmail.com', 0, 0, NULL, '1302027_2.png', '', '', 0, '', '2017-02-17', 2173),
(28, 'Etelvina Silva Almeida Cardoso', '', '', 0, 0, 0, '', '', '', 'henryque.pyna@gmail.com', 0, 0, NULL, '', '', '', 0, '', '2017-12-16', 2174),
(29, 'Fidel Fernandes Teixeira ', '', '', 0, 0, 0, '', '', '', 'fidelteixeira1@gmail.com', 0, 0, NULL, '1302029_2.png', '', '', 0, '', '2017-03-03', 2175),
(30, 'Fidel Ortega Blanco', '', '', 0, 0, 0, '', '', '', 'ortegablancofidel@yahoo.es', 0, 0, NULL, '', '', '', 0, '', '2015-06-25', 2176),
(31, 'Gilberto Furtado Vieira ', '', '', 0, 0, 0, '', '', '', 'gilbertofvieira19666@hotmail.com', 0, 0, NULL, '', '', '', 0, '', '2014-04-11', 2177),
(32, 'Gregório Sanches Cardoso', '', '', 0, 0, 0, '', '', '', 'henryque.pyna@gmail.com', 0, 0, NULL, '1302032_2.png', '', '', 0, '', '2017-12-22', 2178),
(33, 'Inácia Tavares Mendes', '', '', 0, 0, 0, '', '', '', 'inamendes@live.com.pt', 0, 0, NULL, '1302033_2.png', '', '', 0, '', '2016-12-10', 2179),
(34, 'Indira Vaz Lopes ', '', '', 0, 0, 0, '', '', '', '', 0, 0, NULL, '1302034_2.png', '', '', 0, '', '2016-12-10', 2180),
(35, 'Isabel Maria Alcântara Veiga Miranda Borges ', '', 'Nhagar - Assomada', 0, 0, 0, '1972-10-23', '', '', 'Henrique.gomes@govcv.gov.cv', 0, 9949397, NULL, '1302035_2.png', '', '', 0, '', '2017-12-22', 2181),
(36, 'Ivandro de Jesus Vaz Varela', '112709', '', 0, 0, 0, '1984-08-28', '', 'Vila Centro Tarrafal', 'alcidessemedo1695@hotmail.com', 0, 9838238, NULL, '', '', '', 0, '', '2015-06-30', 2182),
(37, 'Ivanildo Cabral Moreira', '', '', 0, 0, 0, '', '', '', 'mcivan17@hotmail.com', 0, 0, NULL, '', '', '', 0, '', '2014-05-26', 2183),
(38, 'Jair José Pereira Furtado ', '', '', 0, 0, 0, '', '', '', 'jjpereirafurtado@hotmail.com', 0, 0, NULL, '1302038_2.png', '', '', 0, '', '2017-02-17', 2184),
(39, 'Jacira Nascimento Lima ', '', '', 0, 0, 0, '', '', '', 'henrique_pgomes@hotmail.com', 0, 0, NULL, '', '', '', 0, '', '2015-06-27', 2185),
(40, 'João Medina Martins', '173429', 'Tarrafal', 0, 0, 0, '29-07-1980', '10-04-2012', 'Colhe Bicho', 'jmmedinacv@gmail.com', 117342998, 9140863, NULL, '', '', '', 0, '', '2014-09-09', 2186),
(41, 'Joel Medina Lopes', '', '', 0, 0, 0, '', '', '', 'joel007medina@gmail.com', 0, 0, NULL, '', '', '', 0, '', '2014-12-15', 2187),
(42, 'José Carlos Medina Martins', '90799', 'Colhe Bicho', 0, 0, 0, '1978-05-19', '2010-11-26', 'Cidade de Mangui', 'medinacarla007@gmail.com', 109079981, 9138747, NULL, '', '', '', 0, '', '2014-10-13', 2188),
(43, 'José Furtado Brito', '', '', 0, 0, 0, '', '', '', 'zebritorprata@hotmail.com', 0, 0, NULL, '1302043_2.png', '', '', 0, '', '2017-02-17', 2189),
(44, 'José Orlando Lopes Garcia', '', '', 0, 0, 0, '', '', '', 'orlgarc@hotmail.com', 0, 0, NULL, '1302044_2.png', '', '', 0, '', '2017-02-17', 2190),
(45, 'Larixa Drake Andreu', '', '', 0, 0, 0, '', '', '', 'drakelissey@hotmail.com', 0, 0, NULL, '1302045_2.png', '', '', 0, '', '2017-12-22', 2191),
(46, 'Maria Alice Mendes Fernandes', '', '', 0, 0, 0, '', '', '', 'alicefernandes73@hotmail.com', 0, 0, NULL, '', '', '', 0, '', '2014-05-26', 2192),
(47, 'Maria Correia e Silva Cardoso', '', '', 0, 0, 0, '', '', '', 'henrique_pgomes@hotmail.com', 0, 0, NULL, '', '', '', 0, '', '2015-12-29', 2193),
(48, 'Maria Felicidade da Silva Landim', '', '', 0, 0, 0, '', '', '', 'felicidadelandim@hotmail.com', 0, 0, NULL, '1302048_2.png', '', '', 0, '', '2017-02-17', 2194),
(49, 'Maria Gorette Tavares Garcia', '128553', 'Tarrafal', 101010105, 10109, 0, '1950-03-12', '', '', 'garcy32@live.com.pt', 0, 0, NULL, '1302049_2.png', '', '', 0, '', '2016-12-10', 2195),
(50, 'Maria Indira Gomes Lopes ', '', '', 0, 0, 0, '', '', '', 'indiraecverd.port@hotmail.com', 0, 0, NULL, '1302050_2.png', '', '', 0, '', '2017-02-21', 2196),
(51, 'Maria José Mendes de Pina', '', '', 0, 0, 0, '', '', '', 'henrique_pgomes@hotmail.com', 0, 0, NULL, '', '', '', 0, '', '2015-12-18', 2197),
(52, 'Maria Judith Costa Soares', '', '', 0, 0, 0, '', '', '', 'alcidessemedo1695@hotmail.com', 0, 0, NULL, '', '', '', 0, '', '2015-06-06', 2198),
(53, 'Marly de Nascimento Silva Landim', '179931', 'Tarrafal', 0, 10109, 0, '1986-06-12', '', 'Guindão - Tarrafal', 'nylandim@hotmail.com', 117993158, 9879243, NULL, '', '', '', 0, '', '2016-06-10', 2199),
(54, 'Mateus Mendes da Costa ', '', '', 0, 0, 0, '', '', '', 'matcosta62@gmail.com', 0, 0, NULL, '', '', '', 0, '', '2016-12-16', 2200),
(55, 'Nelson Anildo da Cruz Santos ', '', '', 0, 0, 0, '', '', '', 'netchacaboverde@yahoo.es', 0, 0, NULL, '1302055_2.png', '', '', 0, '', '2017-03-27', 2201),
(56, 'Nelson Antonino Furtado dos Reis Borges', '', '', 0, 0, 0, '1973-05-21', '', '', 'uli.six@hotmail.com', 0, 0, NULL, '', '', '', 0, '', '2015-05-21', 2202),
(57, 'Odete da Silva Tavares', '', '', 0, 0, 0, '', '', '', 'ode172009@hotmail.com', 0, 0, NULL, '', '', '', 0, '', '2014-10-13', 2203),
(58, 'Aldino Horta Ramos', '', '', 0, 0, 0, '', '', '', 'aldinosinger@hotmail.com', 0, 0, NULL, '', '', '', 0, '', '2014-04-11', 2204),
(59, 'Ondina Nunes Sousa', '', '', 0, 0, 0, '', '', '', 'matematicosest@gmail.com', 0, 0, NULL, '', '', '', 0, '', '2015-12-15', 2205),
(60, 'Orilinda Sufica Varela Barbosa', '', '', 0, 0, 0, '', '', '', 'belaprof@hotmail.com', 0, 0, NULL, '', '', '', 0, '', '2014-05-26', 2206),
(61, 'Óscar Augusto Fernandes Ribeiro', '', '', 0, 0, 0, '', '', '', '', 0, 0, NULL, '', '', '', 0, '', '2014-10-13', 2207),
(62, 'Ronaldo Carlos Rodrigues Cardoso', '30961', 'Praia', 0, 0, 0, '1979-07-20', '2010-11-16', 'Achada Baixo - Tarra', 'ronacardoso@hotmail.com', 103096167, 9817539, NULL, '', '', '', 0, '', '2014-10-13', 2208),
(63, 'Saturnino Dias Brito', '', '', 0, 0, 0, '', '', '', 'henryque.pyna@gmail.com', 0, 0, NULL, '', '', '', 0, '', '2017-03-29', 2209),
(64, 'Silvina Rodrigues Martins', '', '', 0, 0, 0, '', '', '', 'silvimartins@hotmail.com', 0, 0, NULL, '', '', '', 0, '', '2014-05-26', 2210),
(65, 'Suzenaida de Rosália Correia da Costa ', '', '', 0, 0, 0, '', '', '', 'jasurfp@hotmail.com', 0, 0, NULL, '1302065_2.png', '', '', 0, '', '2017-02-17', 2211),
(66, 'Ulisses José Correia Cardoso', '', '', 0, 0, 0, '', '', '', 'ujcardoso77@hotmail.com', 0, 0, NULL, '1302066_2.png', '', '', 0, '', '2017-12-22', 2212),
(67, 'Hermes Ilidio Cunha Pinto', '64992', 'Praia ', 0, 0, 0, '1984-08-04', '2013-11-27', 'Vila ', 'henrique_pgomes@hotmail.com', 0, 0, NULL, '', '', '', 0, '', '2015-07-02', 2213),
(68, 'Admilson Pedro Barros Rodrigues', '', '', 0, 0, 0, '', '', '', 'tchibastarrafal@hotmail.com', 0, 0, NULL, '1302068_2.png', '', '', 0, '', '2017-02-17', 2214),
(69, 'Olivia Barros Soares Silva', '', '', 0, 0, 0, '', '', '', '', 0, 0, NULL, '1302069.jpg', '', '', 0, '', '2013-10-02', 2229),
(70, 'Maria Guiomar Fatima Sousa', '', '', 0, 0, 0, '', '', '', '', 0, 0, NULL, '', '', '', 0, '', '2013-09-12', 2230),
(71, 'Idelmira Risete V. Dos Santos ', '', '', 0, 0, 0, '', '', '', 'rizetsantos@hotmail.com', 0, 0, NULL, '', '', '', 0, '', '2014-04-11', 2278),
(72, 'Ana Helena Tavares Silva', '', '', 0, 0, 0, '', '', '', 'matematicosest@gmail.cv', 0, 0, NULL, '1302072_2.png', '', '', 0, '', '2017-02-17', 2279),
(73, 'Ana Celeste Barros F. Robalo', '', '', 0, 0, 0, '', '', '', 'acelestefer@hotmail.com', 0, 0, NULL, '', '', '', 0, '', '2014-04-11', 2280),
(74, 'Érica Celisa Cardoso Barreto', '', '', 0, 0, 0, '', '', '', 'barreto.erica@hotmail.com', 0, 0, NULL, '', '', '', 0, '', '2014-04-11', 2281),
(75, 'Isménia de Fátima Moreno Gonçalves', '', '', 0, 0, 0, '', '', '', 'ismeniadina@hotmail.com', 0, 0, NULL, '1302075_2.png', '', '', 0, '', '2017-02-17', 2282),
(76, 'Victorino Sanches Semedo', '', '', 0, 0, 0, '', '', '', 'cecillogan@hotmail.com', 0, 0, NULL, '', '', '', 0, '', '2017-06-21', 2283),
(77, 'Adérito  de Oliveira Furtado', '', '', 0, 0, 0, '', '', '', 'deto230m@hotmail.com', 0, 0, NULL, '', '', '', 0, '', '2015-01-29', 2284),
(78, 'Jadilson Sequeira Centeio', '', '', 0, 0, 0, '', '', '', 'jad.cv@hotmail.com', 0, 0, NULL, '', '', '', 0, '', '2014-05-26', 2286),
(79, 'Arlindo Varela Correia', '', '', 0, 0, 0, '', '', '', 'arvaco1@hotmail.fr', 0, 0, NULL, '', '', '', 0, '', '2014-04-11', 2287),
(80, 'António Carlos Tavares Lopes', '', '', 0, 0, 0, '', '', '', 'chicagotarrafal@hotmail.com', 0, 0, NULL, '', '', '', 0, '', '2014-04-11', 2302),
(81, 'Mireida Miranda Gomes', '', '', 0, 0, 0, '', '', '', 'mireida0613@outlook.com', 0, 9152454, NULL, '', '', '', 0, '', '2016-03-29', 2303),
(82, 'Mário Adérito Monteiro Moniz', '', '', 0, 0, 0, '', '', '', 'monizsoday2012@hotmail.com', 0, 9832059, NULL, '', '', '', 0, '', '2014-12-15', 2305),
(83, 'David Otelo da Veiga Miranda', '', '', 0, 0, 0, '', '', '', 'otelodaveiga@hotmail.com', 0, 0, NULL, '1302083_2.png', '', '', 0, '', '2017-03-27', 2327),
(84, 'Loisito Tavares de Sousa', '', '', 0, 0, 0, '', '', '', 'henrique_pgomes@hotmail.com', 0, 0, NULL, '', '', '', 0, '', '2015-06-29', 2328),
(85, 'Wanderleia de Jesus Sanches Lopes Furtado Gomes', '', '', 0, 0, 0, '', '', '', 'wanda_furtado@hotmail.com', 0, 0, NULL, '1302085_2.png', '', '', 0, '', '2017-02-17', 2329),
(86, 'João Semedo Cardoso', '44514', 'Praia', 0, 0, 0, '1980-04-15', '', 'Vila Centro', 'henrique_pgomes@hotmail.com', 104451459, 9130813, NULL, '', '', '', 0, '', '2015-06-29', 2331),
(87, 'Isa Maria Lopes Garcia', '', '', 0, 0, 0, '', '', '', 'isa.lopez82@hotmail.com', 0, 0, NULL, '', '', '', 0, '', '2014-05-02', 2334),
(89, 'Ivanilda Tavares Cabral', 'J2796605', 'Sâo Vicente', 101010109, 0, 1, '1984-02-24', '2011-07-08', 'Colhe Bicho', 'ivanildacabral@hotmail.com', 0, 9961022, NULL, '', '', '', 0, '', '2014-01-24', 2362),
(90, 'Jacinto da Veiga Miranda', '', '', 0, 0, 0, '', '', '', 'jmiranda64@hotmail.com', 0, 0, NULL, '1420090_2.png', '', '', 0, '', '2017-03-03', 2401),
(91, 'Novo prof. Mat', '', '', 0, 0, 0, '', '', '', '', 0, 0, NULL, '', '', '', 0, '', '2014-09-03', 2431),
(92, 'Luis Costa', '', '', 0, 0, 0, '', '', '', '', 0, 0, NULL, '', '', '', 0, '', '2014-09-03', 2432),
(93, 'Luis Costa', '', '', 0, 0, 0, '', '', '', 'henrique.gomes@student.unicv.edu.cv', 0, 0, NULL, '', '', '', 0, '', '2014-09-03', 2433),
(94, 'Luís  Monteiro Costa', '', 'Tarrafal', 0, 0, 0, '1972-7-16', '', '', 'dacostkey@yahoo.com.br', 0, 9514548, NULL, '1420094_2.png', '', '', 0, '', '2017-02-17', 2434),
(95, 'Manuel Barbosa Vicente', '', '', 0, 0, 0, '1976-06-06', '', '', 'Henrique.gomes@govcv.gov.cv', 0, 9375637, NULL, '', '', '', 0, '', '2014-11-10', 2676),
(96, 'Leonel Osvaldo Mendes Tavares', '', '', 0, 0, 0, '1976-11-04', '', '', 'leonelomt@hotmail.com', 0, 9171769, NULL, '', '', '', 0, '', '2014-11-13', 2677),
(97, 'Leinice Elisângela Mendes Tavares', '', '', 0, 0, 0, '', '', '', 'leinicemendes@gmail.com', 0, 0, NULL, '1420097_2.png', '', '', 0, '', '2017-02-17', 2678),
(98, 'Cleusa Cristina Garcia Lobo', '292206', '', 0, 0, 0, '1989-06-02', '2013-06-18', 'Cidade do Tarrafal', 'khryshow@hotmail.com', 0, 9958312, NULL, '1420098_2.png', '', '', 0, '', '2017-12-22', 2693),
(100, 'Danilson Monteiro Fernandes', '287568', '', 0, 0, 0, '1989-01-10', '', '', 'danilsondaniel89@hotmail.com', 0, 9890185, NULL, '', '', '', 0, '', '2014-11-13', 2701),
(101, 'Escola Digital', '', '', 0, 0, 0, '', '', '', 'luisbarreto25@gmail.com', 0, 9231291, NULL, '', '', '', 0, '', '2015-03-16', 2364),
(102, 'Ficase', '', '', 0, 0, 0, '', '', '', 'luisbarreto25@gmail.com', 0, 0, NULL, '', '', '', 0, '', '2014-12-26', 2704),
(103, 'Bornefonden', '', '', 0, 0, 0, '', '', '', 'henrique.gomes@me.gov.cv', 0, 0, NULL, '', '', '', 0, '', '2016-07-20', 2705),
(104, 'Instituto Caboverdiano da Criança e do Adolescente', '', '', 0, 0, 0, '', '', '', '', 0, 0, NULL, '', '', '', 0, '', '2014-12-26', 2706),
(105, 'Fundação Infância Feliz', '', '', 0, 0, 0, '', '', '', '', 0, 0, NULL, '', '', '', 0, '', '2014-12-26', 2707),
(106, 'Fundação Caboverdiana de Solidariedade', '', '', 0, 0, 0, '', '', '', '', 0, 0, NULL, '', '', '', 0, '', '2014-12-26', 2708),
(107, 'Delta Cultura', '', '', 0, 0, 0, '', '', '', 'samir@deltacultura.org', 0, 0, NULL, '', '', '', 0, '', '2015-03-03', 2709),
(108, 'Câmara Municipal do Tarrafal', '', '', 0, 0, 0, '', '', '', '', 0, 0, NULL, '', '', '', 0, '', '2014-12-26', 2710),
(109, 'Admilson Moniz Fernandes ', '281560', 'Praia', 101010101, 10101, NULL, '1989-07-09', NULL, 'Cidade do Tarrafal', 'henryque.pyna@gmail.com', 0, 9338288, NULL, '1520109_2.png', '', '', 0, '', '2017-02-17', 2715),
(110, 'Zenaida do Rosário da Cruz Pereira ', '125509', 'Porto Novo', 0, 0, NULL, '1984-08-30', NULL, 'Assomada', 'zenaidarocruz@hotmail.com', 112550991, 9816183, NULL, '1520110_2.png', '', '', 0, '', '2017-03-03', 2716),
(111, 'Nilda Soares Sanches', '', '', 0, 0, NULL, '', NULL, '', 'henryque.pyna@gmail.com', 0, 0, NULL, '', '', '', 0, '', '2015-12-21', 2942),
(112, 'Marinete Correia Almeida', '', 'Tarrafal', 0, 0, NULL, '1984-11-05', NULL, '', 'marinetekl84@gmail.com', 112975577, 9186073, NULL, '', '', '', 0, '', '2015-11-10', 2948),
(113, 'Ruteneia Helena Lima Delgado', '112322', '', 0, 0, NULL, '1980-06-07', NULL, 'Chão Bom', 'ruthdelgado7@hotmail.com', 111232228, 9963307, NULL, '', '', '', 0, '', '2015-12-08', 2950),
(114, 'Eunice Sanches Correia', '', '', 0, 10109, NULL, '', NULL, 'Tarrafal', 'nichinha_2008@hotmail.com', 0, 0, NULL, '1520114_2.png', '', '', 0, '', '2017-02-21', 2951),
(115, 'Margarida Mendes Fonseca', '179528', '', 0, 0, NULL, '1986-11-28', NULL, 'Chão Bom', 'magfonseca26@hotmail.com', 0, 9983304, NULL, '', '', '', 0, '', '2016-01-19', 2954),
(116, 'António Sérgio dos Santos Gomes', '66257', 'Santo Amaro Abade Tarrafal', 0, 0, NULL, '1983-10-09', NULL, 'Colhe Bicho', 'sergiotober@hotmail.com', 0, 9792633, NULL, '1620116_2.png', '', '', 0, '', '2017-12-22', 2957),
(117, 'João Paulo Varela', '', 'Ponta Gato', 0, 10109, NULL, '1986-12-07', NULL, '', 'acfbc2015@outlook.com', 0, 9363043, NULL, '', '', '', 0, '', '2016-11-11', 2974),
(118, 'Regino Sanches Tavares', '', '', 0, 0, NULL, '', NULL, '', 'tchino2@hotmail.com', 0, 0, NULL, '', '', '', 0, '', '2016-07-19', 2975),
(119, 'Gaudino Gomes Sanches Moreno ', '', '', 0, 0, NULL, '', NULL, 'Safende', 'gausslubrano@hotmail.com', 0, 0, NULL, '', '', '', 0, '', '2016-11-12', 2978),
(120, 'Janete Ailine Barbosa', '', '', 0, 0, NULL, '', NULL, '', 'janetefortes@hotmail.com', 0, 0, NULL, '1620120_2.png', '', '', 0, '', '2016-10-20', 3259),
(121, 'Inácio Gomes Borges', '', '', 101010105, 10109, NULL, '', NULL, '', 'inacioborges38@hotmail.com', 0, 9958787, NULL, '', '', '', 0, '', '2017-10-25', 3512),
(122, 'Nelson Antonino Furtado dos Reis Borges', 'Angola', '', 0, 21, NULL, '1973-05-21', NULL, 'Tarrafal', 'nelsondosreisborges73@gmail.com', 0, 9307355, NULL, '1720122_2.png', '', '', 0, '', '2017-10-03', 3523),
(123, 'Nelson Antonino Furtado dos Reis Borges', 'Angola', '', 0, 21, NULL, '1973-05-21', NULL, 'Tarrafal', 'nelsondosreisborges73@gmail.com', 0, 9307355, NULL, '1720123_2.png', '', '', 0, '', '2017-10-03', 3524),
(124, 'Teodoro Varela Tavares', '', 'Achada Moirão', 101010103, 10106, NULL, '1994-10-25', NULL, '', 'tkhabral62@gmail.com', 0, 9219418, NULL, '1720124_2.png', '', '', 0, '', '2017-10-18', 3531),
(125, 'Ludleia Patrícia Soares Rosa', '', '', 101010105, 10109, NULL, '', NULL, '', 'ludleia.rosa@gmail.com', 0, 9268032, NULL, '1720125_2.png', '', '', 0, '', '2017-12-22', 3532),
(126, 'Teodoro Varela Tavares', '', 'Achada Moirão', 101010103, 10106, NULL, '1994-10-25', NULL, '', 'tkhabral62@gmail.com', 0, 9219418, NULL, '1720126_2.png', '', '', 0, '', '2017-12-22', 3533),
(127, 'Milena Monteiro', '', '', 0, 0, NULL, '', NULL, '', 'varela.milena85@gmail.com', 0, 0, NULL, '', '', '', 0, '', '2017-12-19', 3534),
(128, 'Teodoro Varela Tavares', '', 'Achada Moirão', 101010103, 10106, NULL, '1994-10-25', NULL, '', 'tkhabral62@gmail.com', 0, 9219418, NULL, '1720128_2.png', '', '', 0, '', '2017-10-18', 3535),
(129, 'Teodoro Varela Tavares', '', 'Achada Moirão', 101010103, 10106, NULL, '1994-10-25', NULL, '', 'tkhabral62@gmail.com', 0, 9219418, NULL, '1720129_2.png', '', '', 0, '', '2017-10-18', 3536),
(130, 'João da Mata', '', '', 0, 0, NULL, '', NULL, '', 'damasveiga2@hotmail.com', 0, 5257982, NULL, '', '', '', 0, '', '2017-11-27', 3537),
(131, 'Teodoro Varela Tavares', '', 'Achada Moirão', 101010103, 10106, NULL, '1994-10-25', NULL, '', 'tkhabral62@gmail.com', 0, 9219418, NULL, '1720131_2.png', '', '', 0, '', '2017-10-18', 3538),
(132, 'Ana Cristina Tavares', '', 'Achada Moirão', 101010105, 10109, NULL, '', NULL, '', 'anasancristina@hotmail.com', 0, 9200551, NULL, '1720132_2.png', '', '', 0, '', '2017-12-22', 3539),
(133, 'Teodoro Varela Tavares', '', 'Achada Moirão', 101010103, 10106, NULL, '1994-10-25', NULL, '', 'tkhabral62@gmail.com', 0, 9219418, NULL, '1720133_2.png', '', '', 0, '', '2017-10-18', 3540),
(134, 'Teodoro Varela Tavares', '', 'Achada Moirão', 101010103, 10106, NULL, '1994-10-25', NULL, '', 'tkhabral62@gmail.com', 0, 9219418, NULL, '1720134_2.png', '', '', 0, '', '2017-10-18', 3541),
(135, 'Teodoro Varela Tavares', '', 'Achada Moirão', 101010103, 10106, NULL, '1994-10-25', NULL, '', 'tkhabral62@gmail.com', 0, 9219418, NULL, '1720135_2.png', '', '', 0, '', '2017-10-18', 3542);

-- --------------------------------------------------------

--
-- Estrutura da tabela `prof_carga`
--

CREATE TABLE IF NOT EXISTS `prof_carga` (
  `id` int(11) NOT NULL AUTO_INCREMENT,
  `prof_id` int(11) NOT NULL,
  `ano_lec_id` int(11) NOT NULL,
  `carga` int(11) NOT NULL,
  PRIMARY KEY (`id`)
) ENGINE=MyISAM AUTO_INCREMENT=137 DEFAULT CHARSET=latin1;

--
-- Extraindo dados da tabela `prof_carga`
--

INSERT INTO `prof_carga` (`id`, `prof_id`, `ano_lec_id`, `carga`) VALUES
(1, 113, 0, 22),
(2, 2, 0, 22),
(3, 67, 0, 22),
(4, 1, 4, 6),
(5, 2, 4, 22),
(6, 3, 4, 22),
(7, 5, 4, 6),
(8, 6, 4, 22),
(9, 7, 4, 22),
(10, 8, 4, 22),
(11, 9, 4, 22),
(12, 10, 4, 22),
(13, 11, 4, 22),
(14, 12, 4, 22),
(15, 13, 4, 22),
(16, 14, 4, 22),
(17, 15, 4, 6),
(18, 16, 4, 18),
(19, 17, 4, 22),
(20, 18, 4, 22),
(21, 19, 4, 22),
(22, 20, 4, 22),
(23, 21, 4, 6),
(24, 22, 4, 22),
(25, 23, 4, 22),
(26, 24, 4, 22),
(27, 25, 4, 22),
(28, 26, 4, 22),
(29, 27, 4, 18),
(30, 28, 4, 22),
(31, 29, 4, 22),
(32, 30, 4, 22),
(33, 31, 4, 22),
(34, 32, 4, 22),
(35, 33, 4, 22),
(36, 34, 4, 22),
(37, 35, 4, 22),
(38, 36, 4, 22),
(39, 37, 4, 22),
(40, 38, 4, 22),
(41, 39, 4, 22),
(42, 40, 4, 22),
(43, 41, 4, 22),
(44, 42, 4, 22),
(45, 43, 4, 22),
(46, 44, 4, 22),
(47, 45, 4, 22),
(48, 46, 4, 22),
(49, 47, 4, 22),
(50, 48, 4, 22),
(51, 49, 4, 22),
(52, 50, 4, 22),
(53, 51, 4, 22),
(54, 52, 4, 22),
(55, 53, 4, 22),
(56, 54, 4, 22),
(57, 55, 4, 22),
(58, 56, 4, 22),
(59, 57, 4, 22),
(60, 58, 4, 22),
(61, 59, 4, 22),
(62, 60, 4, 22),
(63, 61, 4, 22),
(64, 62, 4, 22),
(65, 63, 4, 22),
(66, 64, 4, 22),
(67, 65, 4, 22),
(68, 66, 4, 22),
(69, 67, 4, 22),
(70, 68, 4, 22),
(71, 69, 4, 22),
(72, 70, 4, 22),
(73, 71, 4, 22),
(74, 72, 4, 22),
(75, 73, 4, 22),
(76, 74, 4, 22),
(77, 75, 4, 22),
(78, 76, 4, 22),
(79, 77, 4, 22),
(80, 78, 4, 22),
(81, 79, 4, 22),
(82, 80, 4, 22),
(83, 81, 4, 22),
(84, 82, 4, 22),
(85, 83, 4, 22),
(86, 84, 4, 22),
(87, 85, 4, 22),
(88, 86, 4, 22),
(89, 87, 4, 22),
(90, 88, 4, 22),
(91, 89, 4, 22),
(92, 90, 4, 16),
(93, 91, 4, 22),
(94, 92, 4, 22),
(95, 93, 4, 22),
(96, 94, 5, 22),
(97, 95, 5, 22),
(98, 96, 5, 22),
(99, 97, 5, 22),
(100, 98, 5, 22),
(101, 99, 4, 22),
(102, 100, 5, 22),
(103, 102, 5, 22),
(104, 103, 5, 22),
(105, 104, 5, 22),
(106, 105, 5, 22),
(107, 106, 5, 22),
(108, 107, 5, 22),
(109, 108, 5, 22),
(110, 109, 5, 22),
(111, 110, 5, 22),
(112, 111, 6, 22),
(113, 112, 6, 22),
(114, 113, 6, 22),
(115, 114, 6, 22),
(116, 115, 6, 22),
(117, 116, 6, 22),
(118, 117, 6, 22),
(119, 118, 6, 22),
(120, 119, 6, 22),
(121, 120, 7, 22),
(122, 121, 8, 22),
(123, 122, 8, 22),
(124, 123, 8, 22),
(125, 124, 8, 22),
(126, 125, 8, 22),
(127, 126, 8, 22),
(128, 127, 8, 22),
(129, 128, 8, 22),
(130, 129, 8, 22),
(131, 130, 8, 22),
(132, 131, 8, 22),
(133, 132, 8, 22),
(134, 133, 8, 22),
(135, 134, 8, 22),
(136, 135, 8, 22);

-- --------------------------------------------------------

--
-- Estrutura da tabela `prof_disc`
--

CREATE TABLE IF NOT EXISTS `prof_disc` (
  `id` int(11) NOT NULL AUTO_INCREMENT,
  `professor_id` int(11) NOT NULL,
  `nivel_id` int(11) NOT NULL,
  `area_id` int(11) NOT NULL,
  `periodo_id` int(11) NOT NULL,
  `tipo_insc_id` int(11) NOT NULL,
  `disciplina_id` int(11) NOT NULL,
  `coordenacao` int(11) NOT NULL,
  `ano_lec_id` int(11) NOT NULL,
  PRIMARY KEY (`id`)
) ENGINE=MyISAM AUTO_INCREMENT=13339 DEFAULT CHARSET=latin1;

--
-- Extraindo dados da tabela `prof_disc`
--

INSERT INTO `prof_disc` (`id`, `professor_id`, `nivel_id`, `area_id`, `periodo_id`, `tipo_insc_id`, `disciplina_id`, `coordenacao`, `ano_lec_id`) VALUES
(6, 147, 1, 0, 1, 1, 1, 0, 3),
(19, 148, 2, 0, 1, 1, 14, 0, 3),
(20, 149, 4, 0, 1, 1, 29, 0, 3),
(17, 147, 1, 0, 2, 1, 1, 0, 3),
(28, 139, 1, 0, 1, 1, 1, 0, 3),
(27, 147, 2, 0, 1, 1, 1, 0, 3),
(23, 147, 1, 0, 4, 1, 1, 0, 3),
(24, 147, 1, 0, 5, 1, 1, 0, 3),
(29, 139, 1, 0, 2, 1, 1, 0, 3),
(30, 139, 1, 0, 3, 1, 1, 0, 3),
(31, 139, 1, 0, 4, 1, 1, 0, 3),
(32, 139, 2, 0, 1, 1, 1, 0, 3),
(34, 139, 1, 0, 5, 1, 1, 0, 3),
(36, 120, 1, 0, 4, 1, 19, 0, 3),
(37, 120, 6, 3, 1, 1, 51, 0, 3),
(44, 120, 1, 0, 4, 1, 1, 0, 3),
(42, 120, 1, 0, 4, 1, 22, 0, 3),
(43, 120, 1, 0, 4, 1, 14, 0, 3),
(45, 120, 1, 0, 4, 1, 5, 0, 3),
(46, 120, 1, 0, 4, 1, 2, 0, 3),
(1622, 5, 5, 3, 2, 1, 39, 0, 4),
(49, 2, 1, 0, 1, 1, 22, 0, 3),
(6725, 36, 5, 2, 2, 1, 46, 0, 5),
(1394, 11, 5, 2, 1, 1, 27, 0, 4),
(1621, 5, 5, 1, 1, 1, 39, 0, 4),
(1534, 79, 6, 2, 2, 1, 7, 0, 4),
(1499, 46, 5, 1, 2, 1, 46, 0, 4),
(1493, 36, 4, 0, 17, 1, 46, 0, 4),
(1486, 77, 3, 0, 17, 1, 46, 0, 4),
(1665, 86, 2, 0, 6, 1, 26, 0, 4),
(1658, 67, 1, 0, 11, 1, 26, 0, 4),
(1582, 41, 5, 3, 2, 1, 27, 0, 4),
(1540, 20, 6, 3, 3, 1, 42, 0, 4),
(1565, 83, 6, 3, 3, 1, 40, 0, 4),
(1539, 12, 6, 3, 3, 1, 51, 0, 4),
(1505, 10, 6, 2, 1, 1, 46, 0, 4),
(1581, 41, 5, 3, 1, 1, 27, 0, 4),
(1538, 12, 6, 3, 2, 1, 51, 0, 4),
(1573, 65, 5, 1, 1, 1, 39, 0, 4),
(1643, 65, 5, 1, 3, 1, 39, 0, 4),
(1642, 61, 1, 0, 11, 1, 12, 0, 4),
(1641, 87, 1, 0, 11, 1, 3, 0, 4),
(1635, 44, 6, 2, 2, 1, 52, 0, 4),
(1633, 59, 1, 0, 11, 1, 2, 0, 4),
(1632, 80, 1, 0, 11, 1, 19, 0, 4),
(1595, 66, 5, 3, 2, 1, 51, 0, 4),
(1620, 75, 6, 1, 2, 1, 18, 0, 4),
(1652, 67, 1, 0, 6, 1, 26, 0, 4),
(80, 7, 4, 0, 6, 1, 20, 0, 4),
(611, 13, 4, 0, 5, 1, 29, 0, 4),
(1657, 67, 1, 0, 17, 1, 26, 0, 4),
(1485, 77, 3, 0, 7, 1, 46, 0, 4),
(1412, 58, 5, 1, 2, 1, 15, 0, 4),
(1656, 67, 1, 0, 10, 1, 26, 0, 4),
(1631, 50, 1, 0, 11, 1, 1, 0, 4),
(1430, 49, 6, 1, 2, 1, 39, 0, 4),
(1596, 66, 5, 2, 1, 1, 51, 0, 4),
(92, 72, 4, 0, 6, 1, 43, 0, 4),
(634, 73, 4, 0, 7, 1, 49, 0, 4),
(1533, 8, 6, 2, 2, 1, 44, 0, 4),
(1480, 77, 3, 0, 2, 1, 46, 0, 4),
(1531, 79, 6, 3, 3, 1, 7, 0, 4),
(1444, 65, 5, 3, 2, 1, 39, 0, 4),
(1664, 86, 2, 0, 5, 1, 26, 0, 4),
(1537, 12, 6, 3, 1, 1, 51, 0, 4),
(1591, 55, 6, 3, 1, 1, 39, 0, 4),
(1039, 74, 4, 0, 4, 1, 49, 0, 4),
(961, 74, 3, 0, 7, 1, 49, 0, 4),
(1479, 77, 3, 0, 1, 1, 46, 0, 4),
(1492, 36, 4, 0, 7, 1, 46, 0, 4),
(105, 25, 4, 0, 6, 1, 29, 0, 4),
(633, 72, 4, 0, 7, 1, 43, 0, 4),
(602, 43, 4, 0, 17, 1, 23, 0, 4),
(1669, 46, 5, 1, 3, 1, 46, 0, 4),
(1655, 67, 1, 0, 9, 1, 26, 0, 4),
(1590, 49, 6, 2, 2, 1, 39, 0, 4),
(909, 53, 1, 0, 2, 1, 24, 0, 4),
(952, 73, 1, 0, 3, 1, 24, 0, 4),
(1589, 49, 6, 2, 1, 1, 39, 0, 4),
(1586, 41, 6, 1, 1, 1, 27, 0, 4),
(1071, 60, 1, 0, 8, 1, 5, 0, 4),
(1087, 6, 1, 0, 10, 1, 3, 0, 4),
(2018, 29, 3, 0, 3, 1, 41, 0, 4),
(951, 24, 1, 0, 3, 1, 19, 0, 4),
(1030, 73, 1, 0, 5, 1, 24, 0, 4),
(696, 27, 3, 0, 1, 1, 23, 0, 4),
(697, 82, 3, 0, 1, 1, 49, 0, 4),
(1634, 73, 1, 0, 11, 1, 24, 0, 4),
(982, 7, 2, 0, 2, 1, 12, 0, 4),
(908, 55, 1, 0, 2, 1, 2, 0, 4),
(1587, 41, 6, 1, 2, 1, 27, 0, 4),
(1516, 65, 6, 1, 1, 1, 39, 0, 4),
(806, 47, 3, 0, 6, 1, 21, 0, 4),
(984, 19, 2, 0, 2, 1, 24, 0, 4),
(1588, 49, 6, 3, 3, 1, 39, 0, 4),
(866, 6, 1, 0, 1, 1, 3, 0, 4),
(950, 6, 1, 0, 3, 1, 3, 0, 4),
(1029, 62, 1, 0, 5, 1, 2, 0, 4),
(1055, 62, 1, 0, 7, 1, 2, 0, 4),
(1070, 59, 1, 0, 8, 1, 2, 0, 4),
(907, 6, 1, 0, 2, 1, 3, 0, 4),
(1564, 53, 1, 0, 4, 1, 24, 0, 4),
(1047, 53, 1, 0, 6, 1, 24, 0, 4),
(1585, 41, 6, 2, 2, 1, 27, 0, 4),
(1584, 41, 6, 2, 1, 1, 27, 0, 4),
(1296, 23, 3, 0, 2, 1, 21, 0, 4),
(2017, 74, 3, 0, 3, 1, 49, 0, 4),
(725, 54, 3, 0, 4, 1, 4, 0, 4),
(743, 32, 3, 0, 5, 1, 4, 0, 4),
(983, 57, 2, 0, 2, 1, 5, 0, 4),
(1022, 80, 3, 0, 17, 1, 8, 0, 4),
(1295, 31, 3, 0, 2, 1, 43, 0, 4),
(2016, 64, 3, 0, 3, 1, 43, 0, 4),
(724, 9, 3, 0, 4, 1, 38, 0, 4),
(805, 74, 3, 0, 6, 1, 49, 0, 4),
(962, 48, 3, 0, 7, 1, 20, 0, 4),
(1021, 54, 3, 0, 17, 1, 4, 0, 4),
(742, 54, 3, 0, 5, 1, 8, 0, 4),
(864, 55, 1, 0, 1, 1, 2, 0, 4),
(865, 73, 1, 0, 1, 1, 24, 0, 4),
(1038, 13, 4, 0, 4, 1, 29, 0, 4),
(985, 87, 2, 0, 2, 1, 3, 0, 4),
(741, 58, 3, 0, 5, 1, 41, 0, 4),
(804, 68, 3, 0, 6, 1, 37, 0, 4),
(1020, 9, 3, 0, 17, 1, 38, 0, 4),
(960, 80, 3, 0, 7, 1, 8, 0, 4),
(1668, 86, 2, 0, 8, 1, 26, 0, 4),
(1663, 86, 2, 0, 4, 1, 26, 0, 4),
(863, 24, 1, 0, 1, 1, 19, 0, 4),
(949, 60, 1, 0, 3, 1, 5, 0, 4),
(1028, 60, 1, 0, 5, 1, 5, 0, 4),
(1054, 73, 1, 0, 7, 1, 24, 0, 4),
(1440, 8, 6, 2, 1, 1, 44, 0, 4),
(172, 73, 4, 0, 6, 1, 49, 0, 4),
(632, 43, 4, 0, 7, 1, 23, 0, 4),
(601, 30, 4, 0, 17, 1, 37, 0, 4),
(1478, 79, 6, 3, 1, 1, 7, 0, 4),
(1431, 65, 6, 1, 2, 1, 39, 0, 4),
(1469, 65, 5, 3, 1, 1, 39, 0, 4),
(1504, 10, 6, 1, 3, 1, 46, 0, 4),
(1630, 50, 3, 0, 6, 1, 34, 0, 4),
(885, 84, 2, 0, 17, 1, 14, 0, 4),
(936, 13, 2, 0, 8, 1, 5, 0, 4),
(1629, 76, 3, 0, 17, 1, 34, 0, 4),
(927, 32, 4, 0, 2, 1, 4, 0, 4),
(986, 59, 2, 0, 2, 1, 2, 0, 4),
(981, 47, 2, 0, 2, 1, 13, 0, 4),
(1503, 10, 6, 1, 2, 1, 46, 0, 4),
(1536, 12, 6, 2, 1, 1, 51, 0, 4),
(695, 23, 3, 0, 1, 1, 21, 0, 4),
(1294, 68, 3, 0, 2, 1, 37, 0, 4),
(2015, 7, 3, 0, 3, 1, 20, 0, 4),
(723, 29, 3, 0, 4, 1, 41, 0, 4),
(1484, 77, 3, 0, 6, 1, 46, 0, 4),
(1439, 26, 6, 2, 1, 1, 32, 0, 4),
(1515, 29, 6, 1, 1, 1, 15, 0, 4),
(1530, 16, 6, 3, 3, 1, 52, 0, 4),
(1514, 53, 6, 1, 1, 1, 16, 0, 4),
(1496, 46, 5, 2, 1, 1, 46, 0, 4),
(787, 52, 4, 0, 1, 1, 23, 0, 4),
(926, 13, 4, 0, 2, 1, 29, 0, 4),
(918, 17, 4, 0, 3, 1, 25, 0, 4),
(980, 34, 2, 0, 2, 1, 14, 0, 4),
(610, 83, 4, 0, 5, 1, 38, 0, 4),
(203, 17, 4, 0, 6, 1, 25, 0, 4),
(631, 30, 4, 0, 7, 1, 37, 0, 4),
(694, 9, 3, 0, 1, 1, 38, 0, 4),
(1293, 29, 3, 0, 2, 1, 41, 0, 4),
(2014, 14, 3, 0, 3, 1, 34, 0, 4),
(722, 74, 3, 0, 4, 1, 49, 0, 4),
(740, 27, 3, 0, 5, 1, 23, 0, 4),
(862, 28, 1, 0, 1, 1, 1, 0, 4),
(906, 60, 1, 0, 2, 1, 5, 0, 4),
(1086, 53, 1, 0, 10, 1, 24, 0, 4),
(948, 82, 1, 0, 3, 1, 12, 0, 4),
(1680, 86, 2, 0, 1, 1, 26, 0, 4),
(1651, 67, 1, 0, 5, 1, 26, 0, 4),
(1594, 66, 5, 3, 1, 1, 51, 0, 4),
(1619, 25, 5, 1, 3, 1, 47, 0, 4),
(1592, 55, 6, 1, 1, 1, 39, 0, 4),
(861, 60, 1, 0, 1, 1, 5, 0, 4),
(947, 28, 1, 0, 3, 1, 1, 0, 4),
(1027, 63, 1, 0, 5, 1, 3, 0, 4),
(1053, 40, 1, 0, 7, 1, 22, 0, 4),
(1069, 28, 1, 0, 8, 1, 1, 0, 4),
(905, 50, 1, 0, 2, 1, 1, 0, 4),
(1563, 62, 1, 0, 4, 1, 2, 0, 4),
(1046, 18, 1, 0, 6, 1, 5, 0, 4),
(1063, 18, 1, 0, 17, 1, 5, 0, 4),
(1079, 63, 1, 0, 9, 1, 3, 0, 4),
(1292, 9, 3, 0, 2, 1, 38, 0, 4),
(721, 80, 3, 0, 4, 1, 8, 0, 4),
(803, 58, 3, 0, 6, 1, 41, 0, 4),
(1019, 47, 3, 0, 17, 1, 21, 0, 4),
(1679, 57, 2, 0, 1, 1, 5, 0, 4),
(815, 39, 2, 0, 3, 1, 3, 0, 4),
(833, 34, 2, 0, 5, 1, 14, 0, 4),
(858, 20, 2, 0, 7, 1, 13, 0, 4),
(935, 48, 2, 0, 8, 1, 12, 0, 4),
(860, 82, 1, 0, 1, 1, 12, 0, 4),
(946, 40, 1, 0, 3, 1, 22, 0, 4),
(1026, 24, 1, 0, 5, 1, 19, 0, 4),
(1052, 28, 1, 0, 7, 1, 1, 0, 4),
(1068, 84, 1, 0, 8, 1, 12, 0, 4),
(693, 54, 3, 0, 1, 1, 4, 0, 4),
(2013, 80, 3, 0, 3, 1, 8, 0, 4),
(739, 37, 3, 0, 5, 1, 43, 0, 4),
(959, 68, 3, 0, 7, 1, 37, 0, 4),
(786, 17, 4, 0, 1, 1, 25, 0, 4),
(917, 30, 4, 0, 3, 1, 37, 0, 4),
(609, 81, 4, 0, 5, 1, 34, 0, 4),
(600, 25, 4, 0, 17, 1, 29, 0, 4),
(979, 38, 2, 0, 2, 1, 22, 0, 4),
(1037, 39, 4, 0, 4, 1, 38, 0, 4),
(608, 32, 4, 0, 5, 1, 4, 0, 4),
(255, 81, 4, 0, 6, 1, 34, 0, 4),
(630, 83, 4, 0, 7, 1, 38, 0, 4),
(599, 7, 4, 0, 17, 1, 20, 0, 4),
(1562, 50, 1, 0, 4, 1, 1, 0, 4),
(802, 50, 3, 0, 6, 1, 34, 0, 4),
(785, 83, 4, 0, 1, 1, 38, 0, 4),
(925, 83, 4, 0, 2, 1, 38, 0, 4),
(916, 64, 4, 0, 3, 1, 43, 0, 4),
(607, 17, 4, 0, 5, 1, 25, 0, 4),
(629, 81, 4, 0, 7, 1, 34, 0, 4),
(1051, 60, 1, 0, 7, 1, 5, 0, 4),
(859, 40, 1, 0, 1, 1, 22, 0, 4),
(1067, 40, 1, 0, 8, 1, 22, 0, 4),
(1085, 84, 1, 0, 10, 1, 12, 0, 4),
(857, 19, 2, 0, 7, 1, 24, 0, 4),
(884, 13, 2, 0, 17, 1, 5, 0, 4),
(7181, 96, 2, 0, 1, 1, 24, 0, 5),
(945, 55, 1, 0, 3, 1, 2, 0, 4),
(1561, 78, 1, 0, 4, 1, 12, 0, 4),
(1025, 40, 1, 0, 5, 1, 22, 0, 4),
(1045, 62, 1, 0, 6, 1, 2, 0, 4),
(1084, 59, 1, 0, 10, 1, 2, 0, 4),
(1050, 63, 1, 0, 7, 1, 3, 0, 4),
(1062, 44, 1, 0, 17, 1, 1, 0, 4),
(1066, 24, 1, 0, 8, 1, 19, 0, 4),
(1078, 53, 1, 0, 9, 1, 24, 0, 4),
(1083, 44, 1, 0, 10, 1, 1, 0, 4),
(1529, 11, 6, 3, 3, 1, 27, 0, 4),
(2012, 52, 3, 0, 3, 1, 23, 0, 4),
(720, 68, 3, 0, 4, 1, 37, 0, 4),
(1018, 74, 3, 0, 17, 1, 49, 0, 4),
(958, 43, 3, 0, 7, 1, 23, 0, 4),
(1522, 79, 6, 3, 2, 1, 7, 0, 4),
(1678, 19, 2, 0, 1, 1, 24, 0, 4),
(1650, 67, 1, 0, 4, 1, 26, 0, 4),
(1468, 51, 5, 3, 1, 1, 40, 0, 4),
(814, 38, 2, 0, 3, 1, 22, 0, 4),
(824, 38, 2, 0, 4, 1, 22, 0, 4),
(832, 56, 2, 0, 5, 1, 2, 0, 4),
(843, 19, 2, 0, 6, 1, 24, 0, 4),
(7180, 34, 2, 0, 1, 1, 14, 0, 5),
(883, 33, 2, 0, 17, 1, 1, 0, 4),
(933, 20, 2, 0, 8, 1, 13, 0, 4),
(1618, 22, 5, 1, 3, 1, 52, 0, 4),
(1521, 51, 6, 3, 2, 1, 40, 0, 4),
(1483, 77, 3, 0, 5, 1, 46, 0, 4),
(1491, 36, 4, 0, 5, 1, 46, 0, 4),
(1501, 46, 1, 0, 2, 1, 26, 0, 4),
(1477, 51, 6, 3, 1, 1, 40, 0, 4),
(1467, 22, 5, 3, 1, 1, 52, 0, 4),
(308, 79, 5, 2, 3, 1, 7, 0, 4),
(1476, 11, 6, 3, 1, 1, 27, 0, 4),
(1413, 85, 5, 1, 2, 1, 44, 0, 4),
(1520, 16, 6, 3, 2, 1, 52, 0, 4),
(1495, 46, 5, 3, 2, 1, 46, 0, 4),
(1560, 6, 1, 0, 4, 1, 3, 0, 4),
(1044, 42, 1, 0, 6, 1, 22, 0, 4),
(1061, 45, 1, 0, 17, 1, 19, 0, 4),
(1077, 45, 1, 0, 9, 1, 19, 0, 4),
(1475, 35, 6, 3, 1, 1, 42, 0, 4),
(1490, 36, 4, 0, 4, 1, 46, 0, 4),
(1677, 39, 2, 0, 1, 1, 3, 0, 4),
(1649, 67, 1, 0, 4, 1, 26, 0, 4),
(813, 59, 2, 0, 3, 1, 2, 0, 4),
(823, 47, 2, 0, 4, 1, 13, 0, 4),
(831, 78, 2, 0, 5, 1, 12, 0, 4),
(842, 20, 2, 0, 6, 1, 13, 0, 4),
(855, 56, 2, 0, 7, 1, 2, 0, 4),
(882, 2, 2, 0, 17, 1, 22, 0, 4),
(932, 2, 2, 0, 8, 1, 22, 0, 4),
(598, 19, 4, 0, 17, 1, 25, 0, 4),
(841, 33, 2, 0, 6, 1, 1, 0, 4),
(830, 57, 2, 0, 5, 1, 5, 0, 4),
(854, 57, 2, 0, 7, 1, 5, 0, 4),
(881, 56, 2, 0, 17, 1, 2, 0, 4),
(931, 56, 2, 0, 8, 1, 2, 0, 4),
(1528, 51, 6, 3, 3, 1, 40, 0, 4),
(1411, 75, 5, 1, 2, 1, 18, 0, 4),
(1393, 26, 5, 2, 1, 1, 32, 0, 4),
(1541, 6, 5, 3, 2, 1, 40, 0, 4),
(1535, 26, 6, 2, 2, 1, 32, 0, 4),
(1654, 67, 1, 0, 8, 1, 26, 0, 4),
(1667, 86, 2, 0, 17, 1, 26, 0, 4),
(1662, 86, 2, 0, 3, 1, 26, 0, 4),
(719, 23, 3, 0, 4, 1, 21, 0, 4),
(738, 74, 3, 0, 5, 1, 49, 0, 4),
(801, 27, 3, 0, 6, 1, 23, 0, 4),
(957, 47, 3, 0, 7, 1, 21, 0, 4),
(1017, 31, 3, 0, 17, 1, 43, 0, 4),
(784, 74, 4, 0, 1, 1, 49, 0, 4),
(924, 17, 4, 0, 2, 1, 25, 0, 4),
(915, 32, 4, 0, 3, 1, 4, 0, 4),
(1036, 52, 4, 0, 4, 1, 23, 0, 4),
(692, 56, 3, 0, 1, 1, 37, 0, 4),
(1291, 14, 3, 0, 2, 1, 34, 0, 4),
(2011, 51, 3, 0, 3, 1, 38, 0, 4),
(718, 27, 3, 0, 4, 1, 23, 0, 4),
(737, 23, 3, 0, 5, 1, 21, 0, 4),
(800, 31, 3, 0, 6, 1, 43, 0, 4),
(783, 76, 4, 0, 1, 1, 34, 0, 4),
(923, 74, 4, 0, 2, 1, 49, 0, 4),
(736, 9, 3, 0, 5, 1, 38, 0, 4),
(914, 13, 4, 0, 3, 1, 29, 0, 4),
(1035, 30, 4, 0, 4, 1, 37, 0, 4),
(606, 64, 4, 0, 5, 1, 43, 0, 4),
(367, 30, 4, 0, 6, 1, 37, 0, 4),
(628, 17, 4, 0, 7, 1, 25, 0, 4),
(597, 73, 4, 0, 17, 1, 49, 0, 4),
(782, 32, 4, 0, 1, 1, 4, 0, 4),
(922, 76, 4, 0, 2, 1, 34, 0, 4),
(913, 74, 4, 0, 3, 1, 49, 0, 4),
(1034, 17, 4, 0, 4, 1, 25, 0, 4),
(605, 73, 4, 0, 5, 1, 49, 0, 4),
(1648, 67, 1, 0, 3, 1, 26, 0, 4),
(822, 34, 2, 0, 4, 1, 14, 0, 4),
(7179, 40, 2, 0, 1, 1, 22, 0, 5),
(840, 34, 2, 0, 6, 1, 14, 0, 4),
(880, 19, 2, 0, 17, 1, 24, 0, 4),
(735, 33, 3, 0, 5, 1, 34, 0, 4),
(1647, 67, 1, 0, 1, 1, 26, 0, 4),
(812, 57, 2, 0, 3, 1, 5, 0, 4),
(1065, 87, 1, 0, 8, 1, 3, 0, 4),
(821, 33, 2, 0, 4, 1, 1, 0, 4),
(829, 38, 2, 0, 5, 1, 22, 0, 4),
(839, 57, 2, 0, 6, 1, 5, 0, 4),
(1235, 18, 1, 0, 11, 1, 5, 0, 4),
(1646, 54, 3, 0, 2, 1, 4, 0, 4),
(820, 19, 2, 0, 4, 1, 24, 0, 4),
(838, 2, 2, 0, 6, 1, 22, 0, 4),
(853, 48, 2, 0, 7, 1, 12, 0, 4),
(879, 20, 2, 0, 17, 1, 13, 0, 4),
(1337, 78, 4, 0, 17, 1, 29, 0, 4),
(1438, 16, 6, 2, 1, 1, 52, 0, 4),
(1445, 22, 5, 3, 2, 1, 52, 0, 4),
(1628, 15, 5, 2, 1, 1, 11, 0, 4),
(1661, 86, 2, 0, 2, 1, 26, 0, 4),
(1482, 77, 3, 0, 4, 1, 46, 0, 4),
(1429, 16, 6, 1, 2, 1, 52, 0, 4),
(781, 30, 4, 0, 1, 1, 37, 0, 4),
(921, 52, 4, 0, 2, 1, 23, 0, 4),
(912, 83, 4, 0, 3, 1, 38, 0, 4),
(1033, 64, 4, 0, 4, 1, 43, 0, 4),
(604, 52, 4, 0, 5, 1, 23, 0, 4),
(904, 45, 1, 0, 2, 1, 19, 0, 4),
(409, 36, 4, 0, 6, 1, 46, 0, 4),
(627, 25, 4, 0, 7, 1, 29, 0, 4),
(596, 81, 4, 0, 17, 1, 34, 0, 4),
(1675, 47, 2, 0, 1, 1, 13, 0, 4),
(1572, 58, 5, 1, 1, 1, 15, 0, 4),
(811, 19, 2, 0, 3, 1, 24, 0, 4),
(1640, 22, 5, 2, 2, 1, 52, 0, 4),
(828, 19, 2, 0, 5, 1, 24, 0, 4),
(930, 84, 2, 0, 8, 1, 14, 0, 4),
(1571, 25, 5, 1, 1, 1, 47, 0, 4),
(1527, 65, 6, 3, 3, 1, 39, 0, 4),
(1032, 81, 4, 0, 4, 1, 34, 0, 4),
(422, 39, 4, 0, 6, 1, 38, 0, 4),
(595, 64, 4, 0, 17, 1, 43, 0, 4),
(903, 78, 1, 0, 2, 1, 12, 0, 4),
(1666, 86, 2, 0, 7, 1, 26, 0, 4),
(1559, 42, 1, 0, 4, 1, 22, 0, 4),
(1674, 38, 2, 0, 1, 1, 22, 0, 4),
(1043, 78, 1, 0, 6, 1, 12, 0, 4),
(1428, 61, 6, 1, 2, 1, 17, 0, 4),
(810, 34, 2, 0, 3, 1, 14, 0, 4),
(819, 87, 2, 0, 4, 1, 3, 0, 4),
(827, 39, 2, 0, 5, 1, 3, 0, 4),
(1673, 59, 2, 0, 1, 1, 2, 0, 4),
(1645, 15, 5, 2, 2, 1, 56, 0, 4),
(7178, 47, 2, 0, 1, 1, 13, 0, 5),
(818, 57, 2, 0, 4, 1, 5, 0, 4),
(799, 48, 3, 0, 6, 1, 20, 0, 4),
(956, 58, 3, 0, 7, 1, 41, 0, 4),
(1016, 43, 3, 0, 17, 1, 23, 0, 4),
(1639, 85, 5, 2, 2, 1, 44, 0, 4),
(1392, 79, 5, 2, 1, 1, 7, 0, 4),
(837, 56, 2, 0, 6, 1, 2, 0, 4),
(1519, 11, 6, 3, 2, 1, 27, 0, 4),
(852, 87, 2, 0, 7, 1, 3, 0, 4),
(878, 48, 2, 0, 17, 1, 12, 0, 4),
(1617, 21, 5, 1, 3, 1, 27, 0, 4),
(929, 39, 2, 0, 8, 1, 3, 0, 4),
(1494, 46, 5, 3, 1, 1, 46, 0, 4),
(798, 83, 3, 0, 6, 1, 38, 0, 4),
(1489, 36, 4, 0, 3, 1, 46, 0, 4),
(955, 9, 3, 0, 7, 1, 38, 0, 4),
(1513, 41, 6, 1, 1, 1, 27, 0, 4),
(1391, 65, 5, 2, 1, 1, 39, 0, 4),
(1443, 35, 5, 3, 2, 1, 42, 0, 4),
(1474, 16, 6, 3, 1, 1, 52, 0, 4),
(1518, 35, 6, 3, 2, 1, 42, 0, 4),
(1517, 49, 6, 3, 2, 1, 39, 0, 4),
(780, 13, 4, 0, 1, 1, 29, 0, 4),
(920, 30, 4, 0, 2, 1, 37, 0, 4),
(911, 76, 4, 0, 3, 1, 34, 0, 4),
(1031, 32, 4, 0, 4, 1, 4, 0, 4),
(1570, 22, 5, 1, 1, 1, 52, 0, 4),
(1659, 86, 1, 0, 11, 1, 26, 0, 4),
(1060, 42, 1, 0, 17, 1, 22, 0, 4),
(902, 42, 1, 0, 2, 1, 22, 0, 4),
(1076, 61, 1, 0, 9, 1, 12, 0, 4),
(1558, 18, 1, 0, 4, 1, 5, 0, 4),
(1042, 63, 1, 0, 6, 1, 3, 0, 4),
(1059, 62, 1, 0, 17, 1, 2, 0, 4),
(1082, 80, 1, 0, 10, 1, 19, 0, 4),
(1075, 44, 1, 0, 9, 1, 1, 0, 4),
(1081, 72, 1, 0, 10, 1, 22, 0, 4),
(1532, 12, 6, 2, 2, 1, 51, 0, 4),
(1488, 36, 4, 0, 2, 1, 46, 0, 4),
(1427, 8, 6, 1, 2, 1, 44, 0, 4),
(1512, 16, 6, 1, 1, 1, 52, 0, 4),
(954, 37, 3, 0, 7, 1, 43, 0, 4),
(1015, 76, 3, 0, 17, 1, 34, 0, 4),
(479, 43, 4, 0, 6, 1, 23, 0, 4),
(691, 29, 3, 0, 1, 1, 41, 0, 4),
(626, 7, 4, 0, 7, 1, 20, 0, 4),
(1290, 27, 3, 0, 2, 1, 23, 0, 4),
(594, 39, 4, 0, 17, 1, 38, 0, 4),
(2010, 30, 3, 0, 3, 1, 37, 0, 4),
(717, 31, 3, 0, 4, 1, 43, 0, 4),
(1014, 68, 3, 0, 17, 1, 37, 0, 4),
(734, 68, 3, 0, 5, 1, 37, 0, 4),
(797, 54, 3, 0, 6, 1, 8, 0, 4),
(817, 78, 2, 0, 4, 1, 12, 0, 4),
(7177, 98, 2, 0, 1, 1, 3, 0, 5),
(836, 87, 2, 0, 6, 1, 3, 0, 4),
(851, 2, 2, 0, 7, 1, 22, 0, 4),
(877, 87, 2, 0, 17, 1, 3, 0, 4),
(928, 19, 2, 0, 8, 1, 24, 0, 4),
(690, 14, 3, 0, 1, 1, 34, 0, 4),
(1672, 7, 2, 0, 1, 1, 12, 0, 4),
(1644, 65, 6, 2, 1, 1, 39, 0, 4),
(808, 47, 2, 0, 3, 1, 13, 0, 4),
(816, 56, 2, 0, 4, 1, 2, 0, 4),
(825, 20, 2, 0, 5, 1, 13, 0, 4),
(835, 48, 2, 0, 6, 1, 12, 0, 4),
(850, 84, 2, 0, 7, 1, 14, 0, 4),
(1064, 53, 1, 0, 8, 1, 24, 0, 4),
(1074, 18, 1, 0, 9, 1, 5, 0, 4),
(1080, 60, 1, 0, 10, 1, 5, 0, 4),
(1234, 72, 1, 0, 11, 1, 22, 0, 4),
(1671, 34, 2, 0, 1, 1, 14, 0, 4),
(978, 33, 2, 0, 2, 1, 1, 0, 4),
(807, 78, 2, 0, 3, 1, 12, 0, 4),
(1557, 45, 1, 0, 4, 1, 19, 0, 4),
(1024, 28, 1, 0, 5, 1, 1, 0, 4),
(1041, 45, 1, 0, 6, 1, 19, 0, 4),
(1049, 84, 1, 0, 7, 1, 12, 0, 4),
(1058, 53, 1, 0, 17, 1, 24, 0, 4),
(1653, 67, 1, 0, 7, 1, 26, 0, 4),
(1057, 61, 1, 0, 17, 1, 12, 0, 4),
(1073, 42, 1, 0, 9, 1, 22, 0, 4),
(1023, 82, 1, 0, 5, 1, 12, 0, 4),
(1040, 50, 1, 0, 6, 1, 1, 0, 4),
(1048, 24, 1, 0, 7, 1, 19, 0, 4),
(1056, 63, 1, 0, 17, 1, 3, 0, 4),
(1072, 59, 1, 0, 9, 1, 2, 0, 4),
(689, 66, 3, 0, 1, 1, 8, 0, 4),
(1289, 82, 3, 0, 2, 1, 49, 0, 4),
(1442, 51, 5, 3, 2, 1, 40, 0, 4),
(1466, 35, 5, 3, 1, 1, 42, 0, 4),
(1616, 61, 5, 1, 3, 1, 17, 0, 4),
(1507, 10, 6, 3, 1, 1, 46, 0, 4),
(953, 76, 3, 0, 7, 1, 34, 0, 4),
(1013, 58, 3, 0, 17, 1, 41, 0, 4),
(779, 64, 4, 0, 1, 1, 43, 0, 4),
(919, 72, 4, 0, 2, 1, 43, 0, 4),
(910, 52, 4, 0, 3, 1, 23, 0, 4),
(1465, 79, 5, 3, 1, 1, 7, 0, 4),
(1441, 79, 5, 3, 2, 1, 7, 0, 4),
(1390, 22, 5, 2, 1, 1, 52, 0, 4),
(1638, 5, 5, 2, 2, 1, 39, 0, 4),
(1526, 35, 6, 3, 3, 1, 42, 0, 4),
(1437, 15, 6, 2, 1, 1, 11, 0, 4),
(1487, 36, 4, 0, 1, 1, 46, 0, 4),
(1426, 18, 6, 1, 2, 1, 47, 0, 4),
(2009, 23, 3, 0, 3, 1, 21, 0, 4),
(688, 37, 3, 0, 1, 1, 43, 0, 4),
(1288, 66, 3, 0, 2, 1, 8, 0, 4),
(716, 14, 3, 0, 4, 1, 34, 0, 4),
(1511, 8, 6, 1, 1, 1, 44, 0, 4),
(1510, 18, 6, 1, 1, 1, 47, 0, 4),
(1615, 85, 5, 1, 3, 1, 44, 0, 4),
(1614, 75, 5, 1, 3, 1, 18, 0, 4),
(1410, 52, 5, 1, 2, 1, 16, 0, 4),
(1409, 65, 5, 1, 2, 1, 39, 0, 4),
(1569, 52, 5, 1, 1, 1, 16, 0, 4),
(1408, 11, 5, 1, 2, 1, 27, 0, 4),
(1568, 85, 5, 1, 1, 1, 44, 0, 4),
(1389, 85, 5, 2, 1, 1, 44, 0, 4),
(1637, 26, 5, 2, 2, 1, 32, 0, 4),
(1567, 21, 5, 1, 1, 1, 27, 0, 4),
(1407, 22, 5, 1, 2, 1, 52, 0, 4),
(1613, 62, 5, 1, 3, 1, 39, 0, 4),
(1358, 49, 6, 1, 3, 1, 39, 0, 4),
(1357, 11, 6, 1, 3, 1, 27, 0, 4),
(1356, 44, 6, 1, 3, 1, 52, 0, 4),
(1355, 53, 6, 1, 3, 1, 16, 0, 4),
(1354, 75, 6, 1, 3, 1, 18, 0, 4),
(1353, 1, 6, 1, 3, 1, 44, 0, 4),
(1352, 29, 6, 1, 3, 1, 15, 0, 4),
(603, 30, 4, 0, 5, 1, 37, 0, 4),
(1670, 79, 6, 2, 2, 1, 57, 0, 4),
(1681, 90, 2, 0, 1, 1, 1, 0, 4),
(1682, 90, 2, 0, 3, 1, 1, 0, 4),
(1683, 90, 2, 0, 5, 1, 1, 0, 4),
(1684, 90, 2, 0, 7, 1, 1, 0, 4),
(1685, 90, 2, 0, 8, 1, 1, 0, 4),
(7176, 28, 2, 0, 1, 1, 1, 0, 5),
(7175, 68, 2, 0, 1, 1, 2, 0, 5),
(7174, 24, 2, 0, 1, 1, 5, 0, 5),
(7173, 78, 2, 0, 1, 1, 12, 0, 5),
(7237, 95, 2, 0, 2, 1, 14, 0, 5),
(7236, 56, 2, 0, 2, 1, 2, 0, 5),
(7235, 110, 2, 0, 2, 1, 24, 0, 5),
(7234, 33, 2, 0, 2, 1, 1, 0, 5),
(7233, 78, 2, 0, 2, 1, 12, 0, 5),
(7232, 47, 2, 0, 2, 1, 13, 0, 5),
(7231, 42, 2, 0, 2, 1, 22, 0, 5),
(7428, 10, 1, 0, 8, 1, 26, 0, 5),
(6733, 36, 5, 3, 1, 1, 46, 0, 5),
(13338, 24, 10, 0, 10001, 1, 5, 0, 5),
(13337, 25, 10, 0, 10001, 1, 5, 0, 5),
(13336, 18, 10, 0, 10001, 1, 5, 0, 5),
(13335, 24, 10, 0, 10001, 1, 5, 0, 5),
(13334, 18, 10, 0, 10001, 1, 5, 0, 5),
(13333, 24, 10, 0, 10001, 1, 5, 0, 5),
(13332, 24, 10, 0, 10001, 1, 5, 0, 5),
(13331, 24, 10, 0, 10001, 1, 5, 0, 5),
(13330, 18, 10, 0, 10001, 1, 5, 0, 5),
(13329, 24, 10, 0, 10001, 1, 5, 0, 5),
(13328, 18, 10, 0, 10001, 1, 5, 0, 5),
(2953, 66, 10, 0, 10002, 1, 51, 0, 5),
(2952, 25, 10, 0, 10002, 1, 5, 0, 5),
(2951, 35, 10, 0, 10002, 1, 42, 0, 5),
(2950, 7, 10, 0, 10002, 1, 20, 0, 5),
(7230, 18, 2, 0, 2, 1, 5, 0, 5),
(7072, 24, 2, 0, 3, 1, 5, 0, 5),
(7071, 28, 2, 0, 3, 1, 1, 0, 5),
(7070, 68, 2, 0, 3, 1, 2, 0, 5),
(7069, 20, 2, 0, 3, 1, 13, 0, 5),
(7068, 98, 2, 0, 3, 1, 3, 0, 5),
(7067, 100, 2, 0, 3, 1, 12, 0, 5),
(7066, 96, 2, 0, 3, 1, 24, 0, 5),
(7065, 40, 2, 0, 3, 1, 22, 0, 5),
(7064, 34, 2, 0, 3, 1, 14, 0, 5),
(7473, 74, 2, 0, 4, 1, 24, 0, 5),
(7472, 0, 2, 0, 4, 1, 22, 0, 5),
(7471, 56, 2, 0, 4, 1, 2, 0, 5),
(7470, 0, 2, 0, 4, 1, 22, 0, 5),
(7469, 95, 2, 0, 4, 1, 14, 0, 5),
(7468, 47, 2, 0, 4, 1, 13, 0, 5),
(7467, 9, 2, 0, 4, 1, 3, 0, 5),
(7466, 0, 2, 0, 4, 1, 22, 0, 5),
(7229, 9, 2, 0, 2, 1, 3, 0, 5),
(7465, 18, 2, 0, 4, 1, 5, 0, 5),
(7082, 98, 2, 0, 5, 1, 3, 0, 5),
(7081, 28, 2, 0, 5, 1, 1, 0, 5),
(7080, 24, 2, 0, 5, 1, 5, 0, 5),
(7079, 100, 2, 0, 5, 1, 12, 0, 5),
(7078, 96, 2, 0, 5, 1, 24, 0, 5),
(7077, 20, 2, 0, 5, 1, 13, 0, 5),
(7076, 68, 2, 0, 5, 1, 2, 0, 5),
(7075, 34, 2, 0, 5, 1, 14, 0, 5),
(7074, 40, 2, 0, 5, 1, 22, 0, 5),
(6618, 21, 6, 1, 1, 1, 27, 0, 5),
(7304, 24, 2, 0, 6, 1, 5, 0, 5),
(7303, 33, 2, 0, 6, 1, 1, 0, 5),
(7302, 78, 2, 0, 6, 1, 12, 0, 5),
(7301, 20, 2, 0, 6, 1, 13, 0, 5),
(7300, 9, 2, 0, 6, 1, 3, 0, 5),
(7299, 96, 2, 0, 6, 1, 24, 0, 5),
(7298, 42, 2, 0, 6, 1, 22, 0, 5),
(7297, 38, 2, 0, 6, 1, 22, 0, 5),
(7259, 40, 2, 0, 7, 1, 22, 0, 5),
(7258, 74, 2, 0, 7, 1, 24, 0, 5),
(7257, 28, 2, 0, 7, 1, 1, 0, 5),
(7256, 24, 2, 0, 7, 1, 5, 0, 5),
(7255, 34, 2, 0, 7, 1, 14, 0, 5),
(7254, 47, 2, 0, 7, 1, 13, 0, 5),
(7253, 68, 2, 0, 7, 1, 2, 0, 5),
(7252, 100, 2, 0, 7, 1, 12, 0, 5),
(7251, 98, 2, 0, 7, 1, 3, 0, 5),
(7327, 96, 2, 0, 17, 1, 24, 0, 5),
(7326, 56, 2, 0, 17, 1, 2, 0, 5),
(7325, 18, 2, 0, 17, 1, 5, 0, 5),
(7324, 47, 2, 0, 17, 1, 13, 0, 5),
(7323, 33, 2, 0, 17, 1, 1, 0, 5),
(7322, 38, 2, 0, 17, 1, 22, 0, 5),
(7321, 95, 2, 0, 17, 1, 14, 0, 5),
(7320, 7, 2, 0, 17, 1, 12, 0, 5),
(7319, 42, 2, 0, 17, 1, 22, 0, 5),
(7270, 7, 2, 0, 8, 1, 12, 0, 5),
(7269, 68, 2, 0, 8, 1, 2, 0, 5),
(7268, 24, 2, 0, 8, 1, 5, 0, 5),
(7267, 34, 2, 0, 8, 1, 14, 0, 5),
(7266, 98, 2, 0, 8, 1, 3, 0, 5),
(7265, 110, 2, 0, 8, 1, 24, 0, 5),
(7264, 40, 2, 0, 8, 1, 22, 0, 5),
(7263, 47, 2, 0, 8, 1, 13, 0, 5),
(7262, 28, 2, 0, 8, 1, 1, 0, 5),
(7427, 2, 1, 0, 8, 1, 71, 0, 5),
(6644, 46, 6, 2, 1, 1, 46, 0, 5),
(7281, 110, 2, 0, 10, 1, 24, 0, 5),
(7121, 17, 4, 0, 1, 1, 25, 0, 5),
(7351, 46, 1, 0, 1, 1, 26, 0, 5),
(7131, 51, 4, 0, 2, 1, 38, 0, 5),
(5219, 27, 4, 0, 4, 1, 23, 0, 5),
(6619, 46, 6, 1, 1, 1, 46, 0, 5),
(6617, 22, 6, 1, 1, 1, 52, 0, 5),
(6626, 75, 6, 1, 2, 1, 18, 0, 5),
(7100, 46, 6, 1, 3, 1, 46, 0, 5),
(6643, 49, 6, 2, 1, 1, 39, 0, 5),
(6660, 15, 6, 3, 1, 1, 6, 0, 5),
(7316, 9, 2, 0, 9, 1, 3, 0, 5),
(7315, 42, 2, 0, 9, 1, 22, 0, 5),
(7314, 18, 2, 0, 9, 1, 5, 0, 5),
(7313, 56, 2, 0, 9, 1, 2, 0, 5),
(7312, 47, 2, 0, 9, 1, 13, 0, 5),
(7311, 95, 2, 0, 9, 1, 14, 0, 5),
(7310, 96, 2, 0, 9, 1, 24, 0, 5),
(7309, 33, 2, 0, 9, 1, 1, 0, 5),
(7308, 7, 2, 0, 9, 1, 12, 0, 5),
(13327, 24, 10, 0, 10001, 1, 5, 0, 5),
(7349, 39, 1, 0, 1, 1, 3, 0, 5),
(7348, 82, 1, 0, 1, 1, 69, 0, 5),
(7192, 74, 3, 0, 1, 1, 49, 0, 5),
(7191, 80, 3, 0, 1, 1, 8, 0, 5),
(7190, 29, 3, 0, 1, 1, 41, 0, 5),
(7189, 23, 3, 0, 1, 1, 21, 0, 5),
(7188, 7, 3, 0, 1, 1, 20, 0, 5),
(7187, 52, 3, 0, 1, 1, 23, 0, 5),
(7186, 64, 3, 0, 1, 1, 43, 0, 5),
(7185, 30, 3, 0, 1, 1, 37, 0, 5),
(7184, 51, 3, 0, 1, 1, 38, 0, 5),
(7183, 14, 3, 0, 1, 1, 34, 0, 5),
(6625, 11, 6, 1, 2, 1, 27, 0, 5),
(6732, 44, 5, 3, 1, 1, 52, 0, 5),
(6731, 6, 5, 3, 1, 1, 40, 0, 5),
(6730, 11, 5, 3, 1, 1, 27, 0, 5),
(6729, 49, 5, 3, 1, 1, 39, 0, 5),
(6728, 12, 5, 3, 1, 1, 51, 0, 5),
(6727, 79, 5, 3, 1, 1, 7, 0, 5),
(7362, 36, 1, 0, 2, 1, 26, 0, 5),
(7361, 2, 1, 0, 2, 1, 71, 0, 5),
(6741, 36, 5, 3, 2, 1, 46, 0, 5),
(6740, 44, 5, 3, 2, 1, 52, 0, 5),
(6739, 35, 5, 3, 2, 1, 42, 0, 5),
(6738, 41, 5, 3, 2, 1, 27, 0, 5),
(6737, 79, 5, 3, 2, 1, 7, 0, 5),
(6616, 25, 6, 1, 1, 1, 47, 0, 5),
(7099, 21, 6, 1, 3, 1, 27, 0, 5),
(6652, 79, 6, 2, 2, 1, 57, 0, 5),
(6669, 75, 6, 3, 2, 1, 18, 0, 5),
(7204, 110, 3, 0, 2, 1, 49, 0, 5),
(7203, 52, 3, 0, 2, 1, 23, 0, 5),
(7202, 32, 3, 0, 2, 1, 8, 0, 5),
(7201, 0, 3, 0, 2, 1, 49, 0, 5),
(7200, 68, 3, 0, 2, 1, 37, 0, 5),
(7199, 72, 3, 0, 2, 1, 43, 0, 5),
(7198, 23, 3, 0, 2, 1, 21, 0, 5),
(7197, 58, 3, 0, 2, 1, 41, 0, 5),
(7196, 16, 3, 0, 2, 1, 34, 0, 5),
(7195, 86, 3, 0, 2, 1, 46, 0, 5),
(6726, 35, 5, 3, 1, 1, 42, 0, 5),
(6642, 62, 6, 2, 1, 1, 11, 0, 5),
(7098, 65, 6, 1, 3, 1, 39, 0, 5),
(6715, 11, 5, 2, 1, 1, 27, 0, 5),
(6714, 94, 5, 2, 1, 1, 44, 0, 5),
(6713, 12, 5, 2, 1, 1, 51, 0, 5),
(6712, 87, 5, 2, 1, 1, 40, 0, 5),
(6711, 55, 5, 2, 1, 1, 39, 0, 5),
(6710, 79, 5, 2, 1, 1, 7, 0, 5),
(6709, 26, 5, 2, 1, 1, 32, 0, 5),
(6708, 22, 5, 2, 1, 1, 52, 0, 5),
(6724, 26, 5, 2, 2, 1, 32, 0, 5),
(6723, 12, 5, 2, 2, 1, 51, 0, 5),
(6722, 65, 5, 2, 2, 1, 39, 0, 5),
(6721, 6, 5, 2, 2, 1, 40, 0, 5),
(6720, 79, 5, 2, 2, 1, 7, 0, 5),
(6719, 22, 5, 2, 2, 1, 52, 0, 5),
(6718, 94, 5, 2, 2, 1, 44, 0, 5),
(2949, 29, 10, 0, 10002, 1, 41, 0, 5),
(6716, 36, 5, 2, 1, 1, 46, 0, 5),
(6689, 36, 5, 1, 1, 1, 46, 0, 5),
(7161, 59, 4, 0, 6, 1, 37, 0, 5),
(6688, 65, 5, 1, 1, 1, 39, 0, 5),
(6687, 44, 5, 1, 1, 1, 52, 0, 5),
(6686, 48, 5, 1, 1, 1, 16, 0, 5),
(6685, 58, 5, 1, 1, 1, 15, 0, 5),
(6684, 87, 5, 1, 1, 1, 40, 0, 5),
(7339, 7, 3, 0, 3, 1, 20, 0, 5),
(7338, 52, 3, 0, 3, 1, 23, 0, 5),
(7337, 29, 3, 0, 3, 1, 41, 0, 5),
(7336, 80, 3, 0, 3, 1, 8, 0, 5),
(7335, 30, 3, 0, 3, 1, 37, 0, 5),
(7334, 64, 3, 0, 3, 1, 43, 0, 5),
(7333, 110, 3, 0, 3, 1, 49, 0, 5),
(6698, 36, 5, 1, 2, 1, 46, 0, 5),
(6697, 2, 5, 1, 2, 1, 18, 0, 5),
(7151, 30, 4, 0, 5, 1, 37, 0, 5),
(6696, 41, 5, 1, 2, 1, 27, 0, 5),
(6695, 48, 5, 1, 2, 1, 16, 0, 5),
(6694, 87, 5, 1, 2, 1, 40, 0, 5),
(6693, 58, 5, 1, 2, 1, 15, 0, 5),
(6692, 94, 5, 1, 2, 1, 44, 0, 5),
(7332, 86, 3, 0, 3, 1, 46, 0, 5),
(7331, 14, 3, 0, 3, 1, 34, 0, 5),
(7330, 2, 3, 0, 3, 1, 18, 0, 5),
(6707, 36, 5, 1, 3, 1, 46, 0, 5),
(6706, 44, 5, 1, 3, 1, 52, 0, 5),
(6705, 13, 5, 1, 3, 1, 47, 0, 5),
(6704, 87, 5, 1, 3, 1, 40, 0, 5),
(6703, 61, 5, 1, 3, 1, 17, 0, 5),
(6702, 11, 5, 1, 3, 1, 27, 0, 5),
(6701, 65, 5, 1, 3, 1, 39, 0, 5),
(6700, 2, 5, 1, 3, 1, 18, 0, 5),
(7227, 52, 3, 0, 4, 1, 23, 0, 5),
(7226, 23, 3, 0, 4, 1, 21, 0, 5),
(7225, 54, 3, 0, 4, 1, 4, 0, 5),
(7224, 59, 3, 0, 4, 1, 37, 0, 5),
(7223, 32, 3, 0, 4, 1, 8, 0, 5),
(7222, 58, 3, 0, 4, 1, 41, 0, 5),
(7221, 72, 3, 0, 4, 1, 43, 0, 5),
(7220, 16, 3, 0, 4, 1, 34, 0, 5),
(7219, 110, 3, 0, 4, 1, 49, 0, 5),
(7218, 86, 3, 0, 4, 1, 46, 0, 5),
(6736, 6, 5, 3, 2, 1, 40, 0, 5),
(6805, 43, 3, 0, 5, 1, 23, 0, 5),
(6804, 96, 3, 0, 5, 1, 49, 0, 5),
(6803, 51, 3, 0, 5, 1, 38, 0, 5),
(6802, 64, 3, 0, 5, 1, 43, 0, 5),
(6801, 14, 3, 0, 5, 1, 34, 0, 5),
(6800, 32, 3, 0, 5, 1, 8, 0, 5),
(6799, 54, 3, 0, 5, 1, 4, 0, 5),
(6798, 30, 3, 0, 5, 1, 37, 0, 5),
(6797, 23, 3, 0, 5, 1, 21, 0, 5),
(6796, 86, 3, 0, 5, 1, 46, 0, 5),
(6735, 65, 5, 3, 2, 1, 39, 0, 5),
(6651, 5, 6, 2, 2, 1, 39, 0, 5),
(6659, 66, 6, 3, 1, 1, 51, 0, 5),
(6658, 35, 6, 3, 1, 1, 42, 0, 5),
(6657, 41, 6, 3, 1, 1, 27, 0, 5),
(6656, 49, 6, 3, 1, 1, 39, 0, 5),
(6655, 50, 6, 3, 1, 1, 52, 0, 5),
(6668, 6, 6, 3, 2, 1, 40, 0, 5),
(6667, 65, 6, 3, 2, 1, 39, 0, 5),
(6666, 15, 6, 3, 2, 1, 6, 0, 5),
(6665, 41, 6, 3, 2, 1, 27, 0, 5),
(6816, 96, 3, 0, 6, 1, 49, 0, 5),
(6815, 72, 3, 0, 6, 1, 43, 0, 5),
(6814, 58, 3, 0, 6, 1, 41, 0, 5),
(6813, 32, 3, 0, 6, 1, 8, 0, 5),
(6812, 23, 3, 0, 6, 1, 21, 0, 5),
(6811, 54, 3, 0, 6, 1, 4, 0, 5),
(6810, 83, 3, 0, 6, 1, 38, 0, 5),
(6809, 43, 3, 0, 6, 1, 23, 0, 5),
(6808, 59, 3, 0, 6, 1, 37, 0, 5),
(6807, 86, 3, 0, 6, 1, 46, 0, 5),
(6664, 35, 6, 3, 2, 1, 42, 0, 5),
(6663, 66, 6, 3, 2, 1, 51, 0, 5),
(6641, 66, 6, 2, 1, 1, 51, 0, 5),
(6640, 85, 6, 2, 1, 1, 44, 0, 5),
(6639, 26, 6, 2, 1, 1, 32, 0, 5),
(6638, 11, 6, 2, 1, 1, 27, 0, 5),
(6637, 22, 6, 2, 1, 1, 52, 0, 5),
(6827, 96, 3, 0, 7, 1, 49, 0, 5),
(6826, 64, 3, 0, 7, 1, 43, 0, 5),
(6825, 30, 3, 0, 7, 1, 37, 0, 5),
(6824, 83, 3, 0, 7, 1, 38, 0, 5),
(6823, 20, 3, 0, 7, 1, 21, 0, 5),
(6822, 14, 3, 0, 7, 1, 34, 0, 5),
(6821, 32, 3, 0, 7, 1, 8, 0, 5),
(6820, 54, 3, 0, 7, 1, 4, 0, 5),
(6819, 43, 3, 0, 7, 1, 23, 0, 5),
(6818, 86, 3, 0, 7, 1, 46, 0, 5),
(6650, 75, 6, 2, 2, 1, 18, 0, 5),
(6649, 22, 6, 2, 2, 1, 52, 0, 5),
(6648, 85, 6, 2, 2, 1, 44, 0, 5),
(6647, 66, 6, 2, 2, 1, 51, 0, 5),
(6646, 41, 6, 2, 2, 1, 27, 0, 5),
(6615, 5, 6, 1, 1, 1, 39, 0, 5),
(6614, 75, 6, 1, 1, 1, 18, 0, 5),
(6613, 85, 6, 1, 1, 1, 44, 0, 5),
(6612, 52, 6, 1, 1, 1, 16, 0, 5),
(6611, 29, 6, 1, 1, 1, 15, 0, 5),
(6838, 43, 3, 0, 17, 1, 23, 0, 5),
(6837, 20, 3, 0, 17, 1, 21, 0, 5),
(6836, 96, 3, 0, 17, 1, 49, 0, 5),
(6835, 59, 3, 0, 17, 1, 37, 0, 5),
(6834, 32, 3, 0, 17, 1, 8, 0, 5),
(6833, 58, 3, 0, 17, 1, 41, 0, 5),
(6832, 64, 3, 0, 17, 1, 43, 0, 5),
(6831, 83, 3, 0, 17, 1, 38, 0, 5),
(6830, 86, 3, 0, 17, 1, 46, 0, 5),
(6829, 16, 3, 0, 17, 1, 34, 0, 5),
(6624, 52, 6, 1, 2, 1, 16, 0, 5),
(6623, 29, 6, 1, 2, 1, 15, 0, 5),
(6622, 22, 6, 1, 2, 1, 52, 0, 5),
(6621, 85, 6, 1, 2, 1, 44, 0, 5),
(6620, 49, 6, 1, 2, 1, 39, 0, 5),
(7097, 75, 6, 1, 3, 1, 18, 0, 5),
(7096, 22, 6, 1, 3, 1, 52, 0, 5),
(7095, 61, 6, 1, 3, 1, 17, 0, 5),
(7094, 25, 6, 1, 3, 1, 47, 0, 5),
(7093, 85, 6, 1, 3, 1, 44, 0, 5),
(7280, 72, 2, 0, 10, 1, 22, 0, 5),
(7279, 74, 2, 0, 10, 1, 24, 0, 5),
(7278, 100, 2, 0, 10, 1, 12, 0, 5),
(7277, 24, 2, 0, 10, 1, 5, 0, 5),
(7276, 34, 2, 0, 10, 1, 14, 0, 5),
(7275, 81, 2, 0, 10, 1, 1, 0, 5),
(7274, 9, 2, 0, 10, 1, 3, 0, 5),
(7273, 20, 2, 0, 10, 1, 13, 0, 5),
(7272, 67, 2, 0, 10, 1, 26, 0, 5),
(7296, 95, 2, 0, 6, 1, 14, 0, 5),
(7120, 83, 4, 0, 1, 1, 38, 0, 5),
(7141, 30, 4, 0, 3, 1, 37, 0, 5),
(7150, 48, 4, 0, 5, 1, 49, 0, 5),
(7171, 48, 4, 0, 7, 1, 49, 0, 5),
(7360, 56, 1, 0, 2, 1, 2, 0, 5),
(7384, 10, 1, 0, 4, 1, 26, 0, 5),
(7347, 50, 1, 0, 1, 1, 1, 0, 5),
(7346, 62, 1, 0, 1, 1, 2, 0, 5),
(7345, 25, 1, 0, 1, 1, 68, 0, 5),
(13326, 24, 10, 0, 10001, 1, 5, 0, 5),
(7343, 31, 1, 0, 1, 1, 22, 0, 5),
(7359, 53, 1, 0, 2, 1, 67, 0, 5),
(7358, 66, 1, 0, 2, 1, 66, 0, 5),
(7357, 97, 1, 0, 2, 1, 70, 0, 5),
(7356, 82, 1, 0, 2, 1, 69, 0, 5),
(7355, 38, 1, 0, 2, 1, 22, 0, 5),
(7354, 39, 1, 0, 2, 1, 3, 0, 5),
(7119, 18, 4, 0, 1, 1, 29, 0, 5),
(7118, 80, 4, 0, 1, 1, 4, 0, 5),
(7117, 43, 4, 0, 1, 1, 23, 0, 5),
(7116, 8, 4, 0, 1, 1, 43, 0, 5),
(7115, 90, 4, 0, 1, 1, 34, 0, 5),
(6354, 48, 4, 0, 4, 1, 49, 0, 5),
(7114, 48, 4, 0, 1, 1, 49, 0, 5),
(7373, 2, 1, 0, 3, 1, 71, 0, 5),
(7372, 10, 1, 0, 3, 1, 26, 0, 5),
(7371, 97, 1, 0, 3, 1, 70, 0, 5),
(7370, 56, 1, 0, 3, 1, 2, 0, 5),
(7369, 25, 1, 0, 3, 1, 68, 0, 5),
(7368, 57, 1, 0, 3, 1, 67, 0, 5),
(7367, 84, 1, 0, 3, 1, 66, 0, 5),
(7366, 50, 1, 0, 3, 1, 1, 0, 5),
(7365, 82, 1, 0, 3, 1, 69, 0, 5),
(7383, 75, 1, 0, 4, 1, 71, 0, 5),
(7382, 95, 1, 0, 4, 1, 70, 0, 5),
(7381, 9, 1, 0, 4, 1, 3, 0, 5),
(7380, 53, 1, 0, 4, 1, 67, 0, 5),
(7379, 66, 1, 0, 4, 1, 66, 0, 5),
(7378, 82, 1, 0, 4, 1, 69, 0, 5),
(7377, 38, 1, 0, 4, 1, 22, 0, 5),
(7376, 55, 1, 0, 4, 1, 2, 0, 5),
(7130, 80, 4, 0, 2, 1, 4, 0, 5),
(7129, 17, 4, 0, 2, 1, 25, 0, 5),
(7140, 27, 4, 0, 3, 1, 23, 0, 5),
(7128, 48, 4, 0, 2, 1, 49, 0, 5),
(7127, 16, 4, 0, 2, 1, 34, 0, 5),
(7126, 31, 4, 0, 2, 1, 43, 0, 5),
(7125, 27, 4, 0, 2, 1, 23, 0, 5),
(7124, 59, 4, 0, 2, 1, 37, 0, 5),
(7395, 10, 1, 0, 5, 1, 26, 0, 5),
(7394, 75, 1, 0, 5, 1, 71, 0, 5),
(7393, 97, 1, 0, 5, 1, 70, 0, 5),
(7392, 57, 1, 0, 5, 1, 67, 0, 5),
(7391, 37, 1, 0, 5, 1, 22, 0, 5),
(7390, 39, 1, 0, 5, 1, 3, 0, 5),
(7389, 62, 1, 0, 5, 1, 2, 0, 5),
(7388, 84, 1, 0, 5, 1, 66, 0, 5),
(7387, 50, 1, 0, 5, 1, 1, 0, 5),
(7139, 48, 4, 0, 3, 1, 49, 0, 5),
(7123, 18, 4, 0, 2, 1, 29, 0, 5),
(7138, 8, 4, 0, 3, 1, 43, 0, 5),
(7137, 18, 4, 0, 3, 1, 29, 0, 5),
(7136, 17, 4, 0, 3, 1, 25, 0, 5),
(7135, 76, 4, 0, 3, 1, 34, 0, 5),
(7134, 80, 4, 0, 3, 1, 4, 0, 5),
(7133, 98, 4, 0, 3, 1, 38, 0, 5),
(5218, 31, 4, 0, 4, 1, 43, 0, 5),
(7450, 2, 1, 0, 10, 1, 71, 0, 5),
(5216, 59, 4, 0, 4, 1, 37, 0, 5),
(5215, 76, 4, 0, 4, 1, 34, 0, 5),
(5214, 51, 4, 0, 4, 1, 38, 0, 5),
(5213, 13, 4, 0, 4, 1, 29, 0, 5),
(5212, 17, 4, 0, 4, 1, 25, 0, 5),
(6627, 46, 6, 1, 2, 1, 46, 0, 5),
(7406, 75, 1, 0, 6, 1, 71, 0, 5),
(7405, 10, 1, 0, 6, 1, 26, 0, 5),
(7404, 53, 1, 0, 6, 1, 67, 0, 5),
(7403, 55, 1, 0, 6, 1, 2, 0, 5),
(7402, 81, 1, 0, 6, 1, 1, 0, 5),
(7401, 45, 1, 0, 6, 1, 68, 0, 5),
(7400, 97, 1, 0, 6, 1, 70, 0, 5),
(7399, 82, 1, 0, 6, 1, 69, 0, 5),
(5211, 80, 4, 0, 4, 1, 4, 0, 5),
(7461, 10, 1, 0, 17, 1, 26, 0, 5),
(7460, 2, 1, 0, 17, 1, 71, 0, 5),
(7459, 95, 1, 0, 17, 1, 70, 0, 5),
(7458, 38, 1, 0, 17, 1, 22, 0, 5),
(7457, 55, 1, 0, 17, 1, 2, 0, 5),
(7456, 81, 1, 0, 17, 1, 1, 0, 5),
(7160, 51, 4, 0, 6, 1, 38, 0, 5),
(7417, 2, 1, 0, 7, 1, 71, 0, 5),
(7416, 10, 1, 0, 7, 1, 26, 0, 5),
(7415, 45, 1, 0, 7, 1, 68, 0, 5),
(7414, 84, 1, 0, 7, 1, 66, 0, 5),
(7413, 57, 1, 0, 7, 1, 67, 0, 5),
(7412, 97, 1, 0, 7, 1, 70, 0, 5),
(7411, 50, 1, 0, 7, 1, 1, 0, 5),
(7410, 61, 1, 0, 7, 1, 69, 0, 5),
(7409, 39, 1, 0, 7, 1, 3, 0, 5),
(7455, 54, 1, 0, 17, 1, 66, 0, 5),
(7454, 87, 1, 0, 17, 1, 3, 0, 5),
(7159, 27, 4, 0, 6, 1, 23, 0, 5),
(7158, 78, 4, 0, 6, 1, 20, 0, 5),
(7157, 76, 4, 0, 6, 1, 34, 0, 5),
(7156, 31, 4, 0, 6, 1, 43, 0, 5),
(7155, 48, 4, 0, 6, 1, 49, 0, 5),
(7439, 2, 1, 0, 9, 1, 71, 0, 5),
(7154, 13, 4, 0, 6, 1, 29, 0, 5),
(7153, 17, 4, 0, 6, 1, 25, 0, 5),
(7426, 100, 1, 0, 8, 1, 69, 0, 5),
(7425, 37, 1, 0, 8, 1, 22, 0, 5),
(7424, 84, 1, 0, 8, 1, 66, 0, 5),
(7423, 39, 1, 0, 8, 1, 3, 0, 5),
(7422, 57, 1, 0, 8, 1, 67, 0, 5),
(7421, 97, 1, 0, 8, 1, 70, 0, 5),
(7420, 45, 1, 0, 8, 1, 68, 0, 5),
(7419, 62, 1, 0, 8, 1, 2, 0, 5),
(7342, 84, 1, 0, 1, 1, 66, 0, 5),
(7453, 45, 1, 0, 17, 1, 68, 0, 5),
(7149, 27, 4, 0, 5, 1, 23, 0, 5),
(7148, 17, 4, 0, 5, 1, 25, 0, 5),
(7147, 8, 4, 0, 5, 1, 43, 0, 5),
(7146, 83, 4, 0, 5, 1, 38, 0, 5),
(7145, 80, 4, 0, 5, 1, 4, 0, 5),
(7144, 76, 4, 0, 5, 1, 34, 0, 5),
(7143, 13, 4, 0, 5, 1, 29, 0, 5),
(7170, 76, 4, 0, 7, 1, 34, 0, 5),
(7169, 8, 4, 0, 7, 1, 43, 0, 5),
(7168, 83, 4, 0, 7, 1, 38, 0, 5),
(7167, 13, 4, 0, 7, 1, 29, 0, 5),
(7166, 78, 4, 0, 7, 1, 20, 0, 5),
(7165, 17, 4, 0, 7, 1, 25, 0, 5),
(7164, 27, 4, 0, 7, 1, 23, 0, 5),
(7163, 30, 4, 0, 7, 1, 37, 0, 5),
(7438, 10, 1, 0, 9, 1, 26, 0, 5),
(7437, 87, 1, 0, 9, 1, 3, 0, 5),
(7436, 38, 1, 0, 9, 1, 22, 0, 5),
(7435, 53, 1, 0, 9, 1, 67, 0, 5),
(7434, 45, 1, 0, 9, 1, 68, 0, 5),
(7433, 90, 1, 0, 9, 1, 1, 0, 5),
(7432, 55, 1, 0, 9, 1, 2, 0, 5),
(7431, 97, 1, 0, 9, 1, 70, 0, 5),
(7449, 10, 1, 0, 10, 1, 26, 0, 5),
(7448, 62, 1, 0, 10, 1, 2, 0, 5),
(7447, 61, 1, 0, 10, 1, 69, 0, 5),
(7446, 97, 1, 0, 10, 1, 70, 0, 5),
(7445, 90, 1, 0, 10, 1, 1, 0, 5),
(7444, 84, 1, 0, 10, 1, 66, 0, 5),
(7443, 39, 1, 0, 10, 1, 3, 0, 5),
(7442, 53, 1, 0, 10, 1, 67, 0, 5),
(2954, 27, 10, 0, 10002, 1, 16, 0, 5),
(3061, 73, 10, 0, 10003, 1, 70, 0, 5),
(7113, 59, 4, 0, 1, 1, 37, 0, 5),
(3062, 84, 10, 0, 10003, 1, 66, 0, 5),
(6654, 6, 6, 3, 1, 1, 40, 0, 5),
(6662, 50, 6, 3, 2, 1, 52, 0, 5),
(6636, 75, 6, 2, 1, 1, 18, 0, 5),
(6645, 26, 6, 2, 2, 1, 32, 0, 5),
(7398, 87, 1, 0, 6, 1, 3, 0, 5),
(6683, 1, 5, 1, 1, 1, 44, 0, 5),
(6691, 44, 5, 1, 2, 1, 52, 0, 5),
(7228, 109, 2, 0, 2, 1, 26, 0, 5),
(7112, 109, 4, 0, 1, 1, 46, 0, 5),
(7122, 109, 4, 0, 2, 1, 46, 0, 5),
(7132, 109, 4, 0, 3, 1, 46, 0, 5),
(6364, 10, 4, 0, 4, 1, 46, 0, 5),
(7063, 67, 2, 0, 3, 1, 26, 0, 5),
(7142, 109, 4, 0, 5, 1, 46, 0, 5),
(7152, 109, 4, 0, 6, 1, 46, 0, 5),
(7162, 109, 4, 0, 7, 1, 46, 0, 5),
(7073, 67, 2, 0, 5, 1, 26, 0, 5),
(7250, 67, 2, 0, 7, 1, 26, 0, 5),
(7341, 97, 1, 0, 1, 1, 70, 0, 5),
(6734, 12, 5, 3, 2, 1, 51, 0, 5),
(6682, 11, 5, 1, 1, 1, 27, 0, 5),
(6717, 41, 5, 2, 2, 1, 27, 0, 5),
(6681, 13, 5, 1, 1, 1, 47, 0, 5),
(6690, 65, 5, 1, 2, 1, 39, 0, 5),
(6699, 94, 5, 1, 3, 1, 44, 0, 5),
(6653, 46, 6, 2, 2, 1, 46, 0, 5),
(6661, 46, 6, 3, 1, 1, 46, 0, 5),
(6670, 46, 6, 3, 2, 1, 46, 0, 5),
(7353, 57, 1, 0, 2, 1, 68, 0, 5),
(7182, 86, 3, 0, 1, 1, 46, 0, 5),
(7194, 98, 3, 0, 2, 1, 38, 0, 5),
(7329, 51, 3, 0, 3, 1, 38, 0, 5),
(7217, 83, 3, 0, 4, 1, 38, 0, 5),
(6806, 29, 3, 0, 5, 1, 41, 0, 5),
(6817, 16, 3, 0, 6, 1, 34, 0, 5),
(6828, 29, 3, 0, 7, 1, 41, 0, 5),
(6839, 54, 3, 0, 17, 1, 4, 0, 5),
(7307, 86, 2, 0, 9, 1, 26, 0, 5),
(7172, 67, 2, 0, 1, 1, 26, 0, 5),
(7464, 78, 2, 0, 4, 1, 12, 0, 5),
(7295, 67, 2, 0, 6, 1, 26, 0, 5),
(7318, 67, 2, 0, 17, 1, 26, 0, 5),
(7261, 67, 2, 0, 8, 1, 26, 0, 5),
(7364, 39, 1, 0, 3, 1, 3, 0, 5),
(7375, 81, 1, 0, 4, 1, 1, 0, 5),
(7386, 25, 1, 0, 5, 1, 68, 0, 5),
(7397, 54, 1, 0, 6, 1, 66, 0, 5),
(7408, 37, 1, 0, 7, 1, 22, 0, 5),
(7452, 53, 1, 0, 17, 1, 67, 0, 5),
(7430, 12, 1, 0, 9, 1, 66, 0, 5),
(7441, 37, 1, 0, 10, 1, 22, 0, 5),
(7050, 75, 5, 1, 2, 1, 18, 0, 5),
(7051, 75, 5, 1, 3, 1, 18, 0, 5),
(7374, 25, 1, 0, 4, 1, 68, 0, 5),
(7385, 82, 1, 0, 5, 1, 69, 0, 5),
(7396, 38, 1, 0, 6, 1, 22, 0, 5),
(7352, 81, 1, 0, 2, 1, 1, 0, 5),
(7363, 37, 1, 0, 3, 1, 22, 0, 5),
(7407, 62, 1, 0, 7, 1, 2, 0, 5),
(7418, 90, 1, 0, 8, 1, 1, 0, 5),
(7429, 100, 1, 0, 9, 1, 69, 0, 5),
(7451, 61, 1, 0, 17, 1, 69, 0, 5),
(7440, 45, 1, 0, 10, 1, 68, 0, 5),
(7101, 5, 6, 1, 3, 1, 39, 0, 5),
(7193, 110, 3, 0, 1, 1, 49, 0, 5),
(7205, 7, 3, 0, 2, 1, 20, 0, 5),
(7238, 74, 2, 0, 2, 1, 24, 0, 5),
(7463, 33, 2, 0, 4, 1, 1, 0, 5),
(7260, 110, 2, 0, 7, 1, 24, 0, 5),
(7271, 74, 2, 0, 8, 1, 24, 0, 5),
(7282, 68, 2, 0, 10, 1, 2, 0, 5),
(7462, 67, 2, 0, 4, 1, 26, 0, 5),
(7305, 56, 2, 0, 6, 1, 2, 0, 5),
(7306, 0, 2, 0, 6, 1, 22, 0, 5),
(7317, 38, 2, 0, 9, 1, 22, 0, 5),
(7328, 9, 2, 0, 17, 1, 3, 0, 5),
(7340, 23, 3, 0, 3, 1, 21, 0, 5),
(7474, 0, 2, 0, 4, 1, 22, 0, 5),
(11192, 2, 1, 0, 1, 1, 71, 0, 6),
(11191, 78, 1, 0, 1, 1, 69, 0, 6),
(11190, 45, 1, 0, 1, 1, 68, 0, 6),
(11189, 96, 1, 0, 1, 1, 70, 0, 6),
(11188, 115, 1, 0, 1, 1, 3, 0, 6),
(11187, 49, 1, 0, 1, 1, 2, 0, 6),
(11186, 47, 1, 0, 1, 1, 66, 0, 6),
(11185, 28, 1, 0, 1, 1, 1, 0, 6),
(11184, 97, 1, 0, 1, 1, 67, 0, 6),
(11183, 40, 1, 0, 1, 1, 22, 0, 6),
(10869, 2, 1, 0, 2, 1, 71, 0, 6),
(10868, 24, 1, 0, 2, 1, 68, 0, 6),
(10867, 64, 1, 0, 2, 1, 22, 0, 6),
(10866, 48, 1, 0, 2, 1, 67, 0, 6),
(10865, 78, 1, 0, 2, 1, 69, 0, 6),
(10864, 68, 1, 0, 2, 1, 2, 0, 6),
(10863, 83, 1, 0, 2, 1, 3, 0, 6),
(10862, 12, 1, 0, 2, 1, 66, 0, 6),
(8493, 7, 10, 0, 10001, 1, 69, 0, 6),
(8492, 0, 10, 0, 10001, 1, 16, 0, 6),
(8491, 0, 10, 0, 10001, 1, 67, 0, 6),
(8490, 52, 10, 0, 10001, 1, 23, 0, 6),
(8489, 0, 10, 0, 10001, 1, 68, 0, 6),
(8488, 0, 10, 0, 10001, 1, 68, 0, 6),
(8487, 58, 10, 0, 10001, 1, 15, 0, 6),
(8486, 58, 10, 0, 10001, 1, 41, 0, 6),
(8485, 72, 10, 0, 10001, 1, 44, 0, 6),
(8484, 72, 10, 0, 10001, 1, 43, 0, 6),
(8483, 72, 10, 0, 10001, 1, 22, 0, 6),
(10498, 36, 6, 3, 2, 1, 46, 0, 6),
(10497, 44, 6, 3, 2, 1, 52, 0, 6),
(10496, 65, 6, 3, 2, 1, 39, 0, 6),
(10495, 111, 6, 3, 2, 1, 51, 0, 6),
(10494, 11, 6, 3, 2, 1, 27, 0, 6),
(7509, 52, 10, 0, 10003, 1, 16, 0, 6),
(7510, 110, 10, 0, 10003, 1, 70, 0, 6),
(10861, 81, 1, 0, 2, 1, 1, 0, 6),
(10860, 96, 1, 0, 2, 1, 70, 0, 6),
(10891, 36, 6, 1, 2, 1, 46, 0, 6),
(10890, 87, 6, 1, 2, 1, 40, 0, 6),
(10889, 44, 6, 1, 2, 1, 52, 0, 6),
(10888, 75, 6, 1, 2, 1, 18, 0, 6),
(10887, 18, 6, 1, 2, 1, 47, 0, 6),
(10886, 58, 6, 1, 2, 1, 15, 0, 6),
(10885, 41, 6, 1, 2, 1, 27, 0, 6),
(10884, 55, 6, 1, 2, 1, 39, 0, 6),
(10883, 53, 6, 1, 2, 1, 16, 0, 6),
(10882, 78, 6, 1, 2, 1, 17, 0, 6),
(11143, 2, 1, 0, 3, 1, 71, 0, 6),
(11142, 45, 1, 0, 3, 1, 68, 0, 6),
(11141, 40, 1, 0, 3, 1, 22, 0, 6),
(11140, 49, 1, 0, 3, 1, 2, 0, 6),
(11139, 97, 1, 0, 3, 1, 67, 0, 6),
(11138, 28, 1, 0, 3, 1, 1, 0, 6),
(11137, 96, 1, 0, 3, 1, 70, 0, 6),
(11136, 95, 1, 0, 3, 1, 69, 0, 6),
(11135, 115, 1, 0, 3, 1, 3, 0, 6),
(11134, 47, 1, 0, 3, 1, 66, 0, 6),
(9681, 11, 6, 1, 1, 1, 27, 0, 6),
(9680, 87, 6, 1, 1, 1, 40, 0, 6),
(9679, 58, 6, 1, 1, 1, 15, 0, 6),
(9678, 44, 6, 1, 1, 1, 52, 0, 6),
(9677, 75, 6, 1, 1, 1, 18, 0, 6),
(9676, 53, 6, 1, 1, 1, 16, 0, 6),
(9675, 94, 6, 1, 1, 1, 44, 0, 6),
(9674, 65, 6, 1, 1, 1, 39, 0, 6),
(9673, 18, 6, 1, 1, 1, 47, 0, 6),
(10836, 49, 1, 0, 4, 1, 2, 0, 6),
(10835, 64, 1, 0, 4, 1, 22, 0, 6),
(10834, 97, 1, 0, 4, 1, 67, 0, 6),
(10833, 24, 1, 0, 4, 1, 68, 0, 6),
(10832, 83, 1, 0, 4, 1, 3, 0, 6),
(10831, 14, 1, 0, 4, 1, 1, 0, 6),
(10830, 96, 1, 0, 4, 1, 70, 0, 6),
(10829, 95, 1, 0, 4, 1, 69, 0, 6),
(10828, 2, 1, 0, 4, 1, 71, 0, 6),
(10827, 12, 1, 0, 4, 1, 66, 0, 6),
(10901, 36, 6, 2, 1, 1, 46, 0, 6),
(10900, 87, 6, 2, 1, 1, 40, 0, 6),
(8482, 6, 10, 0, 10001, 1, 40, 0, 6),
(8481, 6, 10, 0, 10001, 1, 38, 0, 6),
(8480, 6, 10, 0, 10001, 1, 3, 0, 6),
(8479, 65, 10, 0, 10001, 1, 39, 0, 6),
(8478, 65, 10, 0, 10001, 1, 37, 0, 6),
(8477, 65, 10, 0, 10001, 1, 2, 0, 6),
(8476, 44, 10, 0, 10001, 1, 52, 0, 6),
(8475, 44, 10, 0, 10001, 1, 34, 0, 6),
(8474, 44, 10, 0, 10001, 1, 1, 0, 6),
(9601, 21, 5, 1, 1, 1, 27, 0, 6),
(9600, 5, 5, 1, 1, 1, 39, 0, 6),
(9599, 27, 5, 1, 1, 1, 16, 0, 6),
(9598, 16, 5, 1, 1, 1, 52, 0, 6),
(9597, 6, 5, 1, 1, 1, 40, 0, 6),
(9596, 8, 5, 1, 1, 1, 44, 0, 6),
(9595, 18, 5, 1, 1, 1, 47, 0, 6),
(9594, 29, 5, 1, 1, 1, 15, 0, 6),
(11154, 96, 1, 0, 5, 1, 70, 0, 6),
(11153, 78, 1, 0, 5, 1, 69, 0, 6),
(11152, 2, 1, 0, 5, 1, 71, 0, 6),
(11151, 97, 1, 0, 5, 1, 67, 0, 6),
(11150, 47, 1, 0, 5, 1, 66, 0, 6),
(11149, 115, 1, 0, 5, 1, 3, 0, 6),
(11148, 49, 1, 0, 5, 1, 2, 0, 6),
(11147, 40, 1, 0, 5, 1, 22, 0, 6),
(11146, 45, 1, 0, 5, 1, 68, 0, 6),
(11145, 28, 1, 0, 5, 1, 1, 0, 6),
(10445, 86, 5, 1, 2, 1, 46, 0, 6),
(10444, 5, 5, 1, 2, 1, 39, 0, 6),
(10443, 27, 5, 1, 2, 1, 16, 0, 6),
(10442, 6, 5, 1, 2, 1, 40, 0, 6),
(10441, 78, 5, 1, 2, 1, 17, 0, 6),
(10440, 75, 5, 1, 2, 1, 18, 0, 6),
(10439, 8, 5, 1, 2, 1, 44, 0, 6),
(10438, 18, 5, 1, 2, 1, 47, 0, 6),
(10437, 29, 5, 1, 2, 1, 15, 0, 6),
(10436, 16, 5, 1, 2, 1, 52, 0, 6),
(10858, 96, 1, 0, 6, 1, 70, 0, 6),
(10857, 2, 1, 0, 6, 1, 71, 0, 6),
(10856, 64, 1, 0, 6, 1, 22, 0, 6),
(10855, 83, 1, 0, 6, 1, 3, 0, 6),
(10854, 24, 1, 0, 6, 1, 68, 0, 6),
(10853, 47, 1, 0, 6, 1, 66, 0, 6),
(10852, 14, 1, 0, 6, 1, 1, 0, 6),
(10851, 48, 1, 0, 6, 1, 67, 0, 6),
(10850, 95, 1, 0, 6, 1, 69, 0, 6),
(10849, 68, 1, 0, 6, 1, 2, 0, 6),
(9583, 79, 5, 2, 1, 1, 7, 0, 6),
(9582, 6, 5, 2, 1, 1, 40, 0, 6),
(9581, 16, 5, 2, 1, 1, 52, 0, 6),
(9580, 26, 5, 2, 1, 1, 32, 0, 6),
(9579, 55, 5, 2, 1, 1, 39, 0, 6),
(9578, 11, 5, 2, 1, 1, 27, 0, 6),
(9577, 66, 5, 2, 1, 1, 51, 0, 6),
(9576, 8, 5, 2, 1, 1, 44, 0, 6),
(11203, 2, 1, 0, 7, 1, 71, 0, 6),
(11202, 96, 1, 0, 7, 1, 70, 0, 6),
(11201, 95, 1, 0, 7, 1, 69, 0, 6),
(11200, 115, 1, 0, 7, 1, 3, 0, 6),
(11199, 97, 1, 0, 7, 1, 67, 0, 6),
(11198, 45, 1, 0, 7, 1, 68, 0, 6),
(11197, 40, 1, 0, 7, 1, 22, 0, 6),
(11196, 49, 1, 0, 7, 1, 2, 0, 6),
(11195, 28, 1, 0, 7, 1, 1, 0, 6),
(11194, 116, 1, 0, 7, 1, 66, 0, 6),
(9592, 79, 5, 2, 2, 1, 7, 0, 6),
(9591, 16, 5, 2, 2, 1, 52, 0, 6),
(9590, 6, 5, 2, 2, 1, 40, 0, 6),
(9589, 26, 5, 2, 2, 1, 32, 0, 6),
(9588, 55, 5, 2, 2, 1, 39, 0, 6),
(9587, 66, 5, 2, 2, 1, 51, 0, 6),
(9586, 8, 5, 2, 2, 1, 44, 0, 6),
(9585, 21, 5, 2, 2, 1, 27, 0, 6),
(11047, 78, 1, 0, 17, 1, 69, 0, 6),
(11046, 24, 1, 0, 17, 1, 68, 0, 6),
(11045, 49, 1, 0, 17, 1, 2, 0, 6),
(11044, 14, 1, 0, 17, 1, 1, 0, 6),
(11043, 2, 1, 0, 17, 1, 71, 0, 6),
(11042, 96, 1, 0, 17, 1, 70, 0, 6),
(11041, 47, 1, 0, 17, 1, 66, 0, 6),
(11040, 97, 1, 0, 17, 1, 67, 0, 6),
(11039, 64, 1, 0, 17, 1, 22, 0, 6),
(11038, 113, 1, 0, 17, 1, 3, 0, 6),
(11173, 86, 5, 3, 1, 1, 46, 0, 6),
(11172, 115, 5, 3, 1, 1, 40, 0, 6),
(11171, 55, 5, 3, 1, 1, 39, 0, 6),
(11170, 22, 5, 3, 1, 1, 52, 0, 6),
(11169, 11, 5, 3, 1, 1, 27, 0, 6),
(11168, 79, 5, 3, 1, 1, 7, 0, 6),
(11167, 66, 5, 3, 1, 1, 51, 0, 6),
(10803, 95, 1, 0, 8, 1, 69, 0, 6),
(10802, 68, 1, 0, 8, 1, 2, 0, 6),
(10801, 2, 1, 0, 8, 1, 71, 0, 6),
(10800, 24, 1, 0, 8, 1, 68, 0, 6),
(10799, 96, 1, 0, 8, 1, 70, 0, 6),
(10798, 40, 1, 0, 8, 1, 22, 0, 6),
(10797, 28, 1, 0, 8, 1, 1, 0, 6),
(10796, 12, 1, 0, 8, 1, 66, 0, 6),
(10795, 83, 1, 0, 8, 1, 3, 0, 6),
(10794, 97, 1, 0, 8, 1, 67, 0, 6),
(11181, 86, 5, 3, 2, 1, 46, 0, 6),
(11180, 21, 5, 3, 2, 1, 27, 0, 6),
(11179, 79, 5, 3, 2, 1, 7, 0, 6),
(11178, 55, 5, 3, 2, 1, 39, 0, 6),
(11177, 66, 5, 3, 2, 1, 51, 0, 6),
(11176, 115, 5, 3, 2, 1, 40, 0, 6),
(11175, 22, 5, 3, 2, 1, 52, 0, 6),
(10899, 12, 6, 2, 1, 1, 51, 0, 6),
(10898, 26, 6, 2, 1, 1, 32, 0, 6),
(10897, 65, 6, 2, 1, 1, 39, 0, 6),
(10896, 41, 6, 2, 1, 1, 27, 0, 6),
(10895, 62, 6, 2, 1, 1, 11, 0, 6),
(10894, 44, 6, 2, 1, 1, 52, 0, 6),
(10893, 94, 6, 2, 1, 1, 44, 0, 6),
(11090, 49, 1, 0, 9, 1, 2, 0, 6),
(11089, 96, 1, 0, 9, 1, 70, 0, 6),
(11088, 47, 1, 0, 9, 1, 66, 0, 6),
(11087, 113, 1, 0, 9, 1, 3, 0, 6),
(11086, 64, 1, 0, 9, 1, 22, 0, 6),
(11085, 2, 1, 0, 9, 1, 71, 0, 6),
(11084, 48, 1, 0, 9, 1, 67, 0, 6),
(11083, 45, 1, 0, 9, 1, 68, 0, 6),
(11082, 14, 1, 0, 9, 1, 1, 0, 6),
(11081, 95, 1, 0, 9, 1, 69, 0, 6),
(10563, 36, 6, 2, 2, 1, 46, 0, 6),
(10562, 65, 6, 2, 2, 1, 39, 0, 6),
(10561, 11, 6, 2, 2, 1, 27, 0, 6),
(10560, 15, 6, 2, 2, 1, 6, 0, 6),
(10559, 75, 6, 2, 2, 1, 18, 0, 6),
(10558, 94, 6, 2, 2, 1, 44, 0, 6),
(10557, 26, 6, 2, 2, 1, 32, 0, 6),
(10556, 87, 6, 2, 2, 1, 40, 0, 6),
(10555, 111, 6, 2, 2, 1, 51, 0, 6),
(10880, 98, 2, 0, 1, 1, 3, 0, 6),
(10879, 34, 2, 0, 1, 1, 72, 0, 6),
(10878, 2, 2, 0, 1, 1, 22, 0, 6),
(10877, 59, 2, 0, 1, 1, 2, 0, 6),
(10876, 100, 2, 0, 1, 1, 69, 0, 6),
(10875, 13, 2, 0, 1, 1, 68, 0, 6),
(10874, 57, 2, 0, 1, 1, 67, 0, 6),
(10873, 50, 2, 0, 1, 1, 1, 0, 6),
(10872, 84, 2, 0, 1, 1, 66, 0, 6),
(10871, 110, 2, 0, 1, 1, 70, 0, 6),
(12059, 62, 6, 3, 1, 1, 11, 0, 7),
(12037, 36, 6, 3, 1, 1, 46, 0, 6),
(12036, 62, 6, 3, 1, 1, 11, 0, 6),
(12035, 5, 6, 3, 1, 1, 39, 0, 6),
(12034, 6, 6, 3, 1, 1, 40, 0, 6),
(12033, 66, 6, 3, 1, 1, 51, 0, 6),
(11110, 34, 2, 0, 2, 1, 72, 0, 6),
(11109, 110, 2, 0, 2, 1, 70, 0, 6),
(11108, 48, 2, 0, 2, 1, 67, 0, 6),
(11107, 90, 2, 0, 2, 1, 1, 0, 6),
(11106, 38, 2, 0, 2, 1, 22, 0, 6),
(11105, 84, 2, 0, 2, 1, 66, 0, 6),
(11104, 57, 2, 0, 2, 1, 68, 0, 6),
(11103, 59, 2, 0, 2, 1, 2, 0, 6),
(11102, 100, 2, 0, 2, 1, 69, 0, 6),
(11101, 51, 2, 0, 2, 1, 3, 0, 6),
(12032, 22, 6, 3, 1, 1, 52, 0, 6),
(12031, 35, 6, 3, 1, 1, 42, 0, 6),
(10759, 110, 2, 0, 3, 1, 70, 0, 6),
(10758, 84, 2, 0, 3, 1, 66, 0, 6),
(10757, 31, 2, 0, 3, 1, 22, 0, 6),
(10756, 57, 2, 0, 3, 1, 67, 0, 6),
(10755, 34, 2, 0, 3, 1, 72, 0, 6),
(10754, 95, 2, 0, 3, 1, 69, 0, 6),
(10753, 59, 2, 0, 3, 1, 2, 0, 6),
(10752, 13, 2, 0, 3, 1, 68, 0, 6),
(10751, 98, 2, 0, 3, 1, 3, 0, 6),
(10750, 50, 2, 0, 3, 1, 1, 0, 6),
(10704, 48, 2, 0, 4, 1, 67, 0, 6),
(10703, 30, 2, 0, 4, 1, 2, 0, 6),
(10702, 98, 2, 0, 4, 1, 3, 0, 6),
(10701, 110, 2, 0, 4, 1, 70, 0, 6),
(10700, 34, 2, 0, 4, 1, 72, 0, 6),
(10699, 100, 2, 0, 4, 1, 69, 0, 6),
(10698, 20, 2, 0, 4, 1, 66, 0, 6),
(10697, 38, 2, 0, 4, 1, 22, 0, 6),
(10696, 90, 2, 0, 4, 1, 1, 0, 6),
(10695, 13, 2, 0, 4, 1, 68, 0, 6),
(10781, 24, 2, 0, 5, 1, 68, 0, 6),
(10780, 59, 2, 0, 5, 1, 2, 0, 6),
(10779, 2, 2, 0, 5, 1, 22, 0, 6),
(10778, 34, 2, 0, 5, 1, 72, 0, 6),
(10777, 50, 2, 0, 5, 1, 1, 0, 6),
(10776, 98, 2, 0, 5, 1, 3, 0, 6),
(10775, 84, 2, 0, 5, 1, 66, 0, 6),
(10774, 57, 2, 0, 5, 1, 67, 0, 6),
(10773, 110, 2, 0, 5, 1, 70, 0, 6),
(10772, 100, 2, 0, 5, 1, 69, 0, 6),
(10737, 59, 2, 0, 6, 1, 2, 0, 6),
(10736, 34, 2, 0, 6, 1, 72, 0, 6),
(10735, 13, 2, 0, 6, 1, 68, 0, 6),
(10734, 100, 2, 0, 6, 1, 69, 0, 6),
(10733, 20, 2, 0, 6, 1, 66, 0, 6),
(10732, 38, 2, 0, 6, 1, 22, 0, 6),
(10731, 110, 2, 0, 6, 1, 70, 0, 6),
(10730, 51, 2, 0, 6, 1, 3, 0, 6),
(10729, 48, 2, 0, 6, 1, 67, 0, 6),
(10728, 90, 2, 0, 6, 1, 1, 0, 6),
(10493, 23, 6, 3, 2, 1, 42, 0, 6),
(10492, 15, 6, 3, 2, 1, 6, 0, 6),
(10491, 75, 6, 3, 2, 1, 18, 0, 6),
(10770, 34, 2, 0, 7, 1, 72, 0, 6),
(10769, 98, 2, 0, 7, 1, 3, 0, 6),
(10768, 110, 2, 0, 7, 1, 70, 0, 6),
(10767, 84, 2, 0, 7, 1, 66, 0, 6),
(10766, 57, 2, 0, 7, 1, 67, 0, 6),
(10765, 90, 2, 0, 7, 1, 1, 0, 6),
(10764, 13, 2, 0, 7, 1, 68, 0, 6),
(10763, 31, 2, 0, 7, 1, 22, 0, 6),
(10762, 59, 2, 0, 7, 1, 2, 0, 6),
(10761, 7, 2, 0, 7, 1, 69, 0, 6),
(10052, 86, 4, 0, 1, 1, 46, 0, 6),
(10051, 25, 4, 0, 1, 1, 29, 0, 6),
(10050, 16, 4, 0, 1, 1, 34, 0, 6),
(10049, 62, 4, 0, 1, 1, 49, 0, 6),
(10048, 17, 4, 0, 1, 1, 25, 0, 6),
(10047, 52, 4, 0, 1, 1, 23, 0, 6),
(10046, 6, 4, 0, 1, 1, 38, 0, 6),
(10045, 56, 4, 0, 1, 1, 37, 0, 6),
(10044, 31, 4, 0, 1, 1, 43, 0, 6),
(9633, 75, 4, 0, 2, 1, 18, 0, 6),
(9632, 52, 4, 0, 2, 1, 23, 0, 6),
(9631, 62, 4, 0, 2, 1, 49, 0, 6),
(9630, 7, 4, 0, 2, 1, 20, 0, 6),
(9629, 31, 4, 0, 2, 1, 43, 0, 6),
(9628, 6, 4, 0, 2, 1, 38, 0, 6),
(9627, 25, 4, 0, 2, 1, 29, 0, 6),
(9626, 17, 4, 0, 2, 1, 25, 0, 6),
(9625, 56, 4, 0, 2, 1, 37, 0, 6),
(9624, 16, 4, 0, 2, 1, 34, 0, 6),
(11121, 110, 2, 0, 17, 1, 70, 0, 6),
(11120, 84, 2, 0, 17, 1, 66, 0, 6),
(11119, 34, 2, 0, 17, 1, 72, 0, 6),
(11118, 30, 2, 0, 17, 1, 2, 0, 6),
(11117, 50, 2, 0, 17, 1, 1, 0, 6),
(11116, 48, 2, 0, 17, 1, 67, 0, 6),
(11115, 98, 2, 0, 17, 1, 3, 0, 6),
(11114, 100, 2, 0, 17, 1, 69, 0, 6),
(11113, 13, 2, 0, 17, 1, 68, 0, 6),
(11112, 38, 2, 0, 17, 1, 22, 0, 6),
(11213, 116, 4, 0, 3, 1, 4, 0, 6),
(11212, 68, 4, 0, 3, 1, 37, 0, 6),
(11211, 51, 4, 0, 3, 1, 38, 0, 6),
(11210, 34, 4, 0, 3, 1, 49, 0, 6),
(11209, 43, 4, 0, 3, 1, 23, 0, 6),
(11208, 17, 4, 0, 3, 1, 25, 0, 6),
(11207, 72, 4, 0, 3, 1, 43, 0, 6),
(11206, 81, 4, 0, 3, 1, 34, 0, 6),
(11205, 25, 4, 0, 3, 1, 29, 0, 6),
(10748, 38, 2, 0, 8, 1, 22, 0, 6),
(10747, 100, 2, 0, 8, 1, 69, 0, 6),
(10746, 59, 2, 0, 8, 1, 2, 0, 6),
(10745, 110, 2, 0, 8, 1, 70, 0, 6),
(10744, 13, 2, 0, 8, 1, 68, 0, 6),
(10743, 50, 2, 0, 8, 1, 1, 0, 6),
(10742, 34, 2, 0, 8, 1, 72, 0, 6),
(10741, 84, 2, 0, 8, 1, 66, 0, 6),
(10740, 57, 2, 0, 8, 1, 67, 0, 6),
(10739, 98, 2, 0, 8, 1, 3, 0, 6),
(11223, 34, 4, 0, 4, 1, 49, 0, 6),
(11222, 17, 4, 0, 4, 1, 25, 0, 6),
(11221, 43, 4, 0, 4, 1, 23, 0, 6),
(11220, 72, 4, 0, 4, 1, 43, 0, 6),
(11219, 25, 4, 0, 4, 1, 29, 0, 6),
(11218, 68, 4, 0, 4, 1, 37, 0, 6),
(11217, 116, 4, 0, 4, 1, 4, 0, 6),
(11216, 51, 4, 0, 4, 1, 38, 0, 6),
(11215, 81, 4, 0, 4, 1, 34, 0, 6),
(11233, 51, 4, 0, 5, 1, 38, 0, 6),
(11232, 17, 4, 0, 5, 1, 25, 0, 6),
(11231, 25, 4, 0, 5, 1, 29, 0, 6),
(11230, 81, 4, 0, 5, 1, 34, 0, 6),
(11229, 72, 4, 0, 5, 1, 43, 0, 6),
(11228, 116, 4, 0, 5, 1, 4, 0, 6),
(11227, 34, 4, 0, 5, 1, 49, 0, 6),
(11226, 68, 4, 0, 5, 1, 37, 0, 6),
(11225, 43, 4, 0, 5, 1, 23, 0, 6),
(11243, 81, 4, 0, 6, 1, 34, 0, 6),
(11242, 34, 4, 0, 6, 1, 49, 0, 6),
(11241, 116, 4, 0, 6, 1, 4, 0, 6),
(11240, 51, 4, 0, 6, 1, 38, 0, 6),
(11239, 17, 4, 0, 6, 1, 25, 0, 6),
(11238, 43, 4, 0, 6, 1, 23, 0, 6),
(11237, 68, 4, 0, 6, 1, 37, 0, 6),
(11236, 25, 4, 0, 6, 1, 29, 0, 6),
(11235, 72, 4, 0, 6, 1, 43, 0, 6),
(10509, 36, 3, 0, 9, 1, 46, 0, 6),
(10508, 56, 3, 0, 9, 1, 37, 0, 6),
(10507, 9, 3, 0, 9, 1, 38, 0, 6),
(10506, 32, 3, 0, 9, 1, 4, 0, 6),
(10505, 53, 3, 0, 9, 1, 23, 0, 6),
(10504, 111, 3, 0, 9, 1, 8, 0, 6),
(10503, 21, 3, 0, 9, 1, 49, 0, 6),
(10502, 58, 3, 0, 9, 1, 41, 0, 6),
(10501, 20, 3, 0, 9, 1, 21, 0, 6),
(10500, 37, 3, 0, 9, 1, 43, 0, 6),
(9901, 33, 3, 0, 1, 1, 34, 0, 6),
(9900, 35, 3, 0, 1, 1, 21, 0, 6),
(9899, 53, 3, 0, 1, 1, 23, 0, 6),
(9898, 32, 3, 0, 1, 1, 8, 0, 6),
(9897, 85, 3, 0, 1, 1, 43, 0, 6),
(9896, 21, 3, 0, 1, 1, 49, 0, 6),
(9895, 29, 3, 0, 1, 1, 41, 0, 6),
(9894, 7, 3, 0, 1, 1, 20, 0, 6),
(9893, 9, 3, 0, 1, 1, 38, 0, 6),
(9892, 30, 3, 0, 1, 1, 37, 0, 6),
(10542, 36, 3, 0, 8, 1, 46, 0, 6),
(10541, 9, 3, 0, 8, 1, 38, 0, 6),
(10540, 111, 3, 0, 8, 1, 8, 0, 6),
(10539, 22, 3, 0, 8, 1, 34, 0, 6),
(10538, 30, 3, 0, 8, 1, 37, 0, 6),
(10537, 41, 3, 0, 8, 1, 49, 0, 6),
(10536, 53, 3, 0, 8, 1, 23, 0, 6),
(10535, 32, 3, 0, 8, 1, 4, 0, 6),
(10534, 85, 3, 0, 8, 1, 43, 0, 6),
(9912, 7, 3, 0, 2, 1, 20, 0, 6),
(9911, 32, 3, 0, 2, 1, 8, 0, 6),
(9910, 41, 3, 0, 2, 1, 49, 0, 6),
(9909, 76, 3, 0, 2, 1, 34, 0, 6),
(9908, 53, 3, 0, 2, 1, 23, 0, 6),
(9907, 37, 3, 0, 2, 1, 43, 0, 6),
(9906, 45, 3, 0, 2, 1, 41, 0, 6),
(9905, 30, 3, 0, 2, 1, 37, 0, 6),
(9904, 20, 3, 0, 2, 1, 21, 0, 6),
(9903, 83, 3, 0, 2, 1, 38, 0, 6),
(10533, 35, 3, 0, 8, 1, 21, 0, 6),
(10553, 109, 3, 0, 17, 1, 46, 0, 6),
(10552, 58, 3, 0, 17, 1, 41, 0, 6),
(10551, 52, 3, 0, 17, 1, 23, 0, 6),
(10550, 20, 3, 0, 17, 1, 21, 0, 6),
(10549, 21, 3, 0, 17, 1, 49, 0, 6),
(10548, 56, 3, 0, 17, 1, 37, 0, 6),
(10547, 37, 3, 0, 17, 1, 43, 0, 6),
(10546, 111, 3, 0, 17, 1, 8, 0, 6),
(10545, 83, 3, 0, 17, 1, 38, 0, 6),
(10544, 76, 3, 0, 17, 1, 34, 0, 6),
(9923, 7, 3, 0, 3, 1, 20, 0, 6),
(9922, 56, 3, 0, 3, 1, 37, 0, 6),
(9921, 85, 3, 0, 3, 1, 43, 0, 6),
(9920, 41, 3, 0, 3, 1, 49, 0, 6),
(9919, 27, 3, 0, 3, 1, 23, 0, 6),
(9918, 32, 3, 0, 3, 1, 8, 0, 6),
(9917, 9, 3, 0, 3, 1, 38, 0, 6),
(9916, 35, 3, 0, 3, 1, 21, 0, 6),
(9915, 29, 3, 0, 3, 1, 41, 0, 6),
(9914, 33, 3, 0, 3, 1, 34, 0, 6),
(9934, 75, 3, 0, 4, 1, 18, 0, 6),
(9933, 37, 3, 0, 4, 1, 43, 0, 6),
(9932, 29, 3, 0, 4, 1, 41, 0, 6),
(9931, 41, 3, 0, 4, 1, 49, 0, 6),
(9930, 66, 3, 0, 4, 1, 8, 0, 6),
(9929, 83, 3, 0, 4, 1, 38, 0, 6),
(9928, 56, 3, 0, 4, 1, 37, 0, 6),
(9927, 76, 3, 0, 4, 1, 34, 0, 6),
(9926, 52, 3, 0, 4, 1, 23, 0, 6),
(9925, 35, 3, 0, 4, 1, 21, 0, 6),
(10531, 109, 3, 0, 7, 1, 46, 0, 6),
(10530, 32, 3, 0, 7, 1, 4, 0, 6),
(10529, 22, 3, 0, 7, 1, 34, 0, 6),
(10528, 41, 3, 0, 7, 1, 49, 0, 6),
(10527, 35, 3, 0, 7, 1, 21, 0, 6),
(10526, 111, 3, 0, 7, 1, 8, 0, 6),
(10525, 29, 3, 0, 7, 1, 41, 0, 6),
(10524, 27, 3, 0, 7, 1, 23, 0, 6),
(10523, 9, 3, 0, 7, 1, 38, 0, 6),
(10522, 30, 3, 0, 7, 1, 37, 0, 6),
(10520, 109, 3, 0, 6, 1, 46, 0, 6),
(10519, 56, 3, 0, 6, 1, 37, 0, 6),
(10518, 52, 3, 0, 6, 1, 23, 0, 6),
(10517, 21, 3, 0, 6, 1, 49, 0, 6),
(10516, 32, 3, 0, 6, 1, 4, 0, 6),
(10515, 76, 3, 0, 6, 1, 34, 0, 6),
(10514, 9, 3, 0, 6, 1, 38, 0, 6),
(10513, 35, 3, 0, 6, 1, 21, 0, 6),
(10512, 37, 3, 0, 6, 1, 43, 0, 6),
(9945, 20, 3, 0, 5, 1, 21, 0, 6),
(9944, 21, 3, 0, 5, 1, 49, 0, 6),
(9943, 30, 3, 0, 5, 1, 37, 0, 6),
(9942, 58, 3, 0, 5, 1, 41, 0, 6),
(9941, 9, 3, 0, 5, 1, 38, 0, 6),
(9940, 85, 3, 0, 5, 1, 43, 0, 6),
(9939, 22, 3, 0, 5, 1, 34, 0, 6),
(9938, 32, 3, 0, 5, 1, 4, 0, 6),
(10511, 111, 3, 0, 6, 1, 8, 0, 6),
(9937, 27, 3, 0, 5, 1, 23, 0, 6),
(9936, 66, 3, 0, 5, 1, 8, 0, 6),
(8494, 0, 10, 0, 10001, 1, 20, 0, 6),
(8495, 25, 10, 0, 10001, 1, 29, 0, 6),
(8496, 25, 10, 0, 10001, 1, 47, 0, 6),
(8497, 23, 10, 0, 10001, 1, 21, 0, 6),
(8498, 23, 10, 0, 10001, 1, 42, 0, 6),
(8499, 0, 10, 0, 10001, 1, 67, 0, 6),
(8500, 0, 10, 0, 10001, 1, 16, 0, 6),
(8501, 0, 10, 0, 10001, 1, 20, 0, 6),
(8502, 11, 10, 0, 10001, 1, 27, 0, 6),
(8503, 66, 10, 0, 10001, 1, 8, 0, 6),
(8504, 66, 10, 0, 10001, 1, 51, 0, 6),
(8505, 0, 10, 0, 10001, 1, 70, 0, 6),
(11182, 46, 1, 0, 1, 1, 26, 0, 6),
(10859, 46, 1, 0, 2, 1, 26, 0, 6),
(11133, 46, 1, 0, 3, 1, 26, 0, 6),
(11204, 46, 4, 0, 3, 1, 46, 0, 6),
(11214, 46, 4, 0, 4, 1, 46, 0, 6),
(11224, 46, 4, 0, 5, 1, 46, 0, 6),
(11234, 46, 4, 0, 6, 1, 46, 0, 6),
(11166, 23, 5, 3, 1, 1, 42, 0, 6),
(11174, 23, 5, 3, 2, 1, 42, 0, 6);
INSERT INTO `prof_disc` (`id`, `professor_id`, `nivel_id`, `area_id`, `periodo_id`, `tipo_insc_id`, `disciplina_id`, `coordenacao`, `ano_lec_id`) VALUES
(9584, 86, 5, 2, 1, 1, 46, 0, 6),
(9593, 86, 5, 2, 2, 1, 46, 0, 6),
(9602, 86, 5, 1, 1, 1, 46, 0, 6),
(10435, 11, 5, 1, 2, 1, 27, 0, 6),
(10043, 7, 4, 0, 1, 1, 20, 0, 6),
(9634, 86, 4, 0, 2, 1, 46, 0, 6),
(12030, 41, 6, 3, 1, 1, 27, 0, 6),
(10490, 87, 6, 3, 2, 1, 40, 0, 6),
(10892, 75, 6, 2, 1, 1, 18, 0, 6),
(10554, 44, 6, 2, 2, 1, 52, 0, 6),
(9682, 36, 6, 1, 1, 1, 46, 0, 6),
(10881, 94, 6, 1, 2, 1, 44, 0, 6),
(10532, 45, 3, 0, 8, 1, 41, 0, 6),
(10499, 76, 3, 0, 9, 1, 34, 0, 6),
(10793, 109, 1, 0, 8, 1, 26, 0, 6),
(11080, 109, 1, 0, 9, 1, 26, 0, 6),
(10738, 10, 2, 0, 8, 1, 26, 0, 6),
(10826, 46, 1, 0, 4, 1, 26, 0, 6),
(11144, 46, 1, 0, 5, 1, 26, 0, 6),
(10848, 46, 1, 0, 6, 1, 26, 0, 6),
(11193, 10, 1, 0, 7, 1, 26, 0, 6),
(11037, 109, 1, 0, 17, 1, 26, 0, 6),
(10870, 10, 2, 0, 1, 1, 26, 0, 6),
(11100, 10, 2, 0, 2, 1, 26, 0, 6),
(10749, 10, 2, 0, 3, 1, 26, 0, 6),
(10694, 10, 2, 0, 4, 1, 26, 0, 6),
(10771, 10, 2, 0, 5, 1, 26, 0, 6),
(10727, 10, 2, 0, 6, 1, 26, 0, 6),
(10760, 10, 2, 0, 7, 1, 26, 0, 6),
(11111, 10, 2, 0, 17, 1, 26, 0, 6),
(9902, 109, 3, 0, 1, 1, 46, 0, 6),
(9913, 109, 3, 0, 2, 1, 46, 0, 6),
(9924, 109, 3, 0, 3, 1, 46, 0, 6),
(9935, 109, 3, 0, 4, 1, 46, 0, 6),
(9946, 109, 3, 0, 5, 1, 46, 0, 6),
(10510, 58, 3, 0, 6, 1, 41, 0, 6),
(10521, 85, 3, 0, 7, 1, 43, 0, 6),
(10543, 32, 3, 0, 17, 1, 4, 0, 6),
(11647, 36, 1, 0, 1, 1, 26, 0, 7),
(11646, 75, 1, 0, 1, 1, 71, 0, 7),
(11645, 29, 1, 0, 1, 1, 68, 0, 7),
(11644, 28, 1, 0, 1, 1, 1, 0, 7),
(11643, 66, 1, 0, 1, 1, 66, 0, 7),
(11642, 87, 1, 0, 1, 1, 3, 0, 7),
(11641, 55, 1, 0, 1, 1, 2, 0, 7),
(11640, 53, 1, 0, 1, 1, 67, 0, 7),
(12517, 38, 1, 0, 2, 1, 71, 0, 7),
(12516, 36, 1, 0, 2, 1, 26, 0, 7),
(12515, 95, 1, 0, 2, 1, 69, 0, 7),
(12514, 11, 1, 0, 2, 1, 70, 0, 7),
(12513, 87, 1, 0, 2, 1, 3, 0, 7),
(12512, 59, 1, 0, 2, 1, 2, 0, 7),
(12511, 76, 1, 0, 2, 1, 1, 0, 7),
(12510, 31, 1, 0, 2, 1, 22, 0, 7),
(12509, 12, 1, 0, 2, 1, 66, 0, 7),
(11592, 75, 1, 0, 3, 1, 71, 0, 7),
(11591, 29, 1, 0, 3, 1, 68, 0, 7),
(11590, 37, 1, 0, 3, 1, 22, 0, 7),
(11589, 98, 1, 0, 3, 1, 3, 0, 7),
(11588, 117, 1, 0, 3, 1, 69, 0, 7),
(11587, 28, 1, 0, 3, 1, 1, 0, 7),
(11586, 55, 1, 0, 3, 1, 2, 0, 7),
(11585, 53, 1, 0, 3, 1, 67, 0, 7),
(12088, 117, 6, 1, 2, 1, 17, 0, 7),
(12282, 36, 1, 0, 4, 1, 26, 0, 7),
(12281, 87, 1, 0, 4, 1, 3, 0, 7),
(12280, 119, 1, 0, 4, 1, 68, 0, 7),
(12279, 76, 1, 0, 4, 1, 1, 0, 7),
(12278, 48, 1, 0, 4, 1, 67, 0, 7),
(12277, 11, 1, 0, 4, 1, 70, 0, 7),
(12276, 59, 1, 0, 4, 1, 2, 0, 7),
(12275, 95, 1, 0, 4, 1, 69, 0, 7),
(11680, 75, 1, 0, 5, 1, 71, 0, 7),
(11679, 36, 1, 0, 5, 1, 26, 0, 7),
(11678, 84, 1, 0, 5, 1, 66, 0, 7),
(11677, 29, 1, 0, 5, 1, 68, 0, 7),
(11676, 53, 1, 0, 5, 1, 67, 0, 7),
(11675, 87, 1, 0, 5, 1, 3, 0, 7),
(11674, 55, 1, 0, 5, 1, 2, 0, 7),
(11673, 21, 1, 0, 5, 1, 70, 0, 7),
(11506, 36, 1, 0, 6, 1, 26, 0, 7),
(11505, 76, 1, 0, 6, 1, 1, 0, 7),
(11504, 11, 1, 0, 6, 1, 70, 0, 7),
(11503, 95, 1, 0, 6, 1, 69, 0, 7),
(11502, 31, 1, 0, 6, 1, 22, 0, 7),
(11501, 48, 1, 0, 6, 1, 67, 0, 7),
(11500, 98, 1, 0, 6, 1, 3, 0, 7),
(11499, 84, 1, 0, 6, 1, 66, 0, 7),
(11498, 119, 1, 0, 6, 1, 68, 0, 7),
(11639, 21, 1, 0, 1, 1, 70, 0, 7),
(12508, 48, 1, 0, 2, 1, 67, 0, 7),
(11584, 66, 1, 0, 3, 1, 66, 0, 7),
(11624, 75, 1, 0, 7, 1, 71, 0, 7),
(11623, 84, 1, 0, 7, 1, 66, 0, 7),
(11622, 53, 1, 0, 7, 1, 67, 0, 7),
(11621, 21, 1, 0, 7, 1, 70, 0, 7),
(11620, 37, 1, 0, 7, 1, 22, 0, 7),
(11619, 119, 1, 0, 7, 1, 68, 0, 7),
(11618, 117, 1, 0, 7, 1, 69, 0, 7),
(11617, 28, 1, 0, 7, 1, 1, 0, 7),
(12506, 38, 1, 0, 17, 1, 71, 0, 7),
(12505, 36, 1, 0, 17, 1, 26, 0, 7),
(12504, 119, 1, 0, 17, 1, 68, 0, 7),
(12503, 87, 1, 0, 17, 1, 3, 0, 7),
(12502, 26, 1, 0, 17, 1, 22, 0, 7),
(12501, 35, 1, 0, 17, 1, 66, 0, 7),
(12500, 95, 1, 0, 17, 1, 69, 0, 7),
(12499, 48, 1, 0, 17, 1, 67, 0, 7),
(12498, 15, 1, 0, 17, 1, 70, 0, 7),
(12263, 109, 1, 0, 8, 1, 26, 0, 7),
(12262, 75, 1, 0, 8, 1, 71, 0, 7),
(12261, 59, 1, 0, 8, 1, 2, 0, 7),
(12260, 119, 1, 0, 8, 1, 68, 0, 7),
(12259, 37, 1, 0, 8, 1, 22, 0, 7),
(12258, 21, 1, 0, 8, 1, 70, 0, 7),
(12257, 28, 1, 0, 8, 1, 1, 0, 7),
(12256, 53, 1, 0, 8, 1, 67, 0, 7),
(11538, 109, 1, 0, 9, 1, 26, 0, 7),
(11537, 48, 1, 0, 9, 1, 67, 0, 7),
(11536, 95, 1, 0, 9, 1, 69, 0, 7),
(11535, 35, 1, 0, 9, 1, 66, 0, 7),
(11534, 15, 1, 0, 9, 1, 70, 0, 7),
(11533, 22, 1, 0, 9, 1, 1, 0, 7),
(11532, 119, 1, 0, 9, 1, 68, 0, 7),
(11531, 87, 1, 0, 9, 1, 3, 0, 7),
(11530, 55, 1, 0, 9, 1, 2, 0, 7),
(12274, 12, 1, 0, 4, 1, 66, 0, 7),
(11672, 117, 1, 0, 5, 1, 69, 0, 7),
(11497, 59, 1, 0, 6, 1, 2, 0, 7),
(11616, 55, 1, 0, 7, 1, 2, 0, 7),
(12497, 59, 1, 0, 17, 1, 2, 0, 7),
(12255, 117, 1, 0, 8, 1, 69, 0, 7),
(11529, 26, 1, 0, 9, 1, 22, 0, 7),
(12162, 47, 2, 0, 1, 1, 66, 0, 7),
(12161, 83, 2, 0, 1, 1, 3, 0, 7),
(12160, 114, 2, 0, 1, 1, 1, 0, 7),
(12159, 40, 2, 0, 1, 1, 22, 0, 7),
(12158, 49, 2, 0, 1, 1, 2, 0, 7),
(12157, 97, 2, 0, 1, 1, 67, 0, 7),
(12156, 45, 2, 0, 1, 1, 68, 0, 7),
(12155, 95, 2, 0, 1, 1, 69, 0, 7),
(12154, 46, 2, 0, 1, 1, 26, 0, 7),
(11790, 10, 3, 0, 2, 1, 46, 0, 7),
(12325, 97, 3, 0, 4, 1, 49, 0, 7),
(12336, 32, 3, 0, 6, 1, 8, 0, 7),
(12324, 68, 3, 0, 4, 1, 37, 0, 7),
(11638, 117, 1, 0, 1, 1, 69, 0, 7),
(12507, 119, 1, 0, 2, 1, 68, 0, 7),
(11583, 21, 1, 0, 3, 1, 70, 0, 7),
(12273, 31, 1, 0, 4, 1, 22, 0, 7),
(11671, 37, 1, 0, 5, 1, 22, 0, 7),
(11507, 38, 1, 0, 6, 1, 71, 0, 7),
(12496, 22, 1, 0, 17, 1, 1, 0, 7),
(12254, 84, 1, 0, 8, 1, 66, 0, 7),
(11539, 38, 1, 0, 9, 1, 71, 0, 7),
(11615, 87, 1, 0, 7, 1, 3, 0, 7),
(12539, 62, 3, 0, 5, 1, 49, 0, 7),
(11637, 37, 1, 0, 1, 1, 22, 0, 7),
(11593, 36, 1, 0, 3, 1, 26, 0, 7),
(11670, 28, 1, 0, 5, 1, 1, 0, 7),
(11625, 36, 1, 0, 7, 1, 26, 0, 7),
(12253, 98, 1, 0, 8, 1, 3, 0, 7),
(12172, 114, 2, 0, 2, 1, 1, 0, 7),
(12171, 24, 2, 0, 2, 1, 68, 0, 7),
(12170, 56, 2, 0, 2, 1, 2, 0, 7),
(12169, 110, 2, 0, 2, 1, 70, 0, 7),
(12168, 64, 2, 0, 2, 1, 22, 0, 7),
(12167, 82, 2, 0, 2, 1, 69, 0, 7),
(12166, 57, 2, 0, 2, 1, 67, 0, 7),
(12165, 20, 2, 0, 2, 1, 66, 0, 7),
(12164, 46, 2, 0, 2, 1, 26, 0, 7),
(11702, 46, 2, 0, 3, 1, 26, 0, 7),
(11703, 97, 2, 0, 3, 1, 67, 0, 7),
(11704, 95, 2, 0, 3, 1, 69, 0, 7),
(11705, 9, 2, 0, 3, 1, 3, 0, 7),
(11706, 47, 2, 0, 3, 1, 66, 0, 7),
(11707, 114, 2, 0, 3, 1, 1, 0, 7),
(11708, 57, 2, 0, 3, 1, 68, 0, 7),
(11709, 49, 2, 0, 3, 1, 2, 0, 7),
(11710, 24, 2, 0, 3, 1, 70, 0, 7),
(11711, 40, 2, 0, 3, 1, 22, 0, 7),
(11712, 46, 2, 0, 4, 1, 26, 0, 7),
(11713, 40, 2, 0, 4, 1, 22, 0, 7),
(11714, 14, 2, 0, 4, 1, 1, 0, 7),
(11715, 83, 2, 0, 4, 1, 3, 0, 7),
(11716, 30, 2, 0, 4, 1, 2, 0, 7),
(11717, 45, 2, 0, 4, 1, 68, 0, 7),
(11718, 20, 2, 0, 4, 1, 66, 0, 7),
(11719, 82, 2, 0, 4, 1, 69, 0, 7),
(11720, 57, 2, 0, 4, 1, 67, 0, 7),
(11721, 24, 2, 0, 4, 1, 70, 0, 7),
(11739, 24, 2, 0, 5, 1, 70, 0, 7),
(11738, 83, 2, 0, 5, 1, 3, 0, 7),
(11737, 45, 2, 0, 5, 1, 68, 0, 7),
(11736, 97, 2, 0, 5, 1, 67, 0, 7),
(11735, 82, 2, 0, 5, 1, 69, 0, 7),
(11734, 47, 2, 0, 5, 1, 66, 0, 7),
(11733, 40, 2, 0, 5, 1, 22, 0, 7),
(11732, 114, 2, 0, 5, 1, 1, 0, 7),
(11731, 46, 2, 0, 5, 1, 26, 0, 7),
(11740, 49, 2, 0, 5, 1, 2, 0, 7),
(12193, 83, 2, 0, 6, 1, 3, 0, 7),
(12192, 82, 2, 0, 6, 1, 69, 0, 7),
(12191, 24, 2, 0, 6, 1, 68, 0, 7),
(12190, 14, 2, 0, 6, 1, 1, 0, 7),
(12189, 30, 2, 0, 6, 1, 2, 0, 7),
(12188, 57, 2, 0, 6, 1, 67, 0, 7),
(12187, 64, 2, 0, 6, 1, 22, 0, 7),
(12186, 110, 2, 0, 6, 1, 70, 0, 7),
(12185, 47, 2, 0, 6, 1, 66, 0, 7),
(12184, 109, 2, 0, 6, 1, 26, 0, 7),
(12203, 24, 2, 0, 7, 1, 70, 0, 7),
(12202, 40, 2, 0, 7, 1, 22, 0, 7),
(12201, 47, 2, 0, 7, 1, 66, 0, 7),
(12200, 49, 2, 0, 7, 1, 2, 0, 7),
(12199, 82, 2, 0, 7, 1, 69, 0, 7),
(12198, 83, 2, 0, 7, 1, 3, 0, 7),
(12197, 114, 2, 0, 7, 1, 1, 0, 7),
(12196, 97, 2, 0, 7, 1, 67, 0, 7),
(12195, 57, 2, 0, 7, 1, 68, 0, 7),
(12194, 109, 2, 0, 7, 1, 26, 0, 7),
(12213, 110, 2, 0, 17, 1, 70, 0, 7),
(12212, 47, 2, 0, 17, 1, 66, 0, 7),
(12211, 64, 2, 0, 17, 1, 22, 0, 7),
(12210, 82, 2, 0, 17, 1, 69, 0, 7),
(12209, 24, 2, 0, 17, 1, 68, 0, 7),
(12208, 83, 2, 0, 17, 1, 3, 0, 7),
(12207, 14, 2, 0, 17, 1, 1, 0, 7),
(12206, 57, 2, 0, 17, 1, 67, 0, 7),
(12205, 49, 2, 0, 17, 1, 2, 0, 7),
(12204, 109, 2, 0, 17, 1, 26, 0, 7),
(12293, 111, 3, 0, 1, 1, 8, 0, 7),
(12292, 113, 3, 0, 1, 1, 38, 0, 7),
(12291, 58, 3, 0, 1, 1, 41, 0, 7),
(12290, 64, 3, 0, 1, 1, 43, 0, 7),
(12289, 96, 3, 0, 1, 1, 49, 0, 7),
(12288, 68, 3, 0, 1, 1, 37, 0, 7),
(12287, 7, 3, 0, 1, 1, 20, 0, 7),
(12286, 20, 3, 0, 1, 1, 21, 0, 7),
(12285, 33, 3, 0, 1, 1, 34, 0, 7),
(11791, 3, 3, 0, 2, 1, 23, 0, 7),
(11792, 98, 3, 0, 2, 1, 38, 0, 7),
(11793, 38, 3, 0, 2, 1, 43, 0, 7),
(11794, 32, 3, 0, 2, 1, 8, 0, 7),
(11795, 45, 3, 0, 2, 1, 41, 0, 7),
(11796, 14, 3, 0, 2, 1, 34, 0, 7),
(11797, 97, 3, 0, 2, 1, 49, 0, 7),
(11798, 116, 3, 0, 2, 1, 21, 0, 7),
(11799, 30, 3, 0, 2, 1, 37, 0, 7),
(11800, 7, 3, 0, 2, 1, 20, 0, 7),
(12284, 10, 3, 0, 1, 1, 46, 0, 7),
(12314, 96, 3, 0, 3, 1, 49, 0, 7),
(12313, 43, 3, 0, 3, 1, 23, 0, 7),
(12312, 111, 3, 0, 3, 1, 4, 0, 7),
(12311, 116, 3, 0, 3, 1, 21, 0, 7),
(12310, 33, 3, 0, 3, 1, 34, 0, 7),
(12309, 32, 3, 0, 3, 1, 8, 0, 7),
(12308, 58, 3, 0, 3, 1, 41, 0, 7),
(12307, 94, 3, 0, 3, 1, 43, 0, 7),
(12306, 68, 3, 0, 3, 1, 37, 0, 7),
(12305, 10, 3, 0, 3, 1, 46, 0, 7),
(12323, 16, 3, 0, 4, 1, 34, 0, 7),
(12322, 32, 3, 0, 4, 1, 8, 0, 7),
(12321, 38, 3, 0, 4, 1, 43, 0, 7),
(12320, 45, 3, 0, 4, 1, 41, 0, 7),
(12319, 20, 3, 0, 4, 1, 21, 0, 7),
(12318, 75, 3, 0, 4, 1, 18, 0, 7),
(12317, 113, 3, 0, 4, 1, 38, 0, 7),
(12316, 10, 3, 0, 4, 1, 46, 0, 7),
(11831, 10, 3, 0, 5, 1, 46, 0, 7),
(11832, 43, 3, 0, 5, 1, 23, 0, 7),
(11833, 111, 3, 0, 5, 1, 8, 0, 7),
(11834, 54, 3, 0, 5, 1, 4, 0, 7),
(11835, 96, 3, 0, 5, 1, 49, 0, 7),
(11836, 58, 3, 0, 5, 1, 41, 0, 7),
(11837, 94, 3, 0, 5, 1, 43, 0, 7),
(11838, 68, 3, 0, 5, 1, 37, 0, 7),
(11839, 98, 3, 0, 5, 1, 38, 0, 7),
(11840, 33, 3, 0, 5, 1, 34, 0, 7),
(11841, 116, 3, 0, 5, 1, 21, 0, 7),
(12335, 30, 3, 0, 6, 1, 37, 0, 7),
(12334, 116, 3, 0, 6, 1, 21, 0, 7),
(12333, 16, 3, 0, 6, 1, 34, 0, 7),
(12332, 97, 3, 0, 6, 1, 49, 0, 7),
(12331, 111, 3, 0, 6, 1, 4, 0, 7),
(12330, 45, 3, 0, 6, 1, 41, 0, 7),
(12329, 3, 3, 0, 6, 1, 23, 0, 7),
(12358, 111, 3, 0, 7, 1, 8, 0, 7),
(12357, 68, 3, 0, 7, 1, 37, 0, 7),
(12356, 82, 3, 0, 7, 1, 23, 0, 7),
(12355, 33, 3, 0, 7, 1, 34, 0, 7),
(12354, 54, 3, 0, 7, 1, 4, 0, 7),
(12353, 20, 3, 0, 7, 1, 21, 0, 7),
(12352, 96, 3, 0, 7, 1, 49, 0, 7),
(12351, 58, 3, 0, 7, 1, 41, 0, 7),
(12350, 94, 3, 0, 7, 1, 43, 0, 7),
(12349, 10, 3, 0, 7, 1, 46, 0, 7),
(11871, 10, 3, 0, 17, 1, 46, 0, 7),
(11872, 76, 3, 0, 17, 1, 34, 0, 7),
(11873, 3, 3, 0, 17, 1, 23, 0, 7),
(11874, 45, 3, 0, 17, 1, 41, 0, 7),
(11875, 98, 3, 0, 17, 1, 38, 0, 7),
(11876, 111, 3, 0, 17, 1, 4, 0, 7),
(11877, 68, 3, 0, 17, 1, 37, 0, 7),
(11878, 97, 3, 0, 17, 1, 49, 0, 7),
(11879, 116, 3, 0, 17, 1, 21, 0, 7),
(11880, 32, 3, 0, 17, 1, 8, 0, 7),
(11881, 94, 3, 0, 17, 1, 43, 0, 7),
(12347, 58, 3, 0, 8, 1, 41, 0, 7),
(12346, 54, 3, 0, 8, 1, 4, 0, 7),
(12345, 111, 3, 0, 8, 1, 8, 0, 7),
(12344, 113, 3, 0, 8, 1, 38, 0, 7),
(12343, 94, 3, 0, 8, 1, 43, 0, 7),
(12342, 3, 3, 0, 8, 1, 23, 0, 7),
(12341, 33, 3, 0, 8, 1, 34, 0, 7),
(12340, 96, 3, 0, 8, 1, 49, 0, 7),
(12339, 30, 3, 0, 8, 1, 37, 0, 7),
(12338, 10, 3, 0, 8, 1, 46, 0, 7),
(12527, 109, 4, 0, 1, 1, 46, 0, 7),
(12526, 59, 4, 0, 1, 1, 37, 0, 7),
(12525, 43, 4, 0, 1, 1, 23, 0, 7),
(12524, 13, 4, 0, 1, 1, 29, 0, 7),
(12523, 7, 4, 0, 1, 1, 20, 0, 7),
(12522, 90, 4, 0, 1, 1, 34, 0, 7),
(12521, 1, 4, 0, 1, 1, 43, 0, 7),
(12520, 113, 4, 0, 1, 1, 38, 0, 7),
(12519, 15, 4, 0, 1, 1, 49, 0, 7),
(12451, 13, 4, 0, 2, 1, 29, 0, 7),
(12551, 15, 6, 3, 2, 1, 6, 0, 8),
(12449, 75, 4, 0, 2, 1, 18, 0, 7),
(12448, 7, 4, 0, 2, 1, 20, 0, 7),
(12447, 50, 4, 0, 2, 1, 34, 0, 7),
(12446, 17, 4, 0, 2, 1, 25, 0, 7),
(12445, 56, 4, 0, 2, 1, 37, 0, 7),
(12444, 85, 4, 0, 2, 1, 43, 0, 7),
(12443, 9, 4, 0, 2, 1, 38, 0, 7),
(12442, 27, 4, 0, 2, 1, 23, 0, 7),
(12538, 62, 5, 3, 1, 1, 70, 0, 7),
(12537, 9, 4, 0, 3, 1, 38, 0, 7),
(12536, 17, 4, 0, 3, 1, 25, 0, 7),
(12535, 50, 4, 0, 3, 1, 34, 0, 7),
(12534, 85, 4, 0, 3, 1, 43, 0, 7),
(12533, 54, 4, 0, 3, 1, 4, 0, 7),
(12532, 27, 4, 0, 3, 1, 23, 0, 7),
(12531, 56, 4, 0, 3, 1, 37, 0, 7),
(12530, 13, 4, 0, 3, 1, 29, 0, 7),
(12529, 110, 4, 0, 3, 1, 49, 0, 7),
(12473, 17, 4, 0, 4, 1, 25, 0, 7),
(12472, 13, 4, 0, 4, 1, 29, 0, 7),
(12471, 85, 4, 0, 4, 1, 43, 0, 7),
(12470, 9, 4, 0, 4, 1, 38, 0, 7),
(12469, 56, 4, 0, 4, 1, 37, 0, 7),
(12468, 110, 4, 0, 4, 1, 49, 0, 7),
(12467, 54, 4, 0, 4, 1, 4, 0, 7),
(12466, 50, 4, 0, 4, 1, 34, 0, 7),
(12548, 1, 6, 1, 1, 1, 44, 0, 8),
(12494, 56, 4, 0, 5, 1, 37, 0, 7),
(12493, 27, 4, 0, 5, 1, 23, 0, 7),
(12492, 110, 4, 0, 5, 1, 49, 0, 7),
(12491, 13, 4, 0, 5, 1, 29, 0, 7),
(12490, 85, 4, 0, 5, 1, 43, 0, 7),
(12489, 116, 4, 0, 5, 1, 4, 0, 7),
(12488, 50, 4, 0, 5, 1, 34, 0, 7),
(12487, 17, 4, 0, 5, 1, 25, 0, 7),
(12486, 9, 4, 0, 5, 1, 38, 0, 7),
(12485, 46, 4, 0, 5, 1, 46, 0, 7),
(12462, 54, 4, 0, 6, 1, 4, 0, 7),
(12461, 110, 4, 0, 6, 1, 49, 0, 7),
(12460, 50, 4, 0, 6, 1, 34, 0, 7),
(12459, 17, 4, 0, 6, 1, 25, 0, 7),
(12458, 27, 4, 0, 6, 1, 23, 0, 7),
(12457, 9, 4, 0, 6, 1, 38, 0, 7),
(12456, 13, 4, 0, 6, 1, 29, 0, 7),
(12455, 56, 4, 0, 6, 1, 37, 0, 7),
(12454, 85, 4, 0, 6, 1, 43, 0, 7),
(12453, 46, 4, 0, 6, 1, 46, 0, 7),
(12222, 109, 5, 3, 1, 1, 46, 0, 7),
(12221, 6, 5, 3, 1, 1, 40, 0, 7),
(12220, 65, 5, 3, 1, 1, 39, 0, 7),
(12219, 84, 5, 3, 1, 1, 42, 0, 7),
(12218, 79, 5, 3, 1, 1, 7, 0, 7),
(12217, 12, 5, 3, 1, 1, 51, 0, 7),
(12216, 96, 5, 3, 1, 1, 70, 0, 7),
(12215, 41, 5, 3, 1, 1, 27, 0, 7),
(12214, 44, 5, 3, 1, 1, 52, 0, 7),
(12272, 109, 5, 3, 2, 1, 46, 0, 7),
(12271, 41, 5, 3, 2, 1, 27, 0, 7),
(12270, 96, 5, 3, 2, 1, 70, 0, 7),
(12269, 44, 5, 3, 2, 1, 52, 0, 7),
(12268, 79, 5, 3, 2, 1, 7, 0, 7),
(12267, 12, 5, 3, 2, 1, 51, 0, 7),
(12266, 6, 5, 3, 2, 1, 40, 0, 7),
(12265, 65, 5, 3, 2, 1, 39, 0, 7),
(12264, 84, 5, 3, 2, 1, 42, 0, 7),
(12153, 86, 5, 2, 1, 1, 46, 0, 7),
(12152, 55, 5, 2, 1, 1, 39, 0, 7),
(12151, 79, 5, 2, 1, 1, 7, 0, 7),
(12150, 12, 5, 2, 1, 1, 51, 0, 7),
(12149, 62, 5, 2, 1, 1, 70, 0, 7),
(12148, 11, 5, 2, 1, 1, 27, 0, 7),
(12147, 26, 5, 2, 1, 1, 32, 0, 7),
(12146, 90, 5, 2, 1, 1, 52, 0, 7),
(12145, 72, 5, 2, 1, 1, 44, 0, 7),
(12143, 25, 5, 1, 1, 1, 47, 0, 7),
(12142, 90, 5, 1, 1, 1, 52, 0, 7),
(12141, 65, 5, 1, 1, 1, 39, 0, 7),
(12140, 29, 5, 1, 1, 1, 15, 0, 7),
(12139, 48, 5, 1, 1, 1, 16, 0, 7),
(12138, 25, 5, 1, 1, 1, 70, 0, 7),
(12137, 72, 5, 1, 1, 1, 44, 0, 7),
(12136, 11, 5, 1, 1, 1, 27, 0, 7),
(12368, 86, 5, 1, 2, 1, 46, 0, 7),
(12367, 90, 5, 1, 2, 1, 52, 0, 7),
(12366, 11, 5, 1, 2, 1, 27, 0, 7),
(12365, 65, 5, 1, 2, 1, 39, 0, 7),
(12364, 72, 5, 1, 2, 1, 44, 0, 7),
(12363, 2, 5, 1, 2, 1, 18, 0, 7),
(12362, 120, 5, 1, 2, 1, 70, 0, 7),
(12361, 7, 5, 1, 2, 1, 17, 0, 7),
(12020, 29, 5, 1, 3, 1, 15, 0, 7),
(12021, 65, 5, 1, 3, 1, 39, 0, 7),
(12022, 72, 5, 1, 3, 1, 44, 0, 7),
(12023, 11, 5, 1, 3, 1, 27, 0, 7),
(12024, 48, 5, 1, 3, 1, 16, 0, 7),
(12025, 2, 5, 1, 3, 1, 18, 0, 7),
(12026, 90, 5, 1, 3, 1, 52, 0, 7),
(12027, 34, 5, 1, 3, 1, 70, 0, 7),
(12028, 86, 5, 1, 3, 1, 46, 0, 7),
(12058, 5, 6, 3, 1, 1, 39, 0, 7),
(12057, 6, 6, 3, 1, 1, 40, 0, 7),
(12056, 66, 6, 3, 1, 1, 51, 0, 7),
(12055, 22, 6, 3, 1, 1, 52, 0, 7),
(12054, 35, 6, 3, 1, 1, 42, 0, 7),
(12053, 41, 6, 3, 1, 1, 27, 0, 7),
(12397, 66, 6, 3, 2, 1, 51, 0, 7),
(12396, 6, 6, 3, 2, 1, 40, 0, 7),
(12395, 15, 6, 3, 2, 1, 6, 0, 7),
(12394, 75, 6, 3, 2, 1, 18, 0, 7),
(12393, 22, 6, 3, 2, 1, 52, 0, 7),
(12392, 35, 6, 3, 2, 1, 42, 0, 7),
(12391, 21, 6, 3, 2, 1, 27, 0, 7),
(12390, 5, 6, 3, 2, 1, 39, 0, 7),
(12060, 75, 6, 3, 1, 1, 18, 0, 7),
(12061, 86, 6, 3, 1, 1, 46, 0, 7),
(12062, 75, 6, 2, 1, 1, 18, 0, 7),
(12063, 41, 6, 2, 1, 1, 27, 0, 7),
(12064, 66, 6, 2, 1, 1, 51, 0, 7),
(12065, 26, 6, 2, 1, 1, 32, 0, 7),
(12066, 44, 6, 2, 1, 1, 52, 0, 7),
(12067, 8, 6, 2, 1, 1, 44, 0, 7),
(12068, 62, 6, 2, 1, 1, 11, 0, 7),
(12069, 49, 6, 2, 1, 1, 39, 0, 7),
(12070, 86, 6, 2, 1, 1, 46, 0, 7),
(12071, 15, 6, 2, 2, 1, 6, 0, 7),
(12072, 8, 6, 2, 2, 1, 44, 0, 7),
(12073, 5, 6, 2, 2, 1, 39, 0, 7),
(12074, 26, 6, 2, 2, 1, 32, 0, 7),
(12075, 21, 6, 2, 2, 1, 27, 0, 7),
(12076, 66, 6, 2, 2, 1, 51, 0, 7),
(12077, 44, 6, 2, 2, 1, 52, 0, 7),
(12078, 75, 6, 2, 2, 1, 18, 0, 7),
(12079, 86, 6, 2, 2, 1, 46, 0, 7),
(12428, 75, 6, 1, 1, 1, 18, 0, 7),
(12427, 21, 6, 1, 1, 1, 27, 0, 7),
(12426, 5, 6, 1, 1, 1, 39, 0, 7),
(12425, 8, 6, 1, 1, 1, 44, 0, 7),
(12424, 25, 6, 1, 1, 1, 47, 0, 7),
(12423, 44, 6, 1, 1, 1, 52, 0, 7),
(12422, 58, 6, 1, 1, 1, 15, 0, 7),
(12421, 53, 6, 1, 1, 1, 16, 0, 7),
(12089, 53, 6, 1, 2, 1, 16, 0, 7),
(12090, 58, 6, 1, 2, 1, 15, 0, 7),
(12091, 25, 6, 1, 2, 1, 47, 0, 7),
(12092, 8, 6, 1, 2, 1, 44, 0, 7),
(12546, 5, 6, 1, 2, 1, 39, 0, 7),
(12094, 75, 6, 1, 2, 1, 18, 0, 7),
(12095, 44, 6, 1, 2, 1, 52, 0, 7),
(12096, 41, 6, 1, 2, 1, 27, 0, 7),
(12097, 86, 6, 1, 2, 1, 46, 0, 7),
(12328, 38, 3, 0, 6, 1, 43, 0, 7),
(12327, 10, 3, 0, 6, 1, 46, 0, 7),
(12116, 10, 3, 0, 9, 1, 46, 0, 7),
(12117, 116, 3, 0, 9, 1, 21, 0, 7),
(12118, 76, 3, 0, 9, 1, 34, 0, 7),
(12119, 58, 3, 0, 9, 1, 41, 0, 7),
(12120, 30, 3, 0, 9, 1, 37, 0, 7),
(12121, 32, 3, 0, 9, 1, 8, 0, 7),
(12122, 96, 3, 0, 9, 1, 49, 0, 7),
(12123, 98, 3, 0, 9, 1, 38, 0, 7),
(12124, 111, 3, 0, 9, 1, 4, 0, 7),
(12125, 64, 3, 0, 9, 1, 43, 0, 7),
(12126, 3, 3, 0, 9, 1, 23, 0, 7),
(12360, 25, 5, 1, 2, 1, 47, 0, 7),
(12144, 86, 5, 1, 1, 1, 46, 0, 7),
(12163, 24, 2, 0, 1, 1, 70, 0, 7),
(12173, 83, 2, 0, 2, 1, 3, 0, 7),
(12464, 46, 4, 0, 4, 1, 46, 0, 7),
(12283, 38, 1, 0, 4, 1, 71, 0, 7),
(12294, 43, 3, 0, 1, 1, 23, 0, 7),
(12315, 113, 3, 0, 3, 1, 38, 0, 7),
(12326, 3, 3, 0, 4, 1, 23, 0, 7),
(12337, 113, 3, 0, 6, 1, 38, 0, 7),
(12348, 20, 3, 0, 8, 1, 21, 0, 7),
(12359, 113, 3, 0, 7, 1, 38, 0, 7),
(12528, 46, 4, 0, 3, 1, 46, 0, 7),
(12398, 86, 6, 3, 2, 1, 46, 0, 7),
(12441, 46, 4, 0, 2, 1, 46, 0, 7),
(12429, 86, 6, 1, 1, 1, 46, 0, 7),
(12518, 17, 4, 0, 1, 1, 25, 0, 7),
(12452, 110, 4, 0, 2, 1, 49, 0, 7),
(12463, 119, 4, 0, 6, 1, 29, 0, 7),
(12474, 27, 4, 0, 4, 1, 23, 0, 7),
(12549, 25, 6, 1, 1, 1, 47, 0, 8),
(12540, 62, 3, 0, 7, 1, 49, 0, 7),
(12541, 62, 3, 0, 9, 1, 49, 0, 7),
(12542, 15, 3, 0, 1, 1, 49, 0, 7),
(12543, 15, 3, 0, 3, 1, 49, 0, 7),
(12544, 15, 3, 0, 8, 1, 49, 0, 7),
(12545, 34, 5, 3, 2, 1, 70, 0, 7),
(12550, 15, 6, 2, 1, 1, 6, 0, 8),
(12552, 16, 6, 2, 1, 1, 52, 0, 8),
(12553, 29, 6, 1, 1, 1, 15, 0, 8),
(12554, 29, 6, 1, 2, 1, 15, 0, 8),
(12555, 16, 6, 1, 2, 1, 52, 0, 8),
(12556, 94, 6, 1, 2, 1, 44, 0, 8),
(12557, 94, 6, 2, 1, 1, 44, 0, 8),
(12558, 58, 5, 1, 3, 1, 15, 0, 8),
(12559, 58, 5, 1, 1, 1, 15, 0, 8),
(13072, 126, 3, 0, 4, 1, 46, 0, 8),
(13073, 126, 3, 0, 6, 1, 46, 0, 8),
(13071, 126, 3, 0, 2, 1, 46, 0, 8),
(13070, 126, 1, 0, 8, 1, 26, 0, 8),
(13074, 126, 3, 0, 17, 1, 46, 0, 8),
(12565, 75, 5, 1, 2, 1, 18, 0, 8),
(12566, 75, 5, 1, 3, 1, 18, 0, 8),
(12567, 75, 6, 1, 1, 1, 18, 0, 8),
(12568, 75, 6, 1, 2, 1, 18, 0, 8),
(12569, 75, 6, 2, 1, 1, 18, 0, 8),
(12570, 75, 6, 3, 1, 1, 18, 0, 8),
(12571, 75, 6, 3, 2, 1, 18, 0, 8),
(12572, 75, 4, 0, 3, 1, 18, 0, 8),
(12573, 75, 3, 0, 3, 1, 18, 0, 8),
(12574, 25, 6, 1, 2, 1, 47, 0, 8),
(12575, 2, 6, 1, 2, 1, 18, 0, 8),
(12576, 57, 5, 1, 3, 1, 16, 0, 8),
(12577, 57, 5, 1, 1, 1, 16, 0, 8),
(12578, 48, 6, 1, 1, 1, 16, 0, 8),
(12579, 48, 6, 1, 2, 1, 16, 0, 8),
(12580, 48, 1, 0, 1, 1, 67, 0, 8),
(12581, 32, 6, 2, 1, 1, 51, 0, 8),
(12582, 32, 6, 3, 1, 1, 51, 0, 8),
(12583, 32, 6, 3, 2, 1, 51, 0, 8),
(12585, 117, 5, 1, 2, 1, 17, 0, 8),
(12586, 117, 4, 0, 1, 1, 20, 0, 8),
(12587, 117, 4, 0, 2, 1, 20, 0, 8),
(12588, 111, 5, 2, 1, 1, 51, 0, 8),
(12589, 9, 2, 0, 2, 1, 3, 0, 8),
(12590, 9, 2, 0, 4, 1, 3, 0, 8),
(12591, 9, 2, 0, 6, 1, 3, 0, 8),
(12592, 9, 2, 0, 17, 1, 3, 0, 8),
(12593, 9, 4, 0, 3, 1, 38, 0, 8),
(12594, 9, 4, 0, 5, 1, 38, 0, 8),
(12595, 9, 4, 0, 7, 1, 38, 0, 8),
(12596, 10, 2, 0, 2, 1, 26, 0, 8),
(12597, 10, 2, 0, 4, 1, 26, 0, 8),
(12598, 10, 2, 0, 6, 1, 26, 0, 8),
(12599, 10, 2, 0, 17, 1, 26, 0, 8),
(12600, 10, 4, 0, 1, 1, 46, 0, 8),
(12601, 10, 4, 0, 3, 1, 46, 0, 8),
(12602, 10, 4, 0, 5, 1, 46, 0, 8),
(12603, 10, 4, 0, 7, 1, 46, 0, 8),
(13069, 126, 1, 0, 7, 1, 26, 0, 8),
(13068, 126, 1, 0, 5, 1, 26, 0, 8),
(13067, 126, 1, 0, 3, 1, 26, 0, 8),
(13066, 126, 1, 0, 1, 1, 26, 0, 8),
(12608, 68, 4, 0, 3, 1, 37, 0, 8),
(12609, 68, 4, 0, 6, 1, 37, 0, 8),
(12610, 68, 5, 1, 1, 1, 39, 0, 8),
(12611, 68, 5, 1, 2, 1, 39, 0, 8),
(12612, 68, 5, 1, 3, 1, 39, 0, 8),
(12613, 68, 5, 2, 1, 1, 39, 0, 8),
(12615, 11, 2, 0, 2, 1, 70, 0, 8),
(12616, 11, 2, 0, 3, 1, 70, 0, 8),
(12617, 11, 2, 0, 4, 1, 70, 0, 8),
(12618, 11, 2, 0, 17, 1, 70, 0, 8),
(12619, 11, 5, 1, 1, 1, 27, 0, 8),
(12620, 11, 5, 1, 2, 1, 27, 0, 8),
(12621, 58, 3, 0, 2, 1, 41, 0, 8),
(12622, 58, 3, 0, 4, 1, 41, 0, 8),
(12623, 58, 3, 0, 7, 1, 41, 0, 8),
(12624, 72, 2, 0, 2, 1, 22, 0, 8),
(12625, 72, 2, 0, 4, 1, 22, 0, 8),
(12626, 72, 2, 0, 5, 1, 22, 0, 8),
(12627, 72, 5, 1, 1, 1, 44, 0, 8),
(12628, 72, 5, 1, 3, 1, 44, 0, 8),
(12629, 72, 5, 2, 1, 1, 44, 0, 8),
(12630, 12, 1, 0, 1, 1, 66, 0, 8),
(12631, 12, 1, 0, 3, 1, 66, 0, 8),
(12632, 12, 1, 0, 5, 1, 66, 0, 8),
(12633, 12, 3, 0, 4, 1, 8, 0, 8),
(12634, 12, 3, 0, 7, 1, 8, 0, 8),
(12635, 13, 2, 0, 5, 1, 68, 0, 8),
(12636, 13, 2, 0, 7, 1, 68, 0, 8),
(12637, 13, 2, 0, 8, 1, 68, 0, 8),
(12638, 13, 5, 1, 1, 1, 47, 0, 8),
(12639, 13, 5, 1, 2, 1, 47, 0, 8),
(12642, 14, 1, 0, 2, 1, 1, 0, 8),
(12641, 14, 3, 0, 1, 1, 34, 0, 8),
(12643, 14, 3, 0, 3, 1, 34, 0, 8),
(12644, 14, 3, 0, 6, 1, 34, 0, 8),
(12645, 15, 1, 0, 2, 1, 70, 0, 8),
(12646, 15, 1, 0, 4, 1, 70, 0, 8),
(12647, 15, 1, 0, 6, 1, 70, 0, 8),
(12648, 15, 1, 0, 9, 1, 70, 0, 8),
(12649, 15, 1, 0, 17, 1, 70, 0, 8),
(13041, 111, 2, 0, 17, 1, 70, 0, 8),
(12652, 17, 4, 0, 2, 1, 25, 0, 8),
(12653, 17, 4, 0, 4, 1, 25, 0, 8),
(12654, 17, 4, 0, 5, 1, 25, 0, 8),
(12655, 17, 4, 0, 7, 1, 25, 0, 8),
(12656, 17, 4, 0, 17, 1, 25, 0, 8),
(12657, 116, 2, 0, 5, 1, 66, 0, 8),
(12658, 116, 2, 0, 7, 1, 66, 0, 8),
(12659, 116, 2, 0, 8, 1, 66, 0, 8),
(12660, 116, 2, 0, 17, 1, 66, 0, 8),
(12661, 79, 5, 2, 1, 1, 7, 0, 8),
(12662, 79, 5, 3, 1, 1, 7, 0, 8),
(12663, 79, 5, 3, 2, 1, 7, 0, 8),
(12664, 20, 1, 0, 2, 1, 66, 0, 8),
(12665, 20, 1, 0, 4, 1, 66, 0, 8),
(12666, 20, 1, 0, 6, 1, 66, 0, 8),
(12667, 20, 1, 0, 9, 1, 66, 0, 8),
(12668, 20, 1, 0, 17, 1, 66, 0, 8),
(12669, 20, 3, 0, 1, 1, 21, 0, 8),
(12670, 20, 3, 0, 5, 1, 21, 0, 8),
(12671, 21, 6, 3, 1, 1, 27, 0, 8),
(12672, 21, 6, 3, 2, 1, 27, 0, 8),
(12673, 21, 6, 2, 1, 1, 27, 0, 8),
(12674, 21, 3, 0, 1, 1, 49, 0, 8),
(12675, 21, 3, 0, 3, 1, 49, 0, 8),
(12676, 21, 3, 0, 5, 1, 49, 0, 8),
(12677, 21, 3, 0, 7, 1, 49, 0, 8),
(12679, 22, 2, 0, 3, 1, 1, 0, 8),
(12680, 22, 2, 0, 5, 1, 1, 0, 8),
(12681, 22, 2, 0, 17, 1, 1, 0, 8),
(12682, 98, 1, 0, 1, 1, 3, 0, 8),
(12683, 98, 1, 0, 4, 1, 3, 0, 8),
(12684, 98, 3, 0, 2, 1, 38, 0, 8),
(12685, 98, 3, 0, 4, 1, 38, 0, 8),
(12686, 98, 3, 0, 6, 1, 38, 0, 8),
(12687, 98, 3, 0, 7, 1, 38, 0, 8),
(12688, 98, 3, 0, 17, 1, 38, 0, 8),
(12690, 6, 2, 0, 3, 1, 3, 0, 8),
(12691, 6, 2, 0, 5, 1, 3, 0, 8),
(12692, 6, 2, 0, 7, 1, 3, 0, 8),
(12693, 6, 2, 0, 8, 1, 3, 0, 8),
(12694, 6, 5, 3, 1, 1, 40, 0, 8),
(12695, 6, 5, 3, 2, 1, 40, 0, 8),
(12697, 24, 2, 0, 2, 1, 68, 0, 8),
(12698, 24, 2, 0, 3, 1, 68, 0, 8),
(12699, 24, 2, 0, 17, 1, 68, 0, 8),
(12700, 24, 2, 0, 5, 1, 70, 0, 8),
(12701, 24, 2, 0, 6, 1, 70, 0, 8),
(12702, 24, 2, 0, 7, 1, 70, 0, 8),
(12703, 24, 2, 0, 8, 1, 70, 0, 8),
(12704, 83, 1, 0, 2, 1, 3, 0, 8),
(13020, 121, 5, 3, 1, 1, 52, 0, 8),
(12706, 83, 1, 0, 5, 1, 3, 0, 8),
(12707, 83, 1, 0, 6, 1, 3, 0, 8),
(12708, 83, 1, 0, 8, 1, 3, 0, 8),
(12709, 83, 1, 0, 9, 1, 3, 0, 8),
(12710, 83, 1, 0, 17, 1, 3, 0, 8),
(12711, 25, 4, 0, 2, 1, 29, 0, 8),
(12712, 25, 4, 0, 4, 1, 29, 0, 8),
(12713, 25, 4, 0, 6, 1, 29, 0, 8),
(12714, 25, 5, 2, 1, 1, 70, 0, 8),
(12715, 25, 5, 1, 3, 1, 70, 0, 8),
(12716, 8, 4, 0, 2, 1, 43, 0, 8),
(12717, 8, 4, 0, 3, 1, 43, 0, 8),
(12718, 8, 4, 0, 6, 1, 43, 0, 8),
(12719, 8, 4, 0, 7, 1, 43, 0, 8),
(12720, 26, 5, 2, 1, 1, 32, 0, 8),
(12721, 26, 6, 2, 1, 1, 32, 0, 8),
(12722, 27, 4, 0, 1, 1, 23, 0, 8),
(12723, 27, 4, 0, 3, 1, 23, 0, 8),
(12724, 27, 4, 0, 5, 1, 23, 0, 8),
(12725, 27, 4, 0, 6, 1, 23, 0, 8),
(12726, 27, 4, 0, 7, 1, 23, 0, 8),
(12727, 114, 4, 0, 2, 1, 34, 0, 8),
(12728, 114, 4, 0, 4, 1, 34, 0, 8),
(12729, 114, 4, 0, 6, 1, 34, 0, 8),
(12730, 114, 4, 0, 17, 1, 34, 0, 8),
(13021, 11, 5, 1, 3, 1, 27, 0, 8),
(12732, 29, 3, 0, 1, 1, 41, 0, 8),
(12733, 29, 3, 0, 3, 1, 41, 0, 8),
(12734, 29, 3, 0, 5, 1, 41, 0, 8),
(12735, 30, 3, 0, 1, 1, 37, 0, 8),
(12736, 30, 3, 0, 2, 1, 37, 0, 8),
(12737, 30, 3, 0, 4, 1, 37, 0, 8),
(12738, 30, 3, 0, 5, 1, 37, 0, 8),
(12739, 30, 3, 0, 7, 1, 37, 0, 8),
(12740, 30, 6, 2, 1, 1, 39, 0, 8),
(12741, 30, 6, 3, 2, 1, 39, 0, 8),
(12742, 3, 3, 0, 1, 1, 23, 0, 8),
(13064, 3, 3, 0, 2, 1, 23, 0, 8),
(12744, 3, 3, 0, 4, 1, 23, 0, 8),
(12745, 3, 3, 0, 6, 1, 23, 0, 8),
(12746, 3, 3, 0, 7, 1, 23, 0, 8),
(12747, 3, 3, 0, 17, 1, 23, 0, 8),
(12748, 119, 2, 0, 4, 1, 68, 0, 8),
(12749, 119, 2, 0, 6, 1, 68, 0, 8),
(12750, 119, 4, 0, 1, 1, 29, 0, 8),
(12751, 119, 4, 0, 3, 1, 29, 0, 8),
(12752, 119, 4, 0, 5, 1, 29, 0, 8),
(12753, 119, 4, 0, 7, 1, 29, 0, 8),
(12754, 119, 4, 0, 17, 1, 29, 0, 8),
(12755, 31, 3, 0, 4, 1, 43, 0, 8),
(12756, 31, 4, 0, 4, 1, 43, 0, 8),
(12757, 31, 3, 0, 2, 1, 43, 0, 8),
(12758, 32, 3, 0, 2, 1, 8, 0, 8),
(12759, 32, 3, 0, 6, 1, 8, 0, 8),
(12760, 33, 1, 0, 1, 1, 1, 0, 8),
(12761, 33, 1, 0, 3, 1, 1, 0, 8),
(12762, 33, 1, 0, 5, 1, 1, 0, 8),
(12763, 33, 1, 0, 7, 1, 1, 0, 8),
(12764, 33, 1, 0, 8, 1, 1, 0, 8),
(13019, 83, 1, 0, 4, 1, 3, 0, 8),
(12766, 87, 3, 0, 1, 1, 38, 0, 8),
(12768, 87, 3, 0, 3, 1, 38, 0, 8),
(12769, 87, 3, 0, 5, 1, 38, 0, 8),
(12770, 87, 6, 3, 1, 1, 40, 0, 8),
(12771, 87, 6, 3, 2, 1, 40, 0, 8),
(12772, 35, 3, 0, 2, 1, 21, 0, 8),
(13056, 35, 3, 0, 3, 1, 21, 0, 8),
(12774, 35, 3, 0, 4, 1, 21, 0, 8),
(12775, 35, 3, 0, 6, 1, 21, 0, 8),
(12776, 35, 3, 0, 7, 1, 21, 0, 8),
(12777, 35, 3, 0, 17, 1, 21, 0, 8),
(13063, 10, 2, 0, 8, 1, 26, 0, 8),
(13060, 97, 3, 0, 5, 1, 23, 0, 8),
(13059, 97, 3, 0, 3, 1, 23, 0, 8),
(13058, 45, 3, 0, 17, 1, 41, 0, 8),
(13057, 45, 3, 0, 6, 1, 41, 0, 8),
(12783, 36, 4, 0, 2, 1, 46, 0, 8),
(12784, 36, 4, 0, 4, 1, 46, 0, 8),
(12785, 36, 4, 0, 6, 1, 46, 0, 8),
(12786, 36, 4, 0, 17, 1, 46, 0, 8),
(12787, 37, 1, 0, 8, 1, 22, 0, 8),
(12788, 37, 3, 0, 1, 1, 43, 0, 8),
(12789, 37, 3, 0, 3, 1, 43, 0, 8),
(12791, 37, 3, 0, 6, 1, 43, 0, 8),
(12792, 37, 3, 0, 7, 1, 43, 0, 8),
(12793, 90, 5, 1, 1, 1, 52, 0, 8),
(12794, 90, 5, 1, 2, 1, 52, 0, 8),
(12795, 90, 5, 1, 3, 1, 52, 0, 8),
(12796, 90, 5, 2, 1, 1, 52, 0, 8),
(12797, 90, 6, 3, 1, 1, 52, 0, 8),
(12798, 90, 6, 3, 2, 1, 52, 0, 8),
(12799, 38, 2, 0, 7, 1, 22, 0, 8),
(12800, 38, 2, 0, 8, 1, 22, 0, 8),
(12801, 38, 4, 0, 1, 1, 43, 0, 8),
(12802, 38, 4, 0, 5, 1, 43, 0, 8),
(12803, 38, 4, 0, 17, 1, 43, 0, 8),
(12804, 7, 1, 0, 2, 1, 69, 0, 8),
(12805, 7, 1, 0, 4, 1, 69, 0, 8),
(12806, 7, 1, 0, 6, 1, 69, 0, 8),
(12807, 7, 1, 0, 17, 1, 69, 0, 8),
(12808, 7, 3, 0, 1, 1, 20, 0, 8),
(12809, 7, 6, 1, 2, 1, 17, 0, 8),
(12811, 40, 2, 0, 3, 1, 22, 0, 8),
(12812, 40, 2, 0, 6, 1, 22, 0, 8),
(12813, 40, 2, 0, 17, 1, 22, 0, 8),
(12814, 40, 5, 1, 2, 1, 44, 0, 8),
(12816, 117, 2, 0, 6, 1, 69, 0, 8),
(12817, 117, 2, 0, 7, 1, 69, 0, 8),
(12819, 86, 2, 0, 3, 1, 26, 0, 8),
(12820, 86, 2, 0, 5, 1, 26, 0, 8),
(12821, 86, 2, 0, 7, 1, 26, 0, 8),
(12822, 86, 2, 0, 8, 1, 26, 0, 8),
(12823, 86, 5, 1, 1, 1, 46, 0, 8),
(12824, 86, 5, 1, 2, 1, 46, 0, 8),
(12825, 86, 5, 1, 3, 1, 46, 0, 8),
(12826, 86, 5, 2, 1, 1, 46, 0, 8),
(12827, 86, 5, 3, 1, 1, 46, 0, 8),
(12828, 86, 5, 3, 2, 1, 46, 0, 8),
(12829, 44, 4, 0, 1, 1, 34, 0, 8),
(12830, 44, 4, 0, 3, 1, 34, 0, 8),
(12831, 44, 4, 0, 5, 1, 34, 0, 8),
(12832, 44, 4, 0, 7, 1, 34, 0, 8),
(12833, 45, 1, 0, 1, 1, 68, 0, 8),
(12834, 45, 1, 0, 3, 1, 68, 0, 8),
(12835, 45, 1, 0, 5, 1, 68, 0, 8),
(12836, 45, 1, 0, 7, 1, 68, 0, 8),
(12837, 45, 1, 0, 8, 1, 68, 0, 8),
(12838, 97, 1, 0, 2, 1, 67, 0, 8),
(12988, 97, 1, 0, 4, 1, 67, 0, 8),
(12986, 97, 1, 0, 6, 1, 67, 0, 8),
(12987, 97, 1, 0, 17, 1, 67, 0, 8),
(12842, 97, 1, 0, 9, 1, 67, 0, 8),
(12843, 84, 1, 0, 5, 1, 69, 0, 8),
(12844, 84, 1, 0, 7, 1, 69, 0, 8),
(12845, 84, 1, 0, 8, 1, 69, 0, 8),
(12846, 84, 1, 0, 9, 1, 69, 0, 8),
(12847, 84, 6, 3, 1, 1, 42, 0, 8),
(12848, 84, 6, 3, 2, 1, 42, 0, 8),
(12849, 94, 3, 0, 5, 1, 43, 0, 8),
(12850, 94, 3, 0, 17, 1, 43, 0, 8),
(12851, 46, 1, 0, 2, 1, 26, 0, 8),
(12852, 46, 1, 0, 4, 1, 26, 0, 8),
(12853, 46, 1, 0, 6, 1, 26, 0, 8),
(12854, 46, 1, 0, 17, 1, 26, 0, 8),
(12855, 46, 1, 0, 9, 1, 26, 0, 8),
(12856, 46, 3, 0, 1, 1, 46, 0, 8),
(12857, 46, 3, 0, 3, 1, 46, 0, 8),
(12858, 46, 3, 0, 5, 1, 46, 0, 8),
(12859, 46, 3, 0, 7, 1, 46, 0, 8),
(12860, 47, 5, 3, 1, 1, 42, 0, 8),
(12861, 47, 2, 0, 2, 1, 66, 0, 8),
(12862, 47, 2, 0, 4, 1, 66, 0, 8),
(12863, 47, 2, 0, 6, 1, 66, 0, 8),
(12864, 47, 5, 3, 2, 1, 42, 0, 8),
(12865, 48, 1, 0, 3, 1, 67, 0, 8),
(12866, 48, 1, 0, 5, 1, 67, 0, 8),
(12867, 48, 1, 0, 7, 1, 67, 0, 8),
(12868, 48, 1, 0, 8, 1, 67, 0, 8),
(12869, 49, 3, 0, 3, 1, 37, 0, 8),
(12870, 49, 3, 0, 6, 1, 37, 0, 8),
(12871, 49, 3, 0, 17, 1, 37, 0, 8),
(12872, 49, 6, 1, 2, 1, 39, 0, 8),
(12873, 49, 6, 1, 1, 1, 39, 0, 8),
(12874, 49, 6, 3, 1, 1, 39, 0, 8),
(12875, 50, 1, 0, 4, 1, 1, 0, 8),
(12876, 50, 1, 0, 6, 1, 1, 0, 8),
(12877, 50, 1, 0, 17, 1, 1, 0, 8),
(12878, 50, 1, 0, 9, 1, 1, 0, 8),
(12879, 50, 6, 1, 1, 1, 52, 0, 8),
(12881, 82, 2, 0, 2, 1, 69, 0, 8),
(12882, 82, 2, 0, 3, 1, 69, 0, 8),
(12883, 82, 2, 0, 4, 1, 69, 0, 8),
(12884, 82, 2, 0, 5, 1, 69, 0, 8),
(12885, 82, 2, 0, 17, 1, 69, 0, 8),
(12886, 82, 2, 0, 8, 1, 69, 0, 8),
(12887, 53, 2, 0, 3, 1, 67, 0, 8),
(12888, 53, 2, 0, 5, 1, 67, 0, 8),
(12889, 53, 2, 0, 7, 1, 67, 0, 8),
(12890, 53, 4, 0, 2, 1, 23, 0, 8),
(12891, 53, 4, 0, 4, 1, 23, 0, 8),
(12892, 53, 4, 0, 17, 1, 23, 0, 8),
(12893, 54, 3, 0, 2, 1, 4, 0, 8),
(12894, 54, 3, 0, 4, 1, 4, 0, 8),
(12895, 54, 3, 0, 5, 1, 4, 0, 8),
(12896, 54, 3, 0, 6, 1, 4, 0, 8),
(12897, 54, 3, 0, 7, 1, 4, 0, 8),
(12898, 54, 3, 0, 17, 1, 4, 0, 8),
(13061, 54, 4, 0, 17, 1, 4, 0, 8),
(13077, 24, 2, 0, 1, 1, 68, 0, 8),
(12901, 55, 2, 0, 2, 1, 2, 0, 8),
(12902, 55, 2, 0, 4, 1, 2, 0, 8),
(12903, 55, 2, 0, 5, 1, 2, 0, 8),
(12904, 55, 2, 0, 8, 1, 2, 0, 8),
(12905, 55, 2, 0, 17, 1, 2, 0, 8),
(12906, 56, 2, 0, 3, 1, 2, 0, 8),
(12907, 56, 2, 0, 6, 1, 2, 0, 8),
(12908, 56, 2, 0, 7, 1, 2, 0, 8),
(13040, 111, 2, 0, 4, 1, 70, 0, 8),
(13039, 111, 2, 0, 3, 1, 70, 0, 8),
(13038, 111, 2, 0, 2, 1, 70, 0, 8),
(13076, 22, 2, 0, 1, 1, 1, 0, 8),
(12913, 111, 5, 3, 1, 1, 51, 0, 8),
(12914, 111, 5, 3, 2, 1, 51, 0, 8),
(12915, 57, 2, 0, 2, 1, 67, 0, 8),
(12916, 57, 2, 0, 4, 1, 67, 0, 8),
(12917, 57, 2, 0, 6, 1, 67, 0, 8),
(12918, 57, 2, 0, 8, 1, 67, 0, 8),
(12919, 57, 2, 0, 17, 1, 67, 0, 8),
(12920, 59, 1, 0, 1, 1, 2, 0, 8),
(12921, 59, 1, 0, 4, 1, 2, 0, 8),
(12922, 59, 1, 0, 5, 1, 2, 0, 8),
(12923, 59, 1, 0, 7, 1, 2, 0, 8),
(12924, 59, 1, 0, 17, 1, 2, 0, 8),
(12925, 62, 4, 0, 1, 1, 49, 0, 8),
(12926, 62, 6, 2, 1, 1, 11, 0, 8),
(12927, 62, 6, 3, 1, 1, 11, 0, 8),
(12928, 64, 1, 0, 2, 1, 22, 0, 8),
(12929, 64, 1, 0, 5, 1, 22, 0, 8),
(12930, 64, 1, 0, 6, 1, 22, 0, 8),
(12931, 64, 1, 0, 17, 1, 22, 0, 8),
(12932, 64, 1, 0, 9, 1, 22, 0, 8),
(12936, 65, 1, 0, 2, 1, 2, 0, 8),
(12937, 65, 1, 0, 6, 1, 2, 0, 8),
(12935, 65, 1, 0, 3, 1, 2, 0, 8),
(12938, 65, 1, 0, 8, 1, 2, 0, 8),
(12939, 65, 1, 0, 9, 1, 2, 0, 8),
(12940, 66, 1, 0, 8, 1, 66, 0, 8),
(12941, 66, 1, 0, 7, 1, 66, 0, 8),
(12942, 66, 3, 0, 1, 1, 8, 0, 8),
(12943, 66, 3, 0, 3, 1, 8, 0, 8),
(12944, 66, 3, 0, 5, 1, 8, 0, 8),
(12945, 66, 3, 0, 17, 1, 8, 0, 8),
(12946, 5, 4, 0, 1, 1, 37, 0, 8),
(12947, 5, 4, 0, 4, 1, 37, 0, 8),
(12948, 5, 4, 0, 7, 1, 37, 0, 8),
(12949, 5, 5, 3, 1, 1, 39, 0, 8),
(12950, 5, 5, 3, 2, 1, 39, 0, 8),
(12951, 76, 3, 0, 2, 1, 34, 0, 8),
(12952, 76, 3, 0, 4, 1, 34, 0, 8),
(12953, 76, 3, 0, 5, 1, 34, 0, 8),
(12954, 76, 3, 0, 7, 1, 34, 0, 8),
(12955, 76, 3, 0, 17, 1, 34, 0, 8),
(12956, 85, 1, 0, 1, 1, 22, 0, 8),
(12957, 85, 1, 0, 3, 1, 22, 0, 8),
(12958, 85, 1, 0, 4, 1, 22, 0, 8),
(12959, 85, 1, 0, 7, 1, 22, 0, 8),
(12960, 110, 1, 0, 1, 1, 70, 0, 8),
(12961, 110, 1, 0, 3, 1, 70, 0, 8),
(12962, 110, 1, 0, 5, 1, 70, 0, 8),
(12963, 110, 1, 0, 7, 1, 70, 0, 8),
(12964, 110, 1, 0, 8, 1, 70, 0, 8),
(12965, 110, 3, 0, 2, 1, 49, 0, 8),
(12966, 110, 3, 0, 4, 1, 49, 0, 8),
(12967, 110, 3, 0, 6, 1, 49, 0, 8),
(12968, 110, 3, 0, 17, 1, 49, 0, 8),
(12969, 95, 1, 0, 1, 1, 69, 0, 8),
(12970, 95, 1, 0, 2, 1, 68, 0, 8),
(12971, 95, 1, 0, 3, 1, 69, 0, 8),
(12972, 95, 1, 0, 4, 1, 68, 0, 8),
(12973, 95, 1, 0, 6, 1, 68, 0, 8),
(12974, 95, 1, 0, 17, 1, 68, 0, 8),
(12975, 95, 1, 0, 9, 1, 68, 0, 8),
(12976, 41, 6, 1, 1, 1, 27, 0, 8),
(12977, 41, 6, 1, 2, 1, 27, 0, 8),
(13025, 41, 6, 2, 1, 1, 27, 0, 8),
(13026, 41, 6, 3, 1, 1, 27, 0, 8),
(13027, 41, 6, 3, 2, 1, 27, 0, 8),
(12981, 28, 2, 0, 2, 1, 1, 0, 8),
(12982, 28, 2, 0, 4, 1, 1, 0, 8),
(12983, 28, 2, 0, 6, 1, 1, 0, 8),
(12984, 28, 2, 0, 7, 1, 1, 0, 8),
(12985, 28, 2, 0, 8, 1, 1, 0, 8),
(12989, 121, 5, 3, 2, 1, 52, 0, 8),
(12990, 116, 4, 0, 1, 1, 25, 0, 8),
(12991, 116, 4, 0, 3, 1, 25, 0, 8),
(12992, 116, 4, 0, 6, 1, 25, 0, 8),
(12993, 125, 1, 0, 7, 1, 3, 0, 8),
(12994, 125, 4, 0, 1, 1, 38, 0, 8),
(12995, 125, 4, 0, 2, 1, 38, 0, 8),
(12996, 125, 4, 0, 4, 1, 38, 0, 8),
(12997, 125, 4, 0, 6, 1, 38, 0, 8),
(12998, 125, 4, 0, 17, 1, 38, 0, 8),
(12999, 127, 1, 0, 1, 1, 70, 0, 8),
(13000, 127, 1, 0, 3, 1, 70, 0, 8),
(13001, 127, 1, 0, 5, 1, 70, 0, 8),
(13002, 127, 1, 0, 7, 1, 70, 0, 8),
(13003, 127, 1, 0, 8, 1, 70, 0, 8),
(13005, 56, 4, 0, 2, 1, 37, 0, 8),
(13006, 56, 4, 0, 5, 1, 37, 0, 8),
(13007, 56, 4, 0, 17, 1, 37, 0, 8),
(13008, 132, 4, 0, 2, 1, 49, 0, 8),
(13009, 132, 4, 0, 3, 1, 49, 0, 8),
(13010, 132, 4, 0, 4, 1, 49, 0, 8),
(13011, 132, 4, 0, 5, 1, 49, 0, 8),
(13012, 132, 4, 0, 6, 1, 49, 0, 8),
(13013, 132, 4, 0, 7, 1, 49, 0, 8),
(13014, 132, 4, 0, 17, 1, 49, 0, 8),
(13015, 132, 5, 3, 1, 1, 70, 0, 8),
(13016, 132, 5, 3, 2, 1, 70, 0, 8),
(13018, 34, 5, 1, 1, 1, 70, 0, 8),
(13022, 11, 5, 2, 1, 1, 27, 0, 8),
(13023, 11, 5, 3, 1, 1, 27, 0, 8),
(13024, 11, 5, 3, 2, 1, 27, 0, 8),
(13028, 127, 3, 0, 7, 1, 49, 0, 8),
(13029, 127, 3, 0, 5, 1, 49, 0, 8),
(13030, 127, 3, 0, 3, 1, 49, 0, 8),
(13031, 127, 3, 0, 1, 1, 49, 0, 8),
(13032, 130, 4, 0, 4, 1, 4, 0, 8),
(13033, 130, 4, 0, 5, 1, 4, 0, 8),
(13034, 130, 4, 0, 6, 1, 4, 0, 8),
(13035, 130, 4, 0, 7, 1, 4, 0, 8),
(13036, 47, 2, 0, 3, 1, 66, 0, 8),
(13042, 36, 6, 1, 1, 1, 46, 0, 8),
(13043, 36, 6, 1, 2, 1, 46, 0, 8),
(13044, 36, 6, 2, 1, 1, 46, 0, 8),
(13045, 36, 6, 3, 1, 1, 46, 0, 8),
(13046, 36, 6, 3, 2, 1, 46, 0, 8),
(13047, 134, 1, 0, 1, 1, 26, 0, 8),
(13048, 134, 1, 0, 3, 1, 26, 0, 8),
(13049, 134, 1, 0, 5, 1, 26, 0, 8),
(13050, 134, 1, 0, 8, 1, 26, 0, 8),
(13051, 134, 1, 0, 7, 1, 26, 0, 8),
(13052, 134, 3, 0, 2, 1, 46, 0, 8),
(13053, 134, 3, 0, 4, 1, 46, 0, 8),
(13054, 134, 3, 0, 6, 1, 46, 0, 8),
(13055, 134, 3, 0, 17, 1, 46, 0, 8),
(13075, 98, 1, 0, 3, 1, 3, 0, 8),
(13325, 18, 10, 0, 10001, 1, 5, 0, 5),
(13324, 24, 10, 0, 10001, 1, 5, 0, 5),
(13323, 18, 10, 0, 10001, 1, 5, 0, 5),
(13322, 24, 10, 0, 10001, 1, 5, 0, 5),
(13321, 24, 10, 0, 10001, 1, 5, 0, 5),
(13320, 24, 10, 0, 10001, 1, 5, 0, 5),
(13319, 18, 10, 0, 10001, 1, 5, 0, 5),
(13318, 24, 10, 0, 10001, 1, 5, 0, 5),
(13317, 18, 10, 0, 10001, 1, 5, 0, 5),
(13316, 25, 10, 0, 10001, 1, 5, 0, 5),
(13315, 24, 10, 0, 10001, 1, 5, 0, 5),
(13314, 24, 10, 0, 10001, 1, 5, 0, 5),
(13313, 18, 10, 0, 10001, 1, 5, 0, 5),
(13312, 24, 10, 0, 10001, 1, 5, 0, 5),
(13311, 18, 10, 0, 10001, 1, 5, 0, 5),
(13310, 24, 10, 0, 10001, 1, 5, 0, 5),
(13309, 24, 10, 0, 10001, 1, 5, 0, 5),
(13308, 24, 10, 0, 10001, 1, 5, 0, 5),
(13307, 18, 10, 0, 10001, 1, 5, 0, 5),
(13306, 24, 10, 0, 10001, 1, 5, 0, 5),
(13305, 18, 10, 0, 10001, 1, 5, 0, 5),
(13304, 25, 10, 0, 10001, 1, 5, 0, 5),
(13303, 24, 10, 0, 10001, 1, 5, 0, 5),
(13302, 44, 10, 0, 10001, 1, 52, 0, 5),
(13301, 50, 10, 0, 10001, 1, 52, 0, 5),
(13300, 22, 10, 0, 10001, 1, 52, 0, 5),
(13299, 22, 10, 0, 10001, 1, 52, 0, 5),
(13298, 22, 10, 0, 10001, 1, 52, 0, 5),
(13297, 22, 10, 0, 10001, 1, 52, 0, 5),
(13296, 50, 10, 0, 10001, 1, 52, 0, 5),
(13295, 44, 10, 0, 10001, 1, 52, 0, 5),
(13294, 44, 10, 0, 10001, 1, 52, 0, 5),
(13293, 22, 10, 0, 10001, 1, 52, 0, 5),
(13292, 22, 10, 0, 10001, 1, 52, 0, 5),
(13291, 44, 10, 0, 10001, 1, 52, 0, 5),
(13290, 44, 10, 0, 10001, 1, 52, 0, 5),
(13289, 22, 10, 0, 10001, 1, 52, 0, 5),
(13288, 16, 10, 0, 10001, 1, 34, 0, 5),
(13287, 76, 10, 0, 10001, 1, 34, 0, 5),
(13286, 76, 10, 0, 10001, 1, 34, 0, 5),
(13285, 76, 10, 0, 10001, 1, 34, 0, 5),
(13284, 76, 10, 0, 10001, 1, 34, 0, 5),
(13283, 76, 10, 0, 10001, 1, 34, 0, 5),
(13282, 16, 10, 0, 10001, 1, 34, 0, 5),
(13281, 90, 10, 0, 10001, 1, 34, 0, 5),
(13280, 16, 10, 0, 10001, 1, 34, 0, 5),
(13279, 14, 10, 0, 10001, 1, 34, 0, 5),
(13278, 14, 10, 0, 10001, 1, 34, 0, 5),
(13277, 16, 10, 0, 10001, 1, 34, 0, 5),
(13276, 14, 10, 0, 10001, 1, 34, 0, 5),
(13275, 16, 10, 0, 10001, 1, 34, 0, 5),
(13274, 14, 10, 0, 10001, 1, 34, 0, 5),
(13273, 33, 10, 0, 10001, 1, 1, 0, 5),
(13272, 90, 10, 0, 10001, 1, 1, 0, 5),
(13271, 81, 10, 0, 10001, 1, 1, 0, 5),
(13270, 81, 10, 0, 10001, 1, 1, 0, 5),
(13269, 90, 10, 0, 10001, 1, 1, 0, 5),
(13268, 90, 10, 0, 10001, 1, 1, 0, 5),
(13267, 50, 10, 0, 10001, 1, 1, 0, 5),
(13266, 81, 10, 0, 10001, 1, 1, 0, 5),
(13265, 81, 10, 0, 10001, 1, 1, 0, 5),
(13264, 50, 10, 0, 10001, 1, 1, 0, 5),
(13263, 50, 10, 0, 10001, 1, 1, 0, 5),
(13262, 50, 10, 0, 10001, 1, 1, 0, 5),
(13261, 81, 10, 0, 10001, 1, 1, 0, 5),
(13260, 33, 10, 0, 10001, 1, 1, 0, 5),
(13259, 28, 10, 0, 10001, 1, 1, 0, 5),
(13258, 33, 10, 0, 10001, 1, 1, 0, 5),
(13257, 28, 10, 0, 10001, 1, 1, 0, 5),
(13256, 33, 10, 0, 10001, 1, 1, 0, 5),
(13255, 28, 10, 0, 10001, 1, 1, 0, 5),
(13254, 28, 10, 0, 10001, 1, 1, 0, 5),
(13253, 33, 10, 0, 10001, 1, 1, 0, 5),
(13252, 28, 10, 0, 10001, 1, 1, 0, 5);

-- --------------------------------------------------------

--
-- Estrutura da tabela `regras_horario`
--

